{"id":837,"date":"2023-11-01T15:58:56","date_gmt":"2023-11-01T18:58:56","guid":{"rendered":"https:\/\/portal.uern.br\/faef\/def\/?page_id=837"},"modified":"2023-11-30T16:28:49","modified_gmt":"2023-11-30T19:28:49","slug":"pibic-ensino-medio","status":"publish","type":"page","link":"https:\/\/portal.uern.br\/faef\/def\/pibic-ensino-medio\/","title":{"rendered":"PIBIC Ensino M\u00e9dio"},"content":{"rendered":"<p>EDITAIS: <a href=\"https:\/\/portal.uern.br\/propeg\/editais-pesquisa\/\">LINK PARA A P\u00c1GINA DA PROPEG<\/a><\/p>\n<p>&nbsp;<\/p>\n<p><strong>T\u00cdTULO DO PROJETO<\/strong><br \/>\n<strong>Fablab 3e\u00b4s \u2013 Inova\u00e7\u00e3o Para O Educa\u00e7\u00e3o, Esporte e Estilo de Vida Saud\u00e1vel<\/strong><\/p>\n<p>EDITAL<br \/>\nPIBIC-EM N\u00ba 004\/2022-PROPEG\/UERN &#8211; EDI\u00c7\u00c3O 2022\/2023<br \/>\nLINK PARA O EDITAL: <a href=\"https:\/\/portal.uern.br\/blog\/resultados-preliminares-dos-programas-pibic-pibiti-e-pibic-em-sao-divulgados\/\">https:\/\/portal.uern.br\/blog\/resultados-preliminares-dos-programas-pibic-pibiti-e-pibic-em-sao-divulgados\/\u00a0<\/a><\/p>\n<p>PROCESSO<br \/>\nPIBIC-EM<\/p>\n<p>COORDENADOR(A)<br \/>\nAdalberto Veronese da Costa<\/p>\n<p>TITULA\u00c7\u00c3O<br \/>\nDoutor<\/p>\n<p>ID DO PROJETO<br \/>\n3830<\/p>\n<p>CLASS. PARA DISTRIBUI\u00c7\u00c3O DAS BOLSAS<br \/>\n3<\/p>\n<p>BOLSAS<br \/>\n6 Bolsas PIBIC-EM CNPQ<\/p>\n","protected":false},"excerpt":{"rendered":"<p>EDITAIS: LINK PARA A P\u00c1GINA DA PROPEG &nbsp; T\u00cdTULO DO PROJETO Fablab 3e\u00b4s \u2013 Inova\u00e7\u00e3o Para O Educa\u00e7\u00e3o, Esporte e Estilo de Vida Saud\u00e1vel EDITAL PIBIC-EM N\u00ba 004\/2022-PROPEG\/UERN &#8211; EDI\u00c7\u00c3O 2022\/2023 LINK PARA O EDITAL: https:\/\/portal.uern.br\/blog\/resultados-preliminares-dos-programas-pibic-pibiti-e-pibic-em-sao-divulgados\/\u00a0 PROCESSO PIBIC-EM COORDENADOR(A) Adalberto Veronese da Costa TITULA\u00c7\u00c3O Doutor ID DO PROJETO 3830 CLASS. PARA DISTRIBUI\u00c7\u00c3O DAS BOLSAS 3 [&hellip;]<\/p>\n","protected":false},"author":3,"featured_media":0,"parent":0,"menu_order":0,"comment_status":"closed","ping_status":"closed","template":"","meta":{"footnotes":""},"class_list":["post-837","page","type-page","status-publish","hentry"],"_links":{"self":[{"href":"https:\/\/portal.uern.br\/faef\/def\/wp-json\/wp\/v2\/pages\/837","targetHints":{"allow":["GET"]}}],"collection":[{"href":"https:\/\/portal.uern.br\/faef\/def\/wp-json\/wp\/v2\/pages"}],"about":[{"href":"https:\/\/portal.uern.br\/faef\/def\/wp-json\/wp\/v2\/types\/page"}],"author":[{"embeddable":true,"href":"https:\/\/portal.uern.br\/faef\/def\/wp-json\/wp\/v2\/users\/3"}],"replies":[{"embeddable":true,"href":"https:\/\/portal.uern.br\/faef\/def\/wp-json\/wp\/v2\/comments?post=837"}],"version-history":[{"count":4,"href":"https:\/\/portal.uern.br\/faef\/def\/wp-json\/wp\/v2\/pages\/837\/revisions"}],"predecessor-version":[{"id":992,"href":"https:\/\/portal.uern.br\/faef\/def\/wp-json\/wp\/v2\/pages\/837\/revisions\/992"}],"wp:attachment":[{"href":"https:\/\/portal.uern.br\/faef\/def\/wp-json\/wp\/v2\/media?parent=837"}],"curies":[{"name":"wp","href":"https:\/\/api.w.org\/{rel}","templated":true}]}}