{"id":816,"date":"2023-11-01T15:50:25","date_gmt":"2023-11-01T18:50:25","guid":{"rendered":"https:\/\/portal.uern.br\/faef\/def\/?page_id=816"},"modified":"2023-12-01T12:39:30","modified_gmt":"2023-12-01T15:39:30","slug":"laboratorios","status":"publish","type":"page","link":"https:\/\/portal.uern.br\/faef\/def\/laboratorios\/","title":{"rendered":"Laborat\u00f3rios"},"content":{"rendered":"<p><img fetchpriority=\"high\" decoding=\"async\" class=\"alignnone  wp-image-1011\" src=\"https:\/\/portal.uern.br\/faef\/def\/wp-content\/uploads\/sites\/4\/2023\/12\/LABMOS-300x135.jpg\" alt=\"\" width=\"478\" height=\"215\" srcset=\"https:\/\/portal.uern.br\/faef\/def\/wp-content\/uploads\/sites\/4\/2023\/12\/LABMOS-300x135.jpg 300w, https:\/\/portal.uern.br\/faef\/def\/wp-content\/uploads\/sites\/4\/2023\/12\/LABMOS-768x346.jpg 768w, https:\/\/portal.uern.br\/faef\/def\/wp-content\/uploads\/sites\/4\/2023\/12\/LABMOS.jpg 808w\" sizes=\"(max-width: 478px) 100vw, 478px\" \/><\/p>\n<p><strong>LABMOS<\/strong><br \/>\nLABORAT\u00d3RIO MOVIMENTO E SA\u00daDE<br \/>\nOBJETIVO: O LabMOS tem por finalidades desenvolver pesquisas relacionadas \u00e0 avalia\u00e7\u00e3o das vari\u00e1veis biol\u00f3gicas, nutricionais, f\u00edsicas e bioqu\u00edmicas norteadoras de programas de atividades f\u00edsicas promotoras de sa\u00fade em grupos variados crian\u00e7as t\u00edpicas e at\u00edpicas (Autismo, S\u00edndrome de Down, S\u00edndrome de S\u00f3tos e outros), hipertensos, obesos, diab\u00e9ticos, HIV, idosos, deficientes, esportistas em diferentes faixas et\u00e1rias; disponibilizar recursos informacionais\/tecnol\u00f3gicos aos usu\u00e1rios, servindo de instrumento na busca exclusiva ou predominantemente destinados \u00e0 produ\u00e7\u00e3o de conhecimento cient\u00edfico\/tecnol\u00f3gico, \u00e0s atividades de extens\u00e3o e de presta\u00e7\u00e3o de servi\u00e7os (assessorias cient\u00edficas especializadas); atender alunos e professores no desenvolvimento dos trabalhos de pesquisa.<br \/>\nRESOLU\u00c7\u00c3O: <a href=\"https:\/\/portal.uern.br\/propeg\/laboratorios-de-pesquisa\/\">LINK PARA O DOCUMENTO<\/a><br \/>\nREDES SOCIAIS: <a href=\"https:\/\/www.instagram.com\/labmos_uern\/\">LINK PARA INSTAGRAM<\/a><\/p>\n<p>&nbsp;<\/p>\n<p><img decoding=\"async\" class=\"alignnone  wp-image-1012\" src=\"https:\/\/portal.uern.br\/faef\/def\/wp-content\/uploads\/sites\/4\/2023\/12\/LADA-300x134.jpg\" alt=\"\" width=\"472\" height=\"211\" srcset=\"https:\/\/portal.uern.br\/faef\/def\/wp-content\/uploads\/sites\/4\/2023\/12\/LADA-300x134.jpg 300w, https:\/\/portal.uern.br\/faef\/def\/wp-content\/uploads\/sites\/4\/2023\/12\/LADA-768x344.jpg 768w, https:\/\/portal.uern.br\/faef\/def\/wp-content\/uploads\/sites\/4\/2023\/12\/LADA.jpg 812w\" sizes=\"(max-width: 472px) 100vw, 472px\" \/><\/p>\n<p><strong>LADA<\/strong><br \/>\nLABORAT\u00d3RIO DE AVALIA\u00c7\u00c3O DO DESEMPENHO AQU\u00c1TICO<br \/>\nOBJETIVO: O LADA tem por objetivo desenvolver atividades de ensino, a pesquisa e a extens\u00e3o voltadas para as atividades aqu\u00e1ticas e a novas tecnologias aplicadas a sa\u00fade e ao esporte.<br \/>\nRESOLU\u00c7\u00c3O: <a href=\"https:\/\/portal.uern.br\/propeg\/laboratorios-de-pesquisa\/\">LINK PARA O DOCUMENTO<\/a><br \/>\nREDES SOCIAIS: <a href=\"https:\/\/www.instagram.com\/ladauern\/\">LINK PARA INSTAGRAM<\/a><\/p>\n<p>&nbsp;<\/p>\n<p><img decoding=\"async\" class=\"alignnone  wp-image-1013\" src=\"https:\/\/portal.uern.br\/faef\/def\/wp-content\/uploads\/sites\/4\/2023\/12\/LAM-300x135.jpg\" alt=\"\" width=\"471\" height=\"212\" srcset=\"https:\/\/portal.uern.br\/faef\/def\/wp-content\/uploads\/sites\/4\/2023\/12\/LAM-300x135.jpg 300w, https:\/\/portal.uern.br\/faef\/def\/wp-content\/uploads\/sites\/4\/2023\/12\/LAM-768x345.jpg 768w, https:\/\/portal.uern.br\/faef\/def\/wp-content\/uploads\/sites\/4\/2023\/12\/LAM.jpg 811w\" sizes=\"(max-width: 471px) 100vw, 471px\" \/><\/p>\n<p><strong>LAM<\/strong><br \/>\nLABORAT\u00d3RIO DE ALFABETIZA\u00c7\u00c3O MOTORA<br \/>\nOBJETIVO: Promove o desenvolvimento motor atrav\u00e9s das habilidades fundamentais (locomotora, manipulativa e estabilizadora) al\u00e9m dos dom\u00ednios cognitivo, afetivo e social de crian\u00e7as t\u00edpicas e at\u00edpicas, entre 3 e 10 anos de idade, durante os per\u00edodos da manh\u00e3 e tarde. Realizando um trabalho acima de tudo inclusivo, contando com diversos estudantes do curso de Educa\u00e7\u00e3o F\u00edsica e professores. Tamb\u00e9m conta com equipe multiprofissional com volunt\u00e1rios de v\u00e1rios cursos, como os de Publicidade e Propaganda, Pedagogia, Letras e Fisioterapia.<br \/>\nRESOLU\u00c7\u00c3O: LINK PARA O DOCUMENTO<br \/>\nREDES SOCIAIS: <a href=\"https:\/\/www.instagram.com\/lam_uern\/\">LINK PARA INSTAGRAM<\/a><\/p>\n","protected":false},"excerpt":{"rendered":"<p>LABMOS LABORAT\u00d3RIO MOVIMENTO E SA\u00daDE OBJETIVO: O LabMOS tem por finalidades desenvolver pesquisas relacionadas \u00e0 avalia\u00e7\u00e3o das vari\u00e1veis biol\u00f3gicas, nutricionais, f\u00edsicas e bioqu\u00edmicas norteadoras de programas de atividades f\u00edsicas promotoras de sa\u00fade em grupos variados crian\u00e7as t\u00edpicas e at\u00edpicas (Autismo, S\u00edndrome de Down, S\u00edndrome de S\u00f3tos e outros), hipertensos, obesos, diab\u00e9ticos, HIV, idosos, deficientes, esportistas [&hellip;]<\/p>\n","protected":false},"author":3,"featured_media":0,"parent":0,"menu_order":0,"comment_status":"closed","ping_status":"closed","template":"","meta":{"footnotes":""},"class_list":["post-816","page","type-page","status-publish","hentry"],"_links":{"self":[{"href":"https:\/\/portal.uern.br\/faef\/def\/wp-json\/wp\/v2\/pages\/816","targetHints":{"allow":["GET"]}}],"collection":[{"href":"https:\/\/portal.uern.br\/faef\/def\/wp-json\/wp\/v2\/pages"}],"about":[{"href":"https:\/\/portal.uern.br\/faef\/def\/wp-json\/wp\/v2\/types\/page"}],"author":[{"embeddable":true,"href":"https:\/\/portal.uern.br\/faef\/def\/wp-json\/wp\/v2\/users\/3"}],"replies":[{"embeddable":true,"href":"https:\/\/portal.uern.br\/faef\/def\/wp-json\/wp\/v2\/comments?post=816"}],"version-history":[{"count":5,"href":"https:\/\/portal.uern.br\/faef\/def\/wp-json\/wp\/v2\/pages\/816\/revisions"}],"predecessor-version":[{"id":1014,"href":"https:\/\/portal.uern.br\/faef\/def\/wp-json\/wp\/v2\/pages\/816\/revisions\/1014"}],"wp:attachment":[{"href":"https:\/\/portal.uern.br\/faef\/def\/wp-json\/wp\/v2\/media?parent=816"}],"curies":[{"name":"wp","href":"https:\/\/api.w.org\/{rel}","templated":true}]}}