{"id":307,"date":"2022-09-20T14:20:40","date_gmt":"2022-09-20T17:20:40","guid":{"rendered":"https:\/\/paisdemossoro.com.br\/wordpress\/fad\/?page_id=307"},"modified":"2023-07-26T09:32:51","modified_gmt":"2023-07-26T12:32:51","slug":"documentos","status":"publish","type":"page","link":"https:\/\/portal.uern.br\/fad\/documentos\/","title":{"rendered":"Documentos"},"content":{"rendered":"<ul>\n<li><span style=\"font-family: georgia, palatino, serif\"><a href=\"https:\/\/portal.uern.br\/fad\/wp-content\/uploads\/2022\/09\/6738uern_regimento_geral_2022.pdf\"><span style=\"font-family: georgia, palatino, serif\">Regimento Geral UERN<\/span><\/a><\/span><\/li>\n<li><span style=\"font-family: georgia, palatino, serif\"><a href=\"https:\/\/portal.uern.br\/fad\/wp-content\/uploads\/2023\/07\/Projeto-16741540-PPC-CURSO-DE-DIREITO-VERSAO-FINAL-COM-ANEXOS-1.pdf\">Projeto Pedag\u00f3gico Curso de Gradua\u00e7\u00e3o em Direito &#8211; PPC &#8211; 2022<\/a><\/span><\/li>\n<li><span style=\"font-family: georgia, palatino, serif\"><a href=\"https:\/\/portal.uern.br\/fad\/wp-content\/uploads\/2023\/07\/ppc-revisado-30.11.2012.pdf\">Projeto Pedag\u00f3gico Curso de Gradua\u00e7\u00e3o em Direito &#8211; PPC -30.11.2012<\/a><\/span><\/li>\n<li><span style=\"font-family: georgia, palatino, serif\"><a href=\"https:\/\/portal.uern.br\/fad\/wp-content\/uploads\/2023\/07\/projeto-pedagogico-de-direito-2019.pdf\">Projeto Pedag\u00f3gico Curso de Gradua\u00e7\u00e3o em direito -PPC-\u00a0 2019<\/a><\/span><\/li>\n<li><span style=\"font-family: georgia, palatino, serif\"><a href=\"https:\/\/portal.uern.br\/fad\/wp-content\/uploads\/2022\/09\/27013129resoluaa\u00a7aao_026_2017.consepe_novo_rcg-1.pdf\">Resolu\u00e7\u00e3o Consepe N\u00ba 26\/2017 &#8211; Regulamento dos Cursos de Gradua\u00e7\u00e3o<\/a><\/span><\/li>\n<li><span style=\"font-family: georgia, palatino, serif\"><a href=\"http:\/\/beta.apps.uern.br\/wordpress\/fad\/wp-content\/uploads\/2022\/09\/2701portaria_novos_membros_do_consad._discentes_e_ta\u00a9cnicos.pdf\">Representa\u00e7\u00e3o de discentes e de t\u00e9cnicos administrativos no CONSAD <\/a><\/span><\/li>\n<li><span style=\"font-family: georgia, palatino, serif\"><a href=\"http:\/\/beta.apps.uern.br\/wordpress\/fad\/wp-content\/uploads\/2022\/09\/2701orientaa\u2021a\u2022es_sobre_o_planejamento_das_atividades_complementares.pdf\">Planejamento das Atividades Complementares<\/a><\/span><\/li>\n<li><span style=\"font-family: georgia, palatino, serif\"><a href=\"https:\/\/portal.uern.br\/fad\/wp-content\/uploads\/2023\/07\/Resolucao-No70-75-Cria-curso-de-Ciencias-Juridicas-e-Sociais.pdf\">Resolu\u00e7\u00e3o N\u00ba70 75 Cria curso de Ci\u00eancias Jur\u00eddicas e Sociais<\/a><\/span><\/li>\n<\/ul>\n<p>&nbsp;<\/p>\n<p>&nbsp;<\/p>\n","protected":false},"excerpt":{"rendered":"<p>Regimento Geral UERN Projeto Pedag\u00f3gico Curso de Gradua\u00e7\u00e3o em Direito &#8211; PPC &#8211; 2022 Projeto Pedag\u00f3gico Curso de Gradua\u00e7\u00e3o em Direito &#8211; PPC -30.11.2012 Projeto Pedag\u00f3gico Curso de Gradua\u00e7\u00e3o em direito -PPC-\u00a0 2019 Resolu\u00e7\u00e3o Consepe N\u00ba 26\/2017 &#8211; Regulamento dos Cursos de Gradua\u00e7\u00e3o Representa\u00e7\u00e3o de discentes e de t\u00e9cnicos administrativos no CONSAD Planejamento das Atividades [&hellip;]<\/p>\n","protected":false},"author":1,"featured_media":0,"parent":0,"menu_order":0,"comment_status":"closed","ping_status":"closed","template":"","meta":{"footnotes":""},"class_list":["post-307","page","type-page","status-publish","hentry"],"_links":{"self":[{"href":"https:\/\/portal.uern.br\/fad\/wp-json\/wp\/v2\/pages\/307","targetHints":{"allow":["GET"]}}],"collection":[{"href":"https:\/\/portal.uern.br\/fad\/wp-json\/wp\/v2\/pages"}],"about":[{"href":"https:\/\/portal.uern.br\/fad\/wp-json\/wp\/v2\/types\/page"}],"author":[{"embeddable":true,"href":"https:\/\/portal.uern.br\/fad\/wp-json\/wp\/v2\/users\/1"}],"replies":[{"embeddable":true,"href":"https:\/\/portal.uern.br\/fad\/wp-json\/wp\/v2\/comments?post=307"}],"version-history":[{"count":27,"href":"https:\/\/portal.uern.br\/fad\/wp-json\/wp\/v2\/pages\/307\/revisions"}],"predecessor-version":[{"id":1347,"href":"https:\/\/portal.uern.br\/fad\/wp-json\/wp\/v2\/pages\/307\/revisions\/1347"}],"wp:attachment":[{"href":"https:\/\/portal.uern.br\/fad\/wp-json\/wp\/v2\/media?parent=307"}],"curies":[{"name":"wp","href":"https:\/\/api.w.org\/{rel}","templated":true}]}}