{"id":945,"date":"2024-06-19T21:44:07","date_gmt":"2024-06-20T00:44:07","guid":{"rendered":"https:\/\/portal.uern.br\/facs\/?page_id=945"},"modified":"2024-06-19T21:44:42","modified_gmt":"2024-06-20T00:44:42","slug":"pos-graduacao-stricto-sensu","status":"publish","type":"page","link":"https:\/\/portal.uern.br\/facs\/pos-graduacao-stricto-sensu\/","title":{"rendered":"Programas de P\u00f3s-Gradua\u00e7\u00e3o Stricto Sensu"},"content":{"rendered":"","protected":false},"excerpt":{"rendered":"","protected":false},"author":4,"featured_media":0,"parent":0,"menu_order":0,"comment_status":"closed","ping_status":"closed","template":"","meta":{"footnotes":""},"class_list":["post-945","page","type-page","status-publish","hentry"],"_links":{"self":[{"href":"https:\/\/portal.uern.br\/facs\/wp-json\/wp\/v2\/pages\/945","targetHints":{"allow":["GET"]}}],"collection":[{"href":"https:\/\/portal.uern.br\/facs\/wp-json\/wp\/v2\/pages"}],"about":[{"href":"https:\/\/portal.uern.br\/facs\/wp-json\/wp\/v2\/types\/page"}],"author":[{"embeddable":true,"href":"https:\/\/portal.uern.br\/facs\/wp-json\/wp\/v2\/users\/4"}],"replies":[{"embeddable":true,"href":"https:\/\/portal.uern.br\/facs\/wp-json\/wp\/v2\/comments?post=945"}],"version-history":[{"count":1,"href":"https:\/\/portal.uern.br\/facs\/wp-json\/wp\/v2\/pages\/945\/revisions"}],"predecessor-version":[{"id":946,"href":"https:\/\/portal.uern.br\/facs\/wp-json\/wp\/v2\/pages\/945\/revisions\/946"}],"wp:attachment":[{"href":"https:\/\/portal.uern.br\/facs\/wp-json\/wp\/v2\/media?parent=945"}],"curies":[{"name":"wp","href":"https:\/\/api.w.org\/{rel}","templated":true}]}}