{"id":216,"date":"2022-09-20T16:22:38","date_gmt":"2022-09-20T19:22:38","guid":{"rendered":"https:\/\/paisdemossoro.com.br\/wordpress\/facs\/?page_id=216"},"modified":"2024-09-12T21:58:55","modified_gmt":"2024-09-13T00:58:55","slug":"gestao","status":"publish","type":"page","link":"https:\/\/portal.uern.br\/facs\/gestao\/","title":{"rendered":"Gest\u00e3o"},"content":{"rendered":"<p><span style=\"font-size: 14pt\"><strong>Dire\u00e7\u00e3o da FACS<\/strong><\/span><\/p>\n<p>Diretora: Profa. Dra. Allyssandra Maria Lima Rodrigues Maia<\/p>\n<p>Vice-Diretor: Prof. Dr. \u00c1lvaro Marcos Pereira Lima<\/p>\n<p>Secret\u00e1ria: Valqu\u00edria Maria Santos da Silva<\/p>\n<p>e-mail: facs@uern.br<\/p>\n<p>redes sociais: <a href=\"https:\/\/www.instagram.com\/facsuern\/?igsh=a2tmNWJoaGp3cWVw\">@facsuern<\/a><\/p>\n<p>&nbsp;<\/p>\n<p>_____________________________________________________________________________<\/p>\n<p>&nbsp;<\/p>\n<p><strong><span style=\"font-size: 14pt\">Chefia do Departamento de Ci\u00eancias Biom\u00e9dicas<\/span><\/strong><\/p>\n<p>Chefe do Departamento: Prof. Esp. Fabiano Rodrigues Maximino<\/p>\n<p>Secret\u00e1rio: Hildebrando Judson Brito de Sousa<\/p>\n<p>e-mail: dcb@uern.br<\/p>\n","protected":false},"excerpt":{"rendered":"<p>Dire\u00e7\u00e3o da FACS Diretora: Profa. Dra. Allyssandra Maria Lima Rodrigues Maia Vice-Diretor: Prof. Dr. \u00c1lvaro Marcos Pereira Lima Secret\u00e1ria: Valqu\u00edria Maria Santos da Silva e-mail: facs@uern.br redes sociais: @facsuern &nbsp; _____________________________________________________________________________ &nbsp; Chefia do Departamento de Ci\u00eancias Biom\u00e9dicas Chefe do Departamento: Prof. Esp. Fabiano Rodrigues Maximino Secret\u00e1rio: Hildebrando Judson Brito de Sousa e-mail: dcb@uern.br<\/p>\n","protected":false},"author":1,"featured_media":0,"parent":0,"menu_order":0,"comment_status":"closed","ping_status":"closed","template":"","meta":{"footnotes":""},"class_list":["post-216","page","type-page","status-publish","hentry"],"_links":{"self":[{"href":"https:\/\/portal.uern.br\/facs\/wp-json\/wp\/v2\/pages\/216","targetHints":{"allow":["GET"]}}],"collection":[{"href":"https:\/\/portal.uern.br\/facs\/wp-json\/wp\/v2\/pages"}],"about":[{"href":"https:\/\/portal.uern.br\/facs\/wp-json\/wp\/v2\/types\/page"}],"author":[{"embeddable":true,"href":"https:\/\/portal.uern.br\/facs\/wp-json\/wp\/v2\/users\/1"}],"replies":[{"embeddable":true,"href":"https:\/\/portal.uern.br\/facs\/wp-json\/wp\/v2\/comments?post=216"}],"version-history":[{"count":9,"href":"https:\/\/portal.uern.br\/facs\/wp-json\/wp\/v2\/pages\/216\/revisions"}],"predecessor-version":[{"id":1112,"href":"https:\/\/portal.uern.br\/facs\/wp-json\/wp\/v2\/pages\/216\/revisions\/1112"}],"wp:attachment":[{"href":"https:\/\/portal.uern.br\/facs\/wp-json\/wp\/v2\/media?parent=216"}],"curies":[{"name":"wp","href":"https:\/\/api.w.org\/{rel}","templated":true}]}}