{"id":214,"date":"2022-09-20T16:22:25","date_gmt":"2022-09-20T19:22:25","guid":{"rendered":"https:\/\/paisdemossoro.com.br\/wordpress\/facs\/?page_id=214"},"modified":"2024-05-10T12:02:58","modified_gmt":"2024-05-10T15:02:58","slug":"apresentacao","status":"publish","type":"page","link":"https:\/\/portal.uern.br\/facs\/apresentacao\/","title":{"rendered":"Apresenta\u00e7\u00e3o"},"content":{"rendered":"<p>Tendo iniciado suas atividades em 2004,\u00a0 a Faculdade de Ci\u00eancias da Sa\u00fade oferece a gradua\u00e7\u00e3o em Medicina.\u00a0 O<span class=\"fontstyle0\">\u00a0Curso de Medicina da UERN visa a aplica\u00e7\u00e3o dos conhecimentos das ci\u00eancias da sa\u00fade de forma contextualizada, com \u00eanfase na sa\u00fade, m\u00e9todo cient\u00edfico, apoiado, sobretudo, na pr\u00e1tica m\u00e9dica cl\u00ednica e no uso apropriado da tecnologia na solu\u00e7\u00e3o dos problemas do processo sa\u00fade-doen\u00e7a, de forma hierarquizada, com ampla vis\u00e3o do ser humano, tendo como refer\u00eancia a assist\u00eancia junto ao Sistema \u00danico de Sa\u00fade (SUS). <\/span><\/p>\n<p><span class=\"fontstyle0\">Deve propiciar e ter como meta que o m\u00e9dico egresso deve exercer as suas atividades com todo o rigor da \u00e9tica m\u00e9dica, a fim de desenvolver o sentimento de respeito e de disponibilidade para sua profiss\u00e3o. Objetiva a forma\u00e7\u00e3o do m\u00e9dico generalista, com conhecimentos, habilidades e atitudes necess\u00e1rias para promover a sa\u00fade, prevenir e tratar a doen\u00e7a e reabilitar a incapacidade. O egresso deve se apoiar nos pilares para a educa\u00e7\u00e3o do S\u00e9culo XXI: aprender a conviver, aprender a conhecer, aprender a fazer e aprender a ser.<\/span><\/p>\n<p><span class=\"fontstyle0\">Assim, manter-se-\u00e1 o objetivo de formar m\u00e9dicos com capacidade para compreender os indiv\u00edduos e as comunidades urbanas e rurais no campo da medicina e da vida e intervir em suas necessidades de sa\u00fade, visando a redu\u00e7\u00e3o dos danos e amplia\u00e7\u00e3o da autonomia social. Dever\u00e1 organizar e promover estudos e pesquisas voltados para tem\u00e1ticas que ensejem uma articula\u00e7\u00e3o interdisciplinar e multidisciplinar; refletir sobre a sociedade na qual ir\u00e1 atuar; buscar a sua forma\u00e7\u00e3o continuada; manter v\u00ednculos de comunica\u00e7\u00e3o ainda que virtual com o aparelho formador, de modo a manter a pr\u00e1tica avaliativa e de seguimento de egressos como procedimento cont\u00ednuo de revis\u00e3o de metas e corre\u00e7\u00e3o de desvios para subsidiar revis\u00e3o peri\u00f3dica do PPC.<\/span><\/p>\n","protected":false},"excerpt":{"rendered":"<p>Tendo iniciado suas atividades em 2004,\u00a0 a Faculdade de Ci\u00eancias da Sa\u00fade oferece a gradua\u00e7\u00e3o em Medicina.\u00a0 O\u00a0Curso de Medicina da UERN visa a aplica\u00e7\u00e3o dos conhecimentos das ci\u00eancias da sa\u00fade de forma contextualizada, com \u00eanfase na sa\u00fade, m\u00e9todo cient\u00edfico, apoiado, sobretudo, na pr\u00e1tica m\u00e9dica cl\u00ednica e no uso apropriado da tecnologia na solu\u00e7\u00e3o dos [&hellip;]<\/p>\n","protected":false},"author":1,"featured_media":0,"parent":0,"menu_order":0,"comment_status":"closed","ping_status":"closed","template":"","meta":{"footnotes":""},"class_list":["post-214","page","type-page","status-publish","hentry"],"_links":{"self":[{"href":"https:\/\/portal.uern.br\/facs\/wp-json\/wp\/v2\/pages\/214","targetHints":{"allow":["GET"]}}],"collection":[{"href":"https:\/\/portal.uern.br\/facs\/wp-json\/wp\/v2\/pages"}],"about":[{"href":"https:\/\/portal.uern.br\/facs\/wp-json\/wp\/v2\/types\/page"}],"author":[{"embeddable":true,"href":"https:\/\/portal.uern.br\/facs\/wp-json\/wp\/v2\/users\/1"}],"replies":[{"embeddable":true,"href":"https:\/\/portal.uern.br\/facs\/wp-json\/wp\/v2\/comments?post=214"}],"version-history":[{"count":3,"href":"https:\/\/portal.uern.br\/facs\/wp-json\/wp\/v2\/pages\/214\/revisions"}],"predecessor-version":[{"id":919,"href":"https:\/\/portal.uern.br\/facs\/wp-json\/wp\/v2\/pages\/214\/revisions\/919"}],"wp:attachment":[{"href":"https:\/\/portal.uern.br\/facs\/wp-json\/wp\/v2\/media?parent=214"}],"curies":[{"name":"wp","href":"https:\/\/api.w.org\/{rel}","templated":true}]}}