{"id":291,"date":"2022-09-14T09:20:07","date_gmt":"2022-09-14T12:20:07","guid":{"rendered":"https:\/\/paisdemossoro.com.br\/wordpress\/facem\/?page_id=291"},"modified":"2024-08-28T10:21:46","modified_gmt":"2024-08-28T13:21:46","slug":"publicacoes","status":"publish","type":"page","link":"https:\/\/portal.uern.br\/facem\/publicacoes\/","title":{"rendered":"Publica\u00e7\u00f5es"},"content":{"rendered":"<p><strong><span style=\"font-size: 14pt\"><em>Publica\u00e7\u00f5es:<\/em><\/span><\/strong><\/p>\n<ul>\n<li><a href=\"https:\/\/portal.uern.br\/wp-content\/uploads\/2024\/06\/Submissao-de-Trabalhos-X-Congest-2024.pdf\">Informa\u00e7\u00f5es sobre Submiss\u00e3o e Avalia\u00e7\u00e3o dos Trabalhos \/<\/a><br \/>\nCient\u00edficos no X Congresso de Economia &amp; Gest\u00e3o \u2013 CONgest \u2013 2024;<\/li>\n<\/ul>\n<p>&nbsp;<\/p>\n<p>&nbsp;<\/p>\n<p>&nbsp;<\/p>\n<p>&nbsp;<\/p>\n<p>&nbsp;<\/p>\n<p>&nbsp;<\/p>\n","protected":false},"excerpt":{"rendered":"<p>Publica\u00e7\u00f5es: Informa\u00e7\u00f5es sobre Submiss\u00e3o e Avalia\u00e7\u00e3o dos Trabalhos \/ Cient\u00edficos no X Congresso de Economia &amp; Gest\u00e3o \u2013 CONgest \u2013 2024; &nbsp; &nbsp; &nbsp; &nbsp; &nbsp; &nbsp;<\/p>\n","protected":false},"author":1,"featured_media":0,"parent":0,"menu_order":0,"comment_status":"closed","ping_status":"closed","template":"","meta":{"footnotes":""},"class_list":["post-291","page","type-page","status-publish","hentry"],"_links":{"self":[{"href":"https:\/\/portal.uern.br\/facem\/wp-json\/wp\/v2\/pages\/291","targetHints":{"allow":["GET"]}}],"collection":[{"href":"https:\/\/portal.uern.br\/facem\/wp-json\/wp\/v2\/pages"}],"about":[{"href":"https:\/\/portal.uern.br\/facem\/wp-json\/wp\/v2\/types\/page"}],"author":[{"embeddable":true,"href":"https:\/\/portal.uern.br\/facem\/wp-json\/wp\/v2\/users\/1"}],"replies":[{"embeddable":true,"href":"https:\/\/portal.uern.br\/facem\/wp-json\/wp\/v2\/comments?post=291"}],"version-history":[{"count":4,"href":"https:\/\/portal.uern.br\/facem\/wp-json\/wp\/v2\/pages\/291\/revisions"}],"predecessor-version":[{"id":1236,"href":"https:\/\/portal.uern.br\/facem\/wp-json\/wp\/v2\/pages\/291\/revisions\/1236"}],"wp:attachment":[{"href":"https:\/\/portal.uern.br\/facem\/wp-json\/wp\/v2\/media?parent=291"}],"curies":[{"name":"wp","href":"https:\/\/api.w.org\/{rel}","templated":true}]}}