{"id":277,"date":"2022-09-14T09:07:17","date_gmt":"2022-09-14T12:07:17","guid":{"rendered":"https:\/\/paisdemossoro.com.br\/wordpress\/facem\/?page_id=277"},"modified":"2025-06-02T20:26:42","modified_gmt":"2025-06-02T23:26:42","slug":"formularios","status":"publish","type":"page","link":"https:\/\/portal.uern.br\/facem\/formularios\/","title":{"rendered":"Formul\u00e1rios"},"content":{"rendered":"<p><strong>Formul\u00e1rios<\/strong><\/p>\n<p>A seguir est\u00e3o disponibilizados diversos requerimentos necess\u00e1rios a procedimentos administrativos da vida estudantil, os quais poder\u00e3o ser solicitados pelos discentes dos cursos de gradua\u00e7\u00e3o da UERN.<\/p>\n<p>&nbsp;<\/p>\n<h5>Requerimentos:<\/h5>\n<ul>\n<li>2\u00aa Chamada; (<a href=\"https:\/\/portal.uern.br\/facem\/wp-content\/uploads\/2025\/06\/Requerimento-2a-chamada-1.pdf\">Requerimento 2\u00aa chamada (1)<\/a>)<\/li>\n<li>Aproveitamento de Estudos Realizados na UERN &#8211; Com aprecia\u00e7\u00e3o; (<a href=\"https:\/\/portal.uern.br\/facem\/wp-content\/uploads\/2025\/06\/Requerimento_Aproveitamento_Estudo_UERN_Apreciacao.pdf\">Requerimento_Aproveitamento_Estudo_UERN_Aprecia\u00e7\u00e3o<\/a>)<\/li>\n<li>Aproveitamento de Estudos Realizados na UERN &#8211; Autom\u00e1tico; (<a href=\"https:\/\/portal.uern.br\/facem\/wp-content\/uploads\/2025\/06\/Requerimento_Aproveitamento_Estudos_UERN_Automatico.pdf\">Requerimento_Aproveitamento_Estudos_UERN_Automatico<\/a>)<\/li>\n<li>Aproveitamento de Estudos Realizados em Outra IES;\u00a0(<a href=\"https:\/\/portal.uern.br\/facem\/wp-content\/uploads\/2025\/06\/Requerimento_Aproveitamento_Estudos_Outras-IES.pdf\">Requerimento_Aproveitamento_Estudos_Outras -IES<\/a>)<\/li>\n<li>Abrevia\u00e7\u00e3o de Estudos; (<a href=\"https:\/\/portal.uern.br\/facem\/wp-content\/uploads\/2025\/06\/Antecipacao-de-Estudos-Requerimento-separado.pdf\">Antecipa\u00e7\u00e3o de Estudos &#8211; Requerimento separado<\/a>)<\/li>\n<li>Regime de Regime de Exerc\u00edcio Domiciliar; (<a href=\"https:\/\/portal.uern.br\/facem\/wp-content\/uploads\/2025\/06\/Requerimento_Regime-do-exercicio-domiciliar-1.pdf\">Requerimento_Regime do exerc\u00edcio domiciliar (1)<\/a>)<\/li>\n<\/ul>\n<p>&nbsp;<\/p>\n<p>&nbsp;<\/p>\n","protected":false},"excerpt":{"rendered":"<p>Formul\u00e1rios A seguir est\u00e3o disponibilizados diversos requerimentos necess\u00e1rios a procedimentos administrativos da vida estudantil, os quais poder\u00e3o ser solicitados pelos discentes dos cursos de gradua\u00e7\u00e3o da UERN. &nbsp; Requerimentos: 2\u00aa Chamada; (Requerimento 2\u00aa chamada (1)) Aproveitamento de Estudos Realizados na UERN &#8211; Com aprecia\u00e7\u00e3o; (Requerimento_Aproveitamento_Estudo_UERN_Aprecia\u00e7\u00e3o) Aproveitamento de Estudos Realizados na UERN &#8211; Autom\u00e1tico; (Requerimento_Aproveitamento_Estudos_UERN_Automatico) Aproveitamento [&hellip;]<\/p>\n","protected":false},"author":1,"featured_media":0,"parent":0,"menu_order":0,"comment_status":"closed","ping_status":"closed","template":"","meta":{"footnotes":""},"class_list":["post-277","page","type-page","status-publish","hentry"],"_links":{"self":[{"href":"https:\/\/portal.uern.br\/facem\/wp-json\/wp\/v2\/pages\/277","targetHints":{"allow":["GET"]}}],"collection":[{"href":"https:\/\/portal.uern.br\/facem\/wp-json\/wp\/v2\/pages"}],"about":[{"href":"https:\/\/portal.uern.br\/facem\/wp-json\/wp\/v2\/types\/page"}],"author":[{"embeddable":true,"href":"https:\/\/portal.uern.br\/facem\/wp-json\/wp\/v2\/users\/1"}],"replies":[{"embeddable":true,"href":"https:\/\/portal.uern.br\/facem\/wp-json\/wp\/v2\/comments?post=277"}],"version-history":[{"count":25,"href":"https:\/\/portal.uern.br\/facem\/wp-json\/wp\/v2\/pages\/277\/revisions"}],"predecessor-version":[{"id":1315,"href":"https:\/\/portal.uern.br\/facem\/wp-json\/wp\/v2\/pages\/277\/revisions\/1315"}],"wp:attachment":[{"href":"https:\/\/portal.uern.br\/facem\/wp-json\/wp\/v2\/media?parent=277"}],"curies":[{"name":"wp","href":"https:\/\/api.w.org\/{rel}","templated":true}]}}