{"id":1287,"date":"2025-05-27T21:18:02","date_gmt":"2025-05-28T00:18:02","guid":{"rendered":"https:\/\/portal.uern.br\/facem\/?page_id=1287"},"modified":"2025-06-26T10:09:50","modified_gmt":"2025-06-26T13:09:50","slug":"home-2","status":"publish","type":"page","link":"https:\/\/portal.uern.br\/facem\/home-2\/","title":{"rendered":"Home"},"content":{"rendered":"<p><img fetchpriority=\"high\" decoding=\"async\" class=\"alignnone wp-image-920\" src=\"https:\/\/portal.uern.br\/facem\/wp-content\/uploads\/2023\/06\/facem__-300x86.jpg\" alt=\"\" width=\"941\" height=\"270\" srcset=\"https:\/\/portal.uern.br\/facem\/wp-content\/uploads\/2023\/06\/facem__-300x86.jpg 300w, https:\/\/portal.uern.br\/facem\/wp-content\/uploads\/2023\/06\/facem__-1024x293.jpg 1024w, https:\/\/portal.uern.br\/facem\/wp-content\/uploads\/2023\/06\/facem__-768x220.jpg 768w, https:\/\/portal.uern.br\/facem\/wp-content\/uploads\/2023\/06\/facem__-1536x440.jpg 1536w, https:\/\/portal.uern.br\/facem\/wp-content\/uploads\/2023\/06\/facem__.jpg 1920w\" sizes=\"(max-width: 941px) 100vw, 941px\" \/><\/p>\n<p><span style=\"font-size: 14pt\"><strong>Faculdade de Ci\u00eancias Econ\u00f4micas &#8211; FACEM<\/strong><\/span><\/p>\n<p>A Faculdade de Ci\u00eancias Econ\u00f4micas de Mossor\u00f3 \u00e9 a mais antiga faculdade da Universidade do Estado do Rio Grande do Norte (UERN), e sua cria\u00e7\u00e3o e trajet\u00f3ria se confunde com a hist\u00f3ria da pr\u00f3pria Universidade.\u00a0A origem e hist\u00f3ria da FACEM\u00a0\u00e9 anterior \u00e0 pr\u00f3pria UERN, tendo sido institu\u00edda por meio da Resolu\u00e7\u00e3o n.\u00ba 01\/43 de 18 de agosto de 1943, por iniciativa da Sociedade Uni\u00e3o Caixeiral, esta a mantenedora da Escola T\u00e9cnica de Com\u00e9rcio Uni\u00e3o Caixeiral.<\/p>\n<p>A FACEM \u00e9 atualmente uma das maiores e mais complexas faculdades da UERN, tendo sua estrutura constitu\u00edda por cinco Departamentos Acad\u00eamicos onde funcionam seis cursos: Administra\u00e7\u00e3o (noturno), Ci\u00eancias Cont\u00e1beis (matutino e noturno), Ci\u00eancias Econ\u00f4micas (matutino e noturno), Gest\u00e3o Ambiental (matutino), Curso de Gradua\u00e7\u00e3o Tecnol\u00f3gica em Agroecologia (vinculado ao Departamento de Gest\u00e3o Ambiental) e Turismo (matutino).<\/p>\n<p>A Facem fica localizada no campus central da UERN em Mossor\u00f3, ap\u00f3s a Faculdade de Direito (FAD) e ao lado da Faculdade de Filosofia e Ci\u00eancias Sociais (Fafic).<\/p>\n<p>&nbsp;<\/p>\n<p><strong>Servidores \/ Atendimento:<\/strong><\/p>\n<p>Adriano de Souza Carlos (Secret\u00e1rio) &#8211; 07h \u00e0s 13h.<\/p>\n<p>Marcos Aurelio Felinto de Lucena (T\u00e9cnico administrativo) &#8211; 16h \u00e0s 22h.<\/p>\n<p>&nbsp;<\/p>\n<p><strong>Dire\u00e7\u00e3o da Facem:<\/strong><\/p>\n<p>Diretor: Prof. Dr. Leovigildo Cavalcanti de Albuquerque Neto (leovigildoneto@uern.br)<\/p>\n<p>Vice-Diretor: Prof. Dr. S\u00e9rgio Luis Pedrosa Silva (sergiopedrosa@uern.br)<\/p>\n<p>&nbsp;<\/p>\n<p><strong>Contatos<\/strong><strong>:<\/strong><\/p>\n<p>E-mail institucional: facem@uern.br \/ Fone: (84) 3315-2198<\/p>\n<p>&nbsp;<\/p>\n<p><strong>Hor\u00e1rios de funcionamento da secretaria de dire\u00e7\u00e3o:<\/strong><\/p>\n<p>07h \u00e0s 13h \/ 16h \u00e0s 22h de segunda a sexta-feira.<\/p>\n<p>&nbsp;<\/p>\n<p><strong>Endere\u00e7o:<\/strong><\/p>\n<p>Campus central da Uern &#8211; Av. Prof. Ant\u00f4nio Campos S\/N, Mossor\u00f3, RN, 59625-620<\/p>\n<p><strong>Localiza\u00e7\u00e3o no Google Maps:<\/strong><\/p>\n<p><a href=\"https:\/\/maps.app.goo.gl\/Q5HzGEAWdD19Z3pUA\">https:\/\/maps.app.goo.gl\/Q5HzGEAWdD19Z3pUA<\/a><\/p>\n<p>&nbsp;<\/p>\n<p>&nbsp;<\/p>\n<p>&nbsp;<\/p>\n<p>&nbsp;<\/p>\n","protected":false},"excerpt":{"rendered":"<p>Faculdade de Ci\u00eancias Econ\u00f4micas &#8211; FACEM A Faculdade de Ci\u00eancias Econ\u00f4micas de Mossor\u00f3 \u00e9 a mais antiga faculdade da Universidade do Estado do Rio Grande do Norte (UERN), e sua cria\u00e7\u00e3o e trajet\u00f3ria se confunde com a hist\u00f3ria da pr\u00f3pria Universidade.\u00a0A origem e hist\u00f3ria da FACEM\u00a0\u00e9 anterior \u00e0 pr\u00f3pria UERN, tendo sido institu\u00edda por meio [&hellip;]<\/p>\n","protected":false},"author":6,"featured_media":0,"parent":0,"menu_order":0,"comment_status":"closed","ping_status":"closed","template":"","meta":{"footnotes":""},"class_list":["post-1287","page","type-page","status-publish","hentry"],"_links":{"self":[{"href":"https:\/\/portal.uern.br\/facem\/wp-json\/wp\/v2\/pages\/1287","targetHints":{"allow":["GET"]}}],"collection":[{"href":"https:\/\/portal.uern.br\/facem\/wp-json\/wp\/v2\/pages"}],"about":[{"href":"https:\/\/portal.uern.br\/facem\/wp-json\/wp\/v2\/types\/page"}],"author":[{"embeddable":true,"href":"https:\/\/portal.uern.br\/facem\/wp-json\/wp\/v2\/users\/6"}],"replies":[{"embeddable":true,"href":"https:\/\/portal.uern.br\/facem\/wp-json\/wp\/v2\/comments?post=1287"}],"version-history":[{"count":20,"href":"https:\/\/portal.uern.br\/facem\/wp-json\/wp\/v2\/pages\/1287\/revisions"}],"predecessor-version":[{"id":1335,"href":"https:\/\/portal.uern.br\/facem\/wp-json\/wp\/v2\/pages\/1287\/revisions\/1335"}],"wp:attachment":[{"href":"https:\/\/portal.uern.br\/facem\/wp-json\/wp\/v2\/media?parent=1287"}],"curies":[{"name":"wp","href":"https:\/\/api.w.org\/{rel}","templated":true}]}}

<p><img fetchpriority="high" decoding="async" class="alignnone wp-image-920" src="https://portal.uern.br/facem/wp-content/uploads/2023/06/facem__-300x86.jpg" alt="" width="941" height="270" srcset="https://portal.uern.br/facem/wp-content/uploads/2023/06/facem__-300x86.jpg 300w, https://portal.uern.br/facem/wp-content/uploads/2023/06/facem__-1024x293.jpg 1024w, https://portal.uern.br/facem/wp-content/uploads/2023/06/facem__-768x220.jpg 768w, https://portal.uern.br/facem/wp-content/uploads/2023/06/facem__-1536x440.jpg 1536w, https://portal.uern.br/facem/wp-content/uploads/2023/06/facem__.jpg 1920w" sizes="(max-width: 941px) 100vw, 941px" /></p>
<p><span style="font-size: 14pt"><strong>Faculdade de Ciências Econômicas &#8211; FACEM</strong></span></p>
<p>A Faculdade de Ciências Econômicas de Mossoró é a mais antiga faculdade da Universidade do Estado do Rio Grande do Norte (UERN), e sua criação e trajetória se confunde com a história da própria Universidade. A origem e história da FACEM é anterior à própria UERN, tendo sido instituída por meio da Resolução n.º 01/43 de 18 de agosto de 1943, por iniciativa da Sociedade União Caixeiral, esta a mantenedora da Escola Técnica de Comércio União Caixeiral.</p>
<p>A FACEM é atualmente uma das maiores e mais complexas faculdades da UERN, tendo sua estrutura constituída por cinco Departamentos Acadêmicos onde funcionam seis cursos: Administração (noturno), Ciências Contábeis (matutino e noturno), Ciências Econômicas (matutino e noturno), Gestão Ambiental (matutino), Curso de Graduação Tecnológica em Agroecologia (vinculado ao Departamento de Gestão Ambiental) e Turismo (matutino).</p>
<p>A Facem fica localizada no campus central da UERN em Mossoró, após a Faculdade de Direito (FAD) e ao lado da Faculdade de Filosofia e Ciências Sociais (Fafic).</p>
<p>&nbsp;</p>
<p><strong>Servidores / Atendimento:</strong></p>
<p>Adriano de Souza Carlos (Secretário) &#8211; 07h às 13h.</p>
<p>Marcos Aurelio Felinto de Lucena (Técnico administrativo) &#8211; 16h às 22h.</p>
<p>&nbsp;</p>
<p><strong>Direção da Facem:</strong></p>
<p>Diretor: Prof. Dr. Leovigildo Cavalcanti de Albuquerque Neto (leovigildoneto@uern.br)</p>
<p>Vice-Diretor: Prof. Dr. Sérgio Luis Pedrosa Silva (sergiopedrosa@uern.br)</p>
<p>&nbsp;</p>
<p><strong>Contatos</strong><strong>:</strong></p>
<p>E-mail institucional: facem@uern.br / Fone: (84) 3315-2198</p>
<p>&nbsp;</p>
<p><strong>Horários de funcionamento da secretaria de direção:</strong></p>
<p>07h às 13h / 16h às 22h de segunda a sexta-feira.</p>
<p>&nbsp;</p>
<p><strong>Endereço:</strong></p>
<p>Campus central da Uern &#8211; Av. Prof. Antônio Campos S/N, Mossoró, RN, 59625-620</p>
<p><strong>Localização no Google Maps:</strong></p>
<p><a href="https://maps.app.goo.gl/Q5HzGEAWdD19Z3pUA">https://maps.app.goo.gl/Q5HzGEAWdD19Z3pUA</a></p>
<p>&nbsp;</p>
<p>&nbsp;</p>
<p>&nbsp;</p>
<p>&nbsp;</p>

<p>Faculdade de Ciências Econômicas &#8211; FACEM A Faculdade de Ciências Econômicas de Mossoró é a mais antiga faculdade da Universidade do Estado do Rio Grande do Norte (UERN), e sua criação e trajetória se confunde com a história da própria Universidade. A origem e história da FACEM é anterior à própria UERN, tendo sido instituída por meio [&hellip;]</p>
