{"id":1076,"date":"2024-04-08T20:01:03","date_gmt":"2024-04-08T23:01:03","guid":{"rendered":"https:\/\/portal.uern.br\/facem\/?page_id=1076"},"modified":"2024-04-08T20:33:56","modified_gmt":"2024-04-08T23:33:56","slug":"perguntas-frequentes","status":"publish","type":"page","link":"https:\/\/portal.uern.br\/facem\/perguntas-frequentes\/","title":{"rendered":"Perguntas Frequentes"},"content":{"rendered":"<p><strong>1- Onde est\u00e1 localizada a FACEM?<\/strong><\/p>\n<p>A Faculdade de Ci\u00eancias Econ\u00f4micas est\u00e1 localizada no Campus Universit\u00e1rio Central, Rua Professor Ant\u00f4nio Campos. s\/n, BR 110, km 48, bairro Costa e Silva \u2013 Mossor\u00f3\/RN, CEP 59600-000.<\/p>\n<p><strong>2- Quais cursos comp\u00f5em a FACEM?<\/strong><\/p>\n<p>Sua estrutura \u00e9 constitu\u00edda por cinco Departamentos Acad\u00eamicos onde funcionam seis cursos:<br \/>\nAdministra\u00e7\u00e3o (noturno), Ci\u00eancias Cont\u00e1beis (matutino e noturno), Ci\u00eancias Econ\u00f4micas (matutino e noturno), Gest\u00e3o Ambiental (matutino), Curso de Gradua\u00e7\u00e3o Tecnol\u00f3gica em Agroecologia (vinculado ao Departamento de Gest\u00e3o Ambiental) e Turismo (matutino\/noturno).<\/p>\n<p><strong>3- Quais os canais de comunica\u00e7\u00e3o da FACEM?<\/strong><\/p>\n<p>Atrav\u00e9s dos seguintes e-mails:<br \/>\nSecretaria da FACEM: facem@uern.br<br \/>\nDepartamento de Administra\u00e7\u00e3o: dad@uern.br<br \/>\nDepartamento de Ci\u00eancias Econ\u00f4micas: dec@uer.br<br \/>\nDepartamento de Ci\u00eancias Cont\u00e1beis: dcc@uern.br<br \/>\nDepartamento de gest\u00e3o Ambiental: dga@uern.br<br \/>\nDepartamento de Turismo: detur@uern.br<br \/>\nTecn\u00f3logo em Agroecologia: agroecologiadga@gmail.com<\/p>\n<p><strong>4- Como se d\u00e1 o ingresso nos cursos ofertados pela FACEM?<\/strong><\/p>\n<p>O ingresso se d\u00e1 por meio do Sistema de Sele\u00e7\u00e3o Unificada (SiSU), sendo necess\u00e1rio realizar o Exame Nacional do Ensino M\u00e9dio (ENEM).<\/p>\n<p>Tamb\u00e9m poder\u00e3o ingressar atrav\u00e9s do Processo Seletivo de Vagas N\u00e3o Iniciais (PSVNI), previsto no Regulamento dos Cursos de Gradua\u00e7\u00e3o da UERN e destina-se ao preenchimento de vagas existentes nos cursos de gradua\u00e7\u00e3o, distribu\u00eddas nas modalidades de Transfer\u00eancia Interna, Transfer\u00eancia Externa e Retorno. E tamb\u00e9m atrav\u00e9s do Processo Seletivo de vagas Ociosas (PSVO). A cada semestre os editais s\u00e3o publicados com as vagas existentes e nele h\u00e1 todas as informa\u00e7\u00f5es necess\u00e1rias de como proceder.<\/p>\n<p><strong>5- De que maneira posso ter acesso a certid\u00e3o de v\u00ednculo?<\/strong><\/p>\n<p>A certid\u00e3o de v\u00ednculo est\u00e1 dispon\u00edvel na Plataforma SIGAA e pode ser emitidos a qualquer momento desde que o v\u00ednculo esteja ativo e o aluno devidamente matriculado em disciplinas, n\u00e3o havendo necessidade de requerer ao departamento ou qualquer outro setor da IES, a n\u00e3o ser quando o sistema n\u00e3o permitir a impress\u00e3o. Dessa forma, poder\u00e1 ser solicitada na Diretoria de Registro e Controle Acad\u00eamico &#8211; DIRCA.<\/p>\n<p><strong>6- De que maneira posso ter acesso ao hist\u00f3rico?<\/strong><\/p>\n<p>O hist\u00f3rico acad\u00eamico est\u00e1 dispon\u00edvel na Plataforma SIGAA e pode ser emitidos a qualquer momento desde que o v\u00ednculo esteja ativo, n\u00e3o havendo necessidade de requerer ao departamento ou qualquer outro setor da IES, a n\u00e3o ser quando o sistema n\u00e3o permitir a impress\u00e3o. Dessa forma, poder\u00e1 ser solicitado na Diretoria de Registro e Controle Acad\u00eamico \u2013 DIRCA<\/p>\n","protected":false},"excerpt":{"rendered":"<p>1- Onde est\u00e1 localizada a FACEM? A Faculdade de Ci\u00eancias Econ\u00f4micas est\u00e1 localizada no Campus Universit\u00e1rio Central, Rua Professor Ant\u00f4nio Campos. s\/n, BR 110, km 48, bairro Costa e Silva \u2013 Mossor\u00f3\/RN, CEP 59600-000. 2- Quais cursos comp\u00f5em a FACEM? Sua estrutura \u00e9 constitu\u00edda por cinco Departamentos Acad\u00eamicos onde funcionam seis cursos: Administra\u00e7\u00e3o (noturno), Ci\u00eancias [&hellip;]<\/p>\n","protected":false},"author":6,"featured_media":0,"parent":0,"menu_order":0,"comment_status":"closed","ping_status":"closed","template":"","meta":{"footnotes":""},"class_list":["post-1076","page","type-page","status-publish","hentry"],"_links":{"self":[{"href":"https:\/\/portal.uern.br\/facem\/wp-json\/wp\/v2\/pages\/1076","targetHints":{"allow":["GET"]}}],"collection":[{"href":"https:\/\/portal.uern.br\/facem\/wp-json\/wp\/v2\/pages"}],"about":[{"href":"https:\/\/portal.uern.br\/facem\/wp-json\/wp\/v2\/types\/page"}],"author":[{"embeddable":true,"href":"https:\/\/portal.uern.br\/facem\/wp-json\/wp\/v2\/users\/6"}],"replies":[{"embeddable":true,"href":"https:\/\/portal.uern.br\/facem\/wp-json\/wp\/v2\/comments?post=1076"}],"version-history":[{"count":2,"href":"https:\/\/portal.uern.br\/facem\/wp-json\/wp\/v2\/pages\/1076\/revisions"}],"predecessor-version":[{"id":1078,"href":"https:\/\/portal.uern.br\/facem\/wp-json\/wp\/v2\/pages\/1076\/revisions\/1078"}],"wp:attachment":[{"href":"https:\/\/portal.uern.br\/facem\/wp-json\/wp\/v2\/media?parent=1076"}],"curies":[{"name":"wp","href":"https:\/\/api.w.org\/{rel}","templated":true}]}}

<p><strong>1- Onde está localizada a FACEM?</strong></p>
<p>A Faculdade de Ciências Econômicas está localizada no Campus Universitário Central, Rua Professor Antônio Campos. s/n, BR 110, km 48, bairro Costa e Silva – Mossoró/RN, CEP 59600-000.</p>
<p><strong>2- Quais cursos compõem a FACEM?</strong></p>
<p>Sua estrutura é constituída por cinco Departamentos Acadêmicos onde funcionam seis cursos:<br />
Administração (noturno), Ciências Contábeis (matutino e noturno), Ciências Econômicas (matutino e noturno), Gestão Ambiental (matutino), Curso de Graduação Tecnológica em Agroecologia (vinculado ao Departamento de Gestão Ambiental) e Turismo (matutino/noturno).</p>
<p><strong>3- Quais os canais de comunicação da FACEM?</strong></p>
<p>Através dos seguintes e-mails:<br />
Secretaria da FACEM: facem@uern.br<br />
Departamento de Administração: dad@uern.br<br />
Departamento de Ciências Econômicas: dec@uer.br<br />
Departamento de Ciências Contábeis: dcc@uern.br<br />
Departamento de gestão Ambiental: dga@uern.br<br />
Departamento de Turismo: detur@uern.br<br />
Tecnólogo em Agroecologia: agroecologiadga@gmail.com</p>
<p><strong>4- Como se dá o ingresso nos cursos ofertados pela FACEM?</strong></p>
<p>O ingresso se dá por meio do Sistema de Seleção Unificada (SiSU), sendo necessário realizar o Exame Nacional do Ensino Médio (ENEM).</p>
<p>Também poderão ingressar através do Processo Seletivo de Vagas Não Iniciais (PSVNI), previsto no Regulamento dos Cursos de Graduação da UERN e destina-se ao preenchimento de vagas existentes nos cursos de graduação, distribuídas nas modalidades de Transferência Interna, Transferência Externa e Retorno. E também através do Processo Seletivo de vagas Ociosas (PSVO). A cada semestre os editais são publicados com as vagas existentes e nele há todas as informações necessárias de como proceder.</p>
<p><strong>5- De que maneira posso ter acesso a certidão de vínculo?</strong></p>
<p>A certidão de vínculo está disponível na Plataforma SIGAA e pode ser emitidos a qualquer momento desde que o vínculo esteja ativo e o aluno devidamente matriculado em disciplinas, não havendo necessidade de requerer ao departamento ou qualquer outro setor da IES, a não ser quando o sistema não permitir a impressão. Dessa forma, poderá ser solicitada na Diretoria de Registro e Controle Acadêmico &#8211; DIRCA.</p>
<p><strong>6- De que maneira posso ter acesso ao histórico?</strong></p>
<p>O histórico acadêmico está disponível na Plataforma SIGAA e pode ser emitidos a qualquer momento desde que o vínculo esteja ativo, não havendo necessidade de requerer ao departamento ou qualquer outro setor da IES, a não ser quando o sistema não permitir a impressão. Dessa forma, poderá ser solicitado na Diretoria de Registro e Controle Acadêmico – DIRCA</p>

<p>1- Onde está localizada a FACEM? A Faculdade de Ciências Econômicas está localizada no Campus Universitário Central, Rua Professor Antônio Campos. s/n, BR 110, km 48, bairro Costa e Silva – Mossoró/RN, CEP 59600-000. 2- Quais cursos compõem a FACEM? Sua estrutura é constituída por cinco Departamentos Acadêmicos onde funcionam seis cursos: Administração (noturno), Ciências [&hellip;]</p>
