{"id":863,"date":"2023-10-24T08:25:28","date_gmt":"2023-10-24T11:25:28","guid":{"rendered":"https:\/\/portal.uern.br\/facem\/gestao-ambiental\/?page_id=863"},"modified":"2024-08-13T13:44:33","modified_gmt":"2024-08-13T16:44:33","slug":"pesquisa-2","status":"publish","type":"page","link":"https:\/\/portal.uern.br\/facem\/gestao-ambiental\/pesquisa-2\/","title":{"rendered":"Pesquisa"},"content":{"rendered":"<p><strong>Prof. Dr. Alfredo Marcelo Grigio<\/strong><\/p>\n<p>2021 &#8211; Atual: GEOTECNOLOGIAS E AN\u00c1LISE QUANTITATIVA APLICADAS AO ORDENAMENTO TERRITORIAL NA BACIA HIDROGR\u00c1FICA DO RIO APODI-MOSSOR\u00d3 E NO LITORAL SETENTRIONAL DO RIO GRANDE DO NORTE. (Integrante)<\/p>\n<p>2021 &#8211; Atual: SUPORTE \u00c0 TOMADA DE DECIS\u00c3O PARA GEST\u00c3O H\u00cdDRICA E SANEAMENTO AMBIENTAL NA BACIA HIDROGR\u00c1FICA DO RIO APODI-MOSSOR\u00d3, RN. (Integrante)<\/p>\n<p>2020 &#8211; Atual: SUSTENTABILIDADE, ADAPTA\u00c7\u00c3O CLIM\u00c1TICA, ENERGIAS E SOCIODIVERSIDADE DOS TERRIT\u00d3RIOS: UMA AN\u00c1LISE COMPARATIVA DE ESTUDOS DE CASOS DE GOVERNOS NO CONTEXTO DO NORDESTE BRASILEIRO. (Integrante)<\/p>\n<p>2020 &#8211; Atual: GEST\u00c3O DE RISCOS, VULNERABILIDADES SOCIOAMBIENTAIS, SUSTENTABILIDADE E CAPACIDADE ADAPTATIVA CLIM\u00c1TICA EM CIDADES DO SEMI\u00c1RIDO DO NORDESTE. (Integrante)<\/p>\n<p>2019 &#8211; 2021: ZONEAMENTO DAS \u00c1REAS DE RISCO NA \u00c1REA URBANA DA MICROBACIA DO RIO GRANJEIRO, CRATO\/CE.(Coordenador) <\/p>\n<p>2019 &#8211; 2021: AN\u00c1LISE DA EFICI\u00caNCIA DO SISTEMA DE ABASTECIMENTO DE \u00c1GUA DA REGI\u00c3O OESTE POTIGUAR. (Coordenador) <\/p>\n<p>2019 &#8211; 2021: IDENTIFICA\u00c7\u00c3O DE \u00c1REAS SUSCEPT\u00cdVEIS \u00c0 DESERTIFICA\u00c7\u00c3O NA BACIA HIDROGR\u00c1FICA DO RIO DO CARMO-RN. (Coordenador) <\/p>\n<p>2019 &#8211; Atual: AN\u00c1LISE DA FRAGILIDADE AMBIENTAL DA BACIA HIDROGR\u00c1FICA DO RIO APODI-MOSSOR\u00d3 &#8211; RN. (Coordenador) <\/p>\n<p>2018 &#8211; 2023: Aplica\u00e7\u00e3o do Sensoriamento Remoto no Estudo da Cobertura Vegetal de Florestas Nativas do Chaco Sul-matogrossense e da Caatinga Potiguar.(Integrante)<\/p>\n<p>2018 &#8211; 2020: AVALIA\u00c7\u00c3O DOS RISCOS NO MUNIC\u00cdPIO DE ASS\u00da ? RN, BRASIL. (Coordenador) <\/p>\n<p>2017 &#8211; 2019: VULNERABILIDADE NATURAL, AMBIENTAL E USO E OCUPA\u00c7\u00c3O NO MUNIC\u00cdPIO DE ASS\u00da\/RN. (Coordenador) <\/p>\n<p>2017 &#8211; 2018: AN\u00c1LISE ESPACIAL DA VULNERABILIDADE SOCIOAMBIENTAL NO MUNIC\u00cdPIO DE RUSSAS ? CEAR\u00c1. (Coordenador) <\/p>\n<p><strong>Profa. Dra. Anne Katherine de Holanda Bezerra Rosado <\/strong><\/p>\n<p>2023 \u2013 Atual: SIG, VANT; ferramentas para o invent\u00e1rio florestal do Parque Maur\u00edcio de Oliveira (Coordenadora).<\/p>\n<p>2020 \u2013 Atual: Impactos p\u00f3s Covid-19: Uma percep\u00e7\u00e3o segundo pequenos produtores agr\u00edcolas no munic\u00edpio de Mossor\u00f3 (Coordenadora).<\/p>\n<p>2019 &#8211; Atual: Grupo de Estudos e Pesquisas em Gest\u00e3o Ambiental &#8211; GEGA (Coordenadora).<\/p>\n<p>2018 &#8211; Atual: Potencial econ\u00f4mico e percep\u00e7\u00e3o ambiental da atividade agr\u00edcola da bacia do Rio Apodi-Mossor\u00f3 (Integrante).<\/p>\n<p><strong>Profa. Dra. Gabriela Cemirames de Sousa Gurgel<\/strong><strong><\/p>\n<p>2020 \u2013 Atual: Parque Ecol\u00f3gico Maur\u00edcio de Oliveira, Mossor\u00f3, RN: Levantamentos para Subsidiar a Elabora\u00e7\u00e3o do Plano de Manejo (Coordenadora).<\/p>\n<p>2019 \u2013 2020: Projeto Mulheres em Rede: fortalecendo a auto-organiza\u00e7\u00e3o, produ\u00e7\u00e3o, comercializa\u00e7\u00e3o e autonomia socioecon\u00f4mica, destinado ao fortalecimento dos empreendimentos econ\u00f4micos solid\u00e1rios das mulheres da Rede Xique Xique (Coordenadora).<\/p>\n<p>2021 \u2013 Atual: VII CONgest: Congresso de Economia &amp; Gest\u00e3o (Integrante).<\/p>\n<p>2020 \u2013 2021: A divulga\u00e7\u00e3o de pr\u00e1ticas sustent\u00e1veis: uma contribui\u00e7\u00e3o na busca pelo desenvolvimento humano e pela qualidade de vida (Coordenadora).<\/p>\n<p>2020 \u2013 2021: Turismo, PAISAGEM, Poesia e Prosa: uma proposta para discutir e refletir quest\u00f5es socioambientais e culturais, a partir da constru\u00e7\u00e3o de jardim de Turismo e a\u00e7\u00f5es em escolas p\u00fablicas de Mossor\u00f3 (Integrante).<\/p>\n<p>2020 \u2013 2020: Conhecer para combater: produ\u00e7\u00e3o de conte\u00fados sobre a rela\u00e7\u00e3o ambiente-sociedade e a pandemia da Covid-19 (Integrante).<\/p>\n<p><strong>Profa. Maria Bet\u00e2nia Ribeiro Torres<\/strong><\/p>\n<p>2022 &#8211; 2023: Impactos da Pandemia da Covid19 Na Agricultura Familiar de Base Agroecol\u00f3gica No Munic\u00edpio de Mossor\u00f3\/RN: Desafios e Alternavas (Coordenadora).<\/p>\n<p>2021 &#8211; 2022: Isolamento social e metamorfose do mundo: o que a pandemia do coronav\u00edrus tem a nos dizer dos efeitos colaterais dessa viv\u00eancia? (Coordenadora).<\/p>\n<p>2020 &#8211; 2022: Boas pr\u00e1ticas sobre a COVID-19 no Rio Grande do Norte, Para\u00edba e Cear\u00e1: Tradu\u00e7\u00e3o e elabora\u00e7\u00e3o de materiais nos territ\u00f3rios (Integrante).<\/p>\n<p>2017 &#8211; 2018: Ascens\u00e3o social por meio dos estudos de estudantes de origem popular: da educa\u00e7\u00e3o b\u00e1sica at\u00e9 a educa\u00e7\u00e3o (Integrante).<\/p>\n<p>2017 &#8211; 2018: A dimens\u00e3o do cuidado na gest\u00e3o socioambiental de escolas p\u00fabicas e o \u00eaxito escolar de alunos de origem popular (Coordenadora).<\/p>\n<p><strong>Profa. Dra. M\u00e1rcia Regina Farias da Silva<br \/>\n<\/strong><\/p>\n<p>2024 \u2013 Atual: Increasing local preparedness to Sargassum tides in the Amazon and the Mexican Caribbean through enhanced monitoring and blue economies (Integrante).<\/p>\n<p>2023 \u2013 Atual: Descarboniza\u00e7\u00e3o justa e desenvolvimento humano e social por meio das energias renov\u00e1veis no Rio Grande do Norte (Integrante).<\/p>\n<p>2023 \u2013 Atual: An\u00e1lise da percep\u00e7\u00e3o ambiental dos moradores de macau, Rio Grande do Norte, em rela\u00e7\u00e3o as mudan\u00e7as clim\u00e1ticas (Coordenadora).<\/p>\n<p>2022 \u2013 2023: Problemas socioambientais e a percep\u00e7\u00e3o da popula\u00e7\u00e3o de Ipangua\u00e7u (RN), acerca dos efeitos das mudan\u00e7as clim\u00e1ticas: um olhar a partir da Agenda 2030 (Coordenadora).<\/p>\n<p>2022 \u2013 2023: An\u00e1lise dos impactos socioambientais dos res\u00edduos s\u00f3lidos na zona rural do munic\u00edpio de Ipangua\u00e7u-RN (Coordenadora).<\/p>\n<p>2022 \u2013 Atual: Geotecnologias e an\u00e1lise quantitativa aplicadas ao ordenamento territorial na bacia hidrogr\u00e1fica do rio Apodi-Mossor\u00f3 e no litoral setentrional do Rio Grande do Norte (Coordenadora).<\/p>\n<p>2021 \u2013 2022: Os efeitos das mudan\u00e7as clim\u00e1ticas no semi\u00e1rido do Nordeste brasileiro: um estudo sobre a percep\u00e7\u00e3o da popula\u00e7\u00e3o do munic\u00edpio de Assu (RN) (Coordenadora).<\/p>\n<p>2020 \u2013 2023: An\u00e1lise dos casos de tuberculose nos bairros Santo Ant\u00f4nio, Barrocas, Bom Jardim no munic\u00edpio de Mossor\u00f3 (RN) e sua rela\u00e7\u00e3o com a vulnerabilidade socioambiental e aplicabilidade em sa\u00fade (Coordenadora).<\/p>\n<p>2020 \u2013 2022: A Abrang\u00eancia das rela\u00e7\u00f5es sociedade\/natureza a partir da territorialidade e modifica\u00e7\u00f5es das paisagens da cidade de Tibau (RN) (Coordenadora).<\/p>\n<p>2020 \u2013 Atual: Gest\u00e3o de riscos, vulnerabilidades socioambientais, sustentabilidade e capacidade adaptativa clim\u00e1tica em cidades do semi\u00e1rido do Nordeste (Integrante).<\/p>\n","protected":false},"excerpt":{"rendered":"<p>Prof. Dr. Alfredo Marcelo Grigio 2021 &#8211; Atual: GEOTECNOLOGIAS E AN\u00c1LISE QUANTITATIVA APLICADAS AO ORDENAMENTO TERRITORIAL NA BACIA HIDROGR\u00c1FICA DO RIO APODI-MOSSOR\u00d3 E NO LITORAL SETENTRIONAL DO RIO GRANDE DO NORTE. (Integrante) 2021 &#8211; Atual: SUPORTE \u00c0 TOMADA DE DECIS\u00c3O PARA GEST\u00c3O H\u00cdDRICA E SANEAMENTO AMBIENTAL NA BACIA HIDROGR\u00c1FICA DO RIO APODI-MOSSOR\u00d3, RN. (Integrante) 2020 [&hellip;]<\/p>\n","protected":false},"author":4,"featured_media":0,"parent":0,"menu_order":0,"comment_status":"closed","ping_status":"closed","template":"","meta":{"footnotes":""},"class_list":["post-863","page","type-page","status-publish","hentry"],"_links":{"self":[{"href":"https:\/\/portal.uern.br\/facem\/gestao-ambiental\/wp-json\/wp\/v2\/pages\/863","targetHints":{"allow":["GET"]}}],"collection":[{"href":"https:\/\/portal.uern.br\/facem\/gestao-ambiental\/wp-json\/wp\/v2\/pages"}],"about":[{"href":"https:\/\/portal.uern.br\/facem\/gestao-ambiental\/wp-json\/wp\/v2\/types\/page"}],"author":[{"embeddable":true,"href":"https:\/\/portal.uern.br\/facem\/gestao-ambiental\/wp-json\/wp\/v2\/users\/4"}],"replies":[{"embeddable":true,"href":"https:\/\/portal.uern.br\/facem\/gestao-ambiental\/wp-json\/wp\/v2\/comments?post=863"}],"version-history":[{"count":16,"href":"https:\/\/portal.uern.br\/facem\/gestao-ambiental\/wp-json\/wp\/v2\/pages\/863\/revisions"}],"predecessor-version":[{"id":1259,"href":"https:\/\/portal.uern.br\/facem\/gestao-ambiental\/wp-json\/wp\/v2\/pages\/863\/revisions\/1259"}],"wp:attachment":[{"href":"https:\/\/portal.uern.br\/facem\/gestao-ambiental\/wp-json\/wp\/v2\/media?parent=863"}],"curies":[{"name":"wp","href":"https:\/\/api.w.org\/{rel}","templated":true}]}}