{"id":816,"date":"2023-10-20T12:16:34","date_gmt":"2023-10-20T15:16:34","guid":{"rendered":"https:\/\/portal.uern.br\/facem\/gestao-ambiental\/?page_id=816"},"modified":"2024-02-23T11:53:33","modified_gmt":"2024-02-23T14:53:33","slug":"trabalho-de-conclusao-de-curso","status":"publish","type":"page","link":"https:\/\/portal.uern.br\/facem\/gestao-ambiental\/trabalho-de-conclusao-de-curso\/","title":{"rendered":"Trabalho de Conclus\u00e3o de Curso"},"content":{"rendered":"<p>O Trabalho de Conclus\u00e3o de Curso (TCC) do bacharelado em Gest\u00e3o Ambiental \u00e9 um instrumento fundamental para a qualifica\u00e7\u00e3o profissional dos estudantes, uma vez que exige a elabora\u00e7\u00e3o de uma pesquisa cient\u00edfica sobre os principais eixos tem\u00e1ticos do curso e sua apresenta\u00e7\u00e3o p\u00fablica mediante uma banca de professores ou profissionais qualificados para a avalia\u00e7\u00e3o do trabalho.<\/p>\n<p>O formato exigido para a comunica\u00e7\u00e3o da pesquisa \u00e9 a\u00a0<strong>monografia<\/strong>, que dever\u00e1 ser elaborada individualmente, sob a supervis\u00e3o de um professor orientador.<\/p>\n<p>O orientador da monografia deve, preferencialmente, possuir afinidade com a tem\u00e1tica principal da pesquisa. S\u00e3o atribui\u00e7\u00f5es do orientador: estimular o aluno na consecu\u00e7\u00e3o da pesquisa, facilitar o processo de revis\u00e3o de literatura, estabelecer um plano de metas em conson\u00e2ncia ao cronograma estabelecido, avaliar se o trabalho apresenta condi\u00e7\u00f5es de ser apresentado e indicar os professores mais adequados para compor a banca de defesa da monografia.<\/p>\n<p>O aluno-orientando deve escolher o orientador, dentro das condi\u00e7\u00f5es poss\u00edveis, considerando, especialmente, sua \u00e1rea de atua\u00e7\u00e3o.<\/p>\n<p>\u00c9 obriga\u00e7\u00e3o do aluno-orientando comparecer aos encontros para orienta\u00e7\u00e3o e cumprir as metas estabelecidas para o desenvolvimento da pesquisa e reda\u00e7\u00e3o final do trabalho monogr\u00e1fico, de acordo com Normas de Reda\u00e7\u00e3o e Formata\u00e7\u00e3o para Trabalhos de Conclus\u00e3o de Curso do Curso de Gest\u00e3o Ambiental.<\/p>\n<hr \/>\n<p><strong>DOCUMENTOS NORMATIVOS DE MONOGRAFIA\u00a0<\/strong><\/p>\n<table>\n<tbody>\n<tr>\n<td>\n<ul>\n<li>INSTRU\u00c7\u00c3O NORMATIVA N\u00ba 01\/2018 SIB\/UERN<\/li>\n<\/ul>\n<\/td>\n<td><a href=\"https:\/\/www.uern.br\/controledepaginas\/ppge-deposito-de-dissertacao\/arquivos\/4584instrua%C2%A7a%C2%A3o_normativa_01_2018.pdf\" target=\"_blank\" rel=\"noopener\"><img decoding=\"async\" src=\"https:\/\/www.uern.br\/controledepaginas\/gestaoambiental-documentos\/imagens\/5934baixe_aqui_1.png\" alt=\"\" width=\"123\" height=\"42\" \/><\/a><\/td>\n<\/tr>\n<tr>\n<td>\n<ul>\n<li>CARTA DE ACEITE PARA ORIENTA\u00c7\u00c3O DE MONOGRFIA<\/li>\n<\/ul>\n<\/td>\n<td><a href=\"https:\/\/drive.google.com\/file\/d\/1I0zlRzBrGbl_zZOssrjjhp9QsvBCXUvS\/view?usp=sharing\" target=\"_blank\" rel=\"noopener\"><img decoding=\"async\" src=\"https:\/\/www.uern.br\/controledepaginas\/gestaoambiental-documentos\/imagens\/5934baixe_aqui_1.png\" alt=\"\" width=\"123\" height=\"42\" \/><\/a><\/td>\n<\/tr>\n<tr>\n<td>\n<ul>\n<li>MANUAL NORMATIVO DE TRABALHO DE CONCLUS\u00c3O DE CURSO DA<br \/>\nUERN<\/li>\n<\/ul>\n<\/td>\n<td><a href=\"https:\/\/drive.google.com\/file\/d\/1skjHvz6P72_MbSYa-BYSgHe4a8Kje_1f\/view?usp=sharing\"><img decoding=\"async\" src=\"https:\/\/www.uern.br\/controledepaginas\/gestaoambiental-documentos\/imagens\/5934baixe_aqui_1.png\" alt=\"\" width=\"123\" height=\"42\" \/><\/a><\/td>\n<\/tr>\n<tr>\n<td>\n<ul>\n<li>NORMAS PARA ENTREGA DE MONOGRAFIA<\/li>\n<\/ul>\n<\/td>\n<td><a href=\"https:\/\/www.uern.br\/biblioteca\/default.asp?item=normastcc\" target=\"_blank\" rel=\"noopener\"><img decoding=\"async\" src=\"https:\/\/www.uern.br\/controledepaginas\/gestaoambiental-documentos\/imagens\/5934baixe_aqui_1.png\" alt=\"\" width=\"123\" height=\"42\" \/><\/a><\/td>\n<\/tr>\n<tr>\n<td>\n<ul>\n<li>EDITAIS<\/li>\n<\/ul>\n<\/td>\n<td><a href=\"https:\/\/drive.google.com\/drive\/folders\/1wa19vCcX5UC7MKafMvO2l-p1iRfpDuuQ?usp=drive_link\"><img decoding=\"async\" src=\"https:\/\/www.uern.br\/controledepaginas\/gestaoambiental-documentos\/imagens\/5934baixe_aqui_1.png\" alt=\"\" width=\"123\" height=\"42\" \/><\/a><\/td>\n<\/tr>\n<tr>\n<td>\n<ul>\n<li>MONOGRAFIAS DEFENDIDAS<\/li>\n<\/ul>\n<\/td>\n<td><a href=\"https:\/\/drive.google.com\/file\/d\/1wNp3FUF2dyqCuPo7atokkQJFCi_Zd5gA\/view?usp=sharing\"><img decoding=\"async\" src=\"https:\/\/www.uern.br\/controledepaginas\/gestaoambiental-documentos\/imagens\/5934baixe_aqui_1.png\" alt=\"\" width=\"123\" height=\"42\" \/><\/a><\/td>\n<\/tr>\n<\/tbody>\n<\/table>\n","protected":false},"excerpt":{"rendered":"<p>O Trabalho de Conclus\u00e3o de Curso (TCC) do bacharelado em Gest\u00e3o Ambiental \u00e9 um instrumento fundamental para a qualifica\u00e7\u00e3o profissional dos estudantes, uma vez que exige a elabora\u00e7\u00e3o de uma pesquisa cient\u00edfica sobre os principais eixos tem\u00e1ticos do curso e sua apresenta\u00e7\u00e3o p\u00fablica mediante uma banca de professores ou profissionais qualificados para a avalia\u00e7\u00e3o do [&hellip;]<\/p>\n","protected":false},"author":4,"featured_media":0,"parent":0,"menu_order":0,"comment_status":"closed","ping_status":"closed","template":"","meta":{"footnotes":""},"class_list":["post-816","page","type-page","status-publish","hentry"],"_links":{"self":[{"href":"https:\/\/portal.uern.br\/facem\/gestao-ambiental\/wp-json\/wp\/v2\/pages\/816","targetHints":{"allow":["GET"]}}],"collection":[{"href":"https:\/\/portal.uern.br\/facem\/gestao-ambiental\/wp-json\/wp\/v2\/pages"}],"about":[{"href":"https:\/\/portal.uern.br\/facem\/gestao-ambiental\/wp-json\/wp\/v2\/types\/page"}],"author":[{"embeddable":true,"href":"https:\/\/portal.uern.br\/facem\/gestao-ambiental\/wp-json\/wp\/v2\/users\/4"}],"replies":[{"embeddable":true,"href":"https:\/\/portal.uern.br\/facem\/gestao-ambiental\/wp-json\/wp\/v2\/comments?post=816"}],"version-history":[{"count":5,"href":"https:\/\/portal.uern.br\/facem\/gestao-ambiental\/wp-json\/wp\/v2\/pages\/816\/revisions"}],"predecessor-version":[{"id":1022,"href":"https:\/\/portal.uern.br\/facem\/gestao-ambiental\/wp-json\/wp\/v2\/pages\/816\/revisions\/1022"}],"wp:attachment":[{"href":"https:\/\/portal.uern.br\/facem\/gestao-ambiental\/wp-json\/wp\/v2\/media?parent=816"}],"curies":[{"name":"wp","href":"https:\/\/api.w.org\/{rel}","templated":true}]}}