{"id":801,"date":"2023-10-20T12:08:24","date_gmt":"2023-10-20T15:08:24","guid":{"rendered":"https:\/\/portal.uern.br\/facem\/gestao-ambiental\/?page_id=801"},"modified":"2024-08-14T10:03:45","modified_gmt":"2024-08-14T13:03:45","slug":"comissao-setorial-de-avaliacao-cose","status":"publish","type":"page","link":"https:\/\/portal.uern.br\/facem\/gestao-ambiental\/comissao-setorial-de-avaliacao-cose\/","title":{"rendered":"Comiss\u00e3o Setorial de Avalia\u00e7\u00e3o &#8211; COSE"},"content":{"rendered":"<p>Compete a Comiss\u00e3o Setorial de Avalia\u00e7\u00e3o \u2013 COSE:<\/p>\n<p style=\"padding-left: 40px\">I.\u00a0 \u00a0 \u00a0 \u00a0 \u00a0Sensibilizar a comunidade acad\u00eamica do registro \u00f3rg\u00e3o para os processos de avalia\u00e7\u00e3o institucional;<\/p>\n<p style=\"padding-left: 40px\">II.\u00a0 \u00a0 \u00a0 \u00a0 Desenvolver o processo de autoavalia\u00e7\u00e3o no \u00f3rg\u00e3o, conforme o\u00a0 projeto de autoavalia\u00e7\u00e3o da Unidade e orienta\u00e7\u00f5es da Comiss\u00e3o Pr\u00f3pria de Avalia\u00e7\u00e3o \u2013 CPA\/UERN;<\/p>\n<p style=\"padding-left: 40px\">III.\u00a0 \u00a0 \u00a0 \u00a0 Organizar reuni\u00f5es sistem\u00e1ticas para desenvolver suas atividades;<\/p>\n<p style=\"padding-left: 40px\">IV.\u00a0 \u00a0 \u00a0 \u00a0 Sistematizar e prestar as informa\u00e7\u00f5es solicitadas pela Comiss\u00e3o Pr\u00f3pria de Avalia\u00e7\u00e3o \u2013 CPA\/UERN;<\/p>\n<p style=\"padding-left: 40px\">V.\u00a0\u00a0\u00a0\u00a0\u00a0\u00a0\u00a0\u00a0\u00a0 Ao fim de cada semestre, a COSE dever\u00e1 apresentar \u00e0 CPA\/UERN relat\u00f3rio das atividades realizadas, conforme modelo procedente da pr\u00f3pria CPA\/UERN.<\/p>\n<p>A Comiss\u00e3o Setorial de Avalia\u00e7\u00e3o &#8211; COSE do Curso de Gest\u00e3o Ambiental \u00e9 composta pelos servidores: <a href=\"https:\/\/drive.google.com\/file\/d\/1wsy3nhEPrDGDA6y5O0L1SSfUA7ODPE70\/view?usp=sharing\"><span style=\"color: #ff0000\"><strong>(Portaria N\u00b0 008\/2024 &#8211; GD\/FACEM)<\/strong><\/span><\/a><\/p>\n<table style=\"border-collapse: collapse;width: 57.0703%;height: 144px\">\n<tbody>\n<tr style=\"height: 24px\">\n<td style=\"width: 50%;height: 24px\"><strong>Servidor<\/strong><\/td>\n<td style=\"width: 50%;height: 24px\"><strong>Categoria\u00a0<\/strong><\/td>\n<\/tr>\n<tr style=\"height: 24px\">\n<td style=\"width: 50%;height: 24px\">Anne Katherine de Holanda Bezerra Rosado<\/td>\n<td style=\"width: 50%;height: 24px\">Docente<\/td>\n<\/tr>\n<tr style=\"height: 24px\">\n<td style=\"width: 50%;height: 24px\">Welka Preston Leite Batista da Costa Alves<\/td>\n<td style=\"width: 50%;height: 24px\">Docente<\/td>\n<\/tr>\n<tr style=\"height: 24px\">\n<td style=\"width: 50%;height: 24px\">Emanuelle Roberta da Silva Melo<\/td>\n<td style=\"width: 50%;height: 24px\">T\u00e9cnica Administrativa<\/td>\n<\/tr>\n<tr style=\"height: 24px\">\n<td style=\"width: 50%;height: 24px\">Elo\u00edsa Fernanda de Oliveira<\/td>\n<td style=\"width: 50%;height: 24px\">Discente<\/td>\n<\/tr>\n<\/tbody>\n<\/table>\n","protected":false},"excerpt":{"rendered":"<p>Compete a Comiss\u00e3o Setorial de Avalia\u00e7\u00e3o \u2013 COSE: I.\u00a0 \u00a0 \u00a0 \u00a0 \u00a0Sensibilizar a comunidade acad\u00eamica do registro \u00f3rg\u00e3o para os processos de avalia\u00e7\u00e3o institucional; II.\u00a0 \u00a0 \u00a0 \u00a0 Desenvolver o processo de autoavalia\u00e7\u00e3o no \u00f3rg\u00e3o, conforme o\u00a0 projeto de autoavalia\u00e7\u00e3o da Unidade e orienta\u00e7\u00f5es da Comiss\u00e3o Pr\u00f3pria de Avalia\u00e7\u00e3o \u2013 CPA\/UERN; III.\u00a0 \u00a0 \u00a0 [&hellip;]<\/p>\n","protected":false},"author":4,"featured_media":0,"parent":0,"menu_order":0,"comment_status":"closed","ping_status":"closed","template":"","meta":{"footnotes":""},"class_list":["post-801","page","type-page","status-publish","hentry"],"_links":{"self":[{"href":"https:\/\/portal.uern.br\/facem\/gestao-ambiental\/wp-json\/wp\/v2\/pages\/801","targetHints":{"allow":["GET"]}}],"collection":[{"href":"https:\/\/portal.uern.br\/facem\/gestao-ambiental\/wp-json\/wp\/v2\/pages"}],"about":[{"href":"https:\/\/portal.uern.br\/facem\/gestao-ambiental\/wp-json\/wp\/v2\/types\/page"}],"author":[{"embeddable":true,"href":"https:\/\/portal.uern.br\/facem\/gestao-ambiental\/wp-json\/wp\/v2\/users\/4"}],"replies":[{"embeddable":true,"href":"https:\/\/portal.uern.br\/facem\/gestao-ambiental\/wp-json\/wp\/v2\/comments?post=801"}],"version-history":[{"count":8,"href":"https:\/\/portal.uern.br\/facem\/gestao-ambiental\/wp-json\/wp\/v2\/pages\/801\/revisions"}],"predecessor-version":[{"id":1277,"href":"https:\/\/portal.uern.br\/facem\/gestao-ambiental\/wp-json\/wp\/v2\/pages\/801\/revisions\/1277"}],"wp:attachment":[{"href":"https:\/\/portal.uern.br\/facem\/gestao-ambiental\/wp-json\/wp\/v2\/media?parent=801"}],"curies":[{"name":"wp","href":"https:\/\/api.w.org\/{rel}","templated":true}]}}

Comissão Setorial de Avaliação &#8211; COSE

<p>Compete a Comissão Setorial de Avaliação – COSE:</p>
<p style="padding-left: 40px">I.         Sensibilizar a comunidade acadêmica do registro órgão para os processos de avaliação institucional;</p>
<p style="padding-left: 40px">II.        Desenvolver o processo de autoavaliação no órgão, conforme o  projeto de autoavaliação da Unidade e orientações da Comissão Própria de Avaliação – CPA/UERN;</p>
<p style="padding-left: 40px">III.        Organizar reuniões sistemáticas para desenvolver suas atividades;</p>
<p style="padding-left: 40px">IV.        Sistematizar e prestar as informações solicitadas pela Comissão Própria de Avaliação – CPA/UERN;</p>
<p style="padding-left: 40px">V.          Ao fim de cada semestre, a COSE deverá apresentar à CPA/UERN relatório das atividades realizadas, conforme modelo procedente da própria CPA/UERN.</p>
<p>A Comissão Setorial de Avaliação &#8211; COSE do Curso de Gestão Ambiental é composta pelos servidores: <a href="https://drive.google.com/file/d/1wsy3nhEPrDGDA6y5O0L1SSfUA7ODPE70/view?usp=sharing"><span style="color: #ff0000"><strong>(Portaria N° 008/2024 &#8211; GD/FACEM)</strong></span></a></p>
<table style="border-collapse: collapse;width: 57.0703%;height: 144px">
<tbody>
<tr style="height: 24px">
<td style="width: 50%;height: 24px"><strong>Servidor</strong></td>
<td style="width: 50%;height: 24px"><strong>Categoria </strong></td>
</tr>
<tr style="height: 24px">
<td style="width: 50%;height: 24px">Anne Katherine de Holanda Bezerra Rosado</td>
<td style="width: 50%;height: 24px">Docente</td>
</tr>
<tr style="height: 24px">
<td style="width: 50%;height: 24px">Welka Preston Leite Batista da Costa Alves</td>
<td style="width: 50%;height: 24px">Docente</td>
</tr>
<tr style="height: 24px">
<td style="width: 50%;height: 24px">Emanuelle Roberta da Silva Melo</td>
<td style="width: 50%;height: 24px">Técnica Administrativa</td>
</tr>
<tr style="height: 24px">
<td style="width: 50%;height: 24px">Eloísa Fernanda de Oliveira</td>
<td style="width: 50%;height: 24px">Discente</td>
</tr>
</tbody>
</table>

<p>Compete a Comissão Setorial de Avaliação – COSE: I.         Sensibilizar a comunidade acadêmica do registro órgão para os processos de avaliação institucional; II.        Desenvolver o processo de autoavaliação no órgão, conforme o  projeto de autoavaliação da Unidade e orientações da Comissão Própria de Avaliação – CPA/UERN; III.      [&hellip;]</p>
