{"id":783,"date":"2023-11-20T10:27:32","date_gmt":"2023-11-20T13:27:32","guid":{"rendered":"https:\/\/portal.uern.br\/facem\/gestao-ambiental\/?page_id=783"},"modified":"2025-06-27T09:55:52","modified_gmt":"2025-06-27T12:55:52","slug":"nucleo-docente-estruturante-nde","status":"publish","type":"page","link":"https:\/\/portal.uern.br\/facem\/gestao-ambiental\/nucleo-docente-estruturante-nde\/","title":{"rendered":"N\u00facleo Docente Estruturante &#8211; NDE"},"content":{"rendered":"<p>O N\u00facleo Docente Estruturante -NDE do Curso de Bacharelado em Gest\u00e3o Ambiental \u00e9 o \u00f3rg\u00e3o consultivo respons\u00e1vel pela concep\u00e7\u00e3o do Projeto Pedag\u00f3gico do curso de Gest\u00e3o Ambiental e tem, por finalidade, a implanta\u00e7\u00e3o do mesmo. Ele \u00e9 composto por professores que se dedicam na consecu\u00e7\u00e3o desses objetivos. Dentre suas atribui\u00e7\u00f5es, destacam-se:<\/p>\n<ul>\n<li>Elaborar o Projeto Pedag\u00f3gico do curso definindo sua concep\u00e7\u00e3o e fundamentos;<\/li>\n<li>Estabelecer o perfil profissional do egresso do curso;<\/li>\n<li>Atualizar, conforme Portaria MEC no. 147\/2007 e a Resolu\u00e7\u00e3o no 59\/2013 \u2013 CONSEPE periodicamente o projeto pedag\u00f3gico do curso;<\/li>\n<li>Conduzir os trabalhos de reestrutura\u00e7\u00e3o curricular, para aprova\u00e7\u00e3o no Departamento de Gest\u00e3o Ambiental \u2013 DGA, sempre que necess\u00e1rio;<\/li>\n<li>Supervisionar as formas de avalia\u00e7\u00e3o e acompanhamento do curso definidas pelo DGA;<\/li>\n<li>Analisar e avaliar os Programas Gerais de Componentes Curriculares \u2013 PGCC&#8217;s ;<\/li>\n<li>Promover a integra\u00e7\u00e3o horizontal e vertical do curso, respeitando os eixos estabelecidos pelo projeto pedag\u00f3gico; acompanhar as atividades do corpo docente, recomendando ao DGA a indica\u00e7\u00e3o ou substitui\u00e7\u00e3o de docentes, quando necess\u00e1rio.<\/li>\n<\/ul>\n<p>Atualmente, o NDE conta em sua composi\u00e7\u00e3o com seis (06) membros lotados no Departamento de Gest\u00e3o Ambiental \u2013 DGA, conforme <a href=\"https:\/\/drive.google.com\/file\/d\/1Nr-1pNICyF0w8xcvzMapltYGuyVp6x3i\/view?usp=sharing\"><strong><span style=\"color: #ff0000\">Portaria N\u00ba09\/2025 \u2013 GD\/FACEM<\/span><\/strong><\/a>:<\/p>\n<p>&nbsp;<\/p>\n<table style=\"border-collapse: collapse;width: 97.9001%;height: 189px\">\n<tbody>\n<tr style=\"height: 24px\">\n<td style=\"width: 23.6161%;height: 24px\"><strong>Servidor<\/strong><\/td>\n<td style=\"width: 26.9655%;height: 24px\"><strong>Titula\u00e7\u00e3o<\/strong><\/td>\n<td style=\"width: 26.9655%;height: 24px\"><strong>\u00a0Fun\u00e7\u00e3o<\/strong><\/td>\n<\/tr>\n<tr style=\"height: 24px\">\n<td style=\"width: 23.6161%;height: 24px\">Alfredo Marcelo Grigio<\/td>\n<td style=\"width: 26.9655%;height: 24px\">Doutor em Geodin\u00e2mica<\/td>\n<td style=\"width: 26.9655%;height: 24px\">Coordenador<\/td>\n<\/tr>\n<tr style=\"height: 24px\">\n<td style=\"width: 23.6161%;height: 24px\">Welka Preston Leite Batista da Costa Alves<\/td>\n<td style=\"width: 26.9655%;height: 24px\">Doutora em Agronomia<\/td>\n<td style=\"width: 26.9655%;height: 24px\">Vice-coordenadora<\/td>\n<\/tr>\n<tr style=\"height: 24px\">\n<td style=\"width: 23.6161%;height: 24px\">Anne Katherine de Holanda Bezerra Rosado<\/td>\n<td style=\"width: 26.9655%;height: 24px\">Doutora em Agronomia<\/td>\n<td style=\"width: 26.9655%;height: 24px\">Membro<\/td>\n<\/tr>\n<tr style=\"height: 23px\">\n<td style=\"width: 23.6161%;height: 23px\">Gabriela Cemirames de Souza Gurgel<\/td>\n<td style=\"width: 26.9655%;height: 23px\">Doutora em Agronomia<\/td>\n<td style=\"width: 26.9655%;height: 23px\">Membro<\/td>\n<\/tr>\n<tr style=\"height: 22px\">\n<td style=\"width: 23.6161%;height: 22px\">Roseano Medeiros da Silva<\/td>\n<td style=\"width: 26.9655%;height: 22px\">Doutor em Agronomia e Fitotecnia<\/td>\n<td style=\"width: 26.9655%;height: 24px\">Membro<\/td>\n<\/tr>\n<tr style=\"height: 22px\">\n<td style=\"width: 23.6161%;height: 22px\">Raimundo Nonato do Vale Neto<\/td>\n<td style=\"width: 26.9655%;height: 22px\">Mestre em Estudos Urbanos e Regionais<\/td>\n<td style=\"width: 26.9655%;height: 22px\">Membro<\/td>\n<\/tr>\n<\/tbody>\n<\/table>\n<p>&nbsp;<\/p>\n","protected":false},"excerpt":{"rendered":"<p>O N\u00facleo Docente Estruturante -NDE do Curso de Bacharelado em Gest\u00e3o Ambiental \u00e9 o \u00f3rg\u00e3o consultivo respons\u00e1vel pela concep\u00e7\u00e3o do Projeto Pedag\u00f3gico do curso de Gest\u00e3o Ambiental e tem, por finalidade, a implanta\u00e7\u00e3o do mesmo. Ele \u00e9 composto por professores que se dedicam na consecu\u00e7\u00e3o desses objetivos. Dentre suas atribui\u00e7\u00f5es, destacam-se: Elaborar o Projeto Pedag\u00f3gico [&hellip;]<\/p>\n","protected":false},"author":4,"featured_media":0,"parent":0,"menu_order":0,"comment_status":"closed","ping_status":"closed","template":"","meta":{"footnotes":""},"class_list":["post-783","page","type-page","status-publish","hentry"],"_links":{"self":[{"href":"https:\/\/portal.uern.br\/facem\/gestao-ambiental\/wp-json\/wp\/v2\/pages\/783","targetHints":{"allow":["GET"]}}],"collection":[{"href":"https:\/\/portal.uern.br\/facem\/gestao-ambiental\/wp-json\/wp\/v2\/pages"}],"about":[{"href":"https:\/\/portal.uern.br\/facem\/gestao-ambiental\/wp-json\/wp\/v2\/types\/page"}],"author":[{"embeddable":true,"href":"https:\/\/portal.uern.br\/facem\/gestao-ambiental\/wp-json\/wp\/v2\/users\/4"}],"replies":[{"embeddable":true,"href":"https:\/\/portal.uern.br\/facem\/gestao-ambiental\/wp-json\/wp\/v2\/comments?post=783"}],"version-history":[{"count":9,"href":"https:\/\/portal.uern.br\/facem\/gestao-ambiental\/wp-json\/wp\/v2\/pages\/783\/revisions"}],"predecessor-version":[{"id":1498,"href":"https:\/\/portal.uern.br\/facem\/gestao-ambiental\/wp-json\/wp\/v2\/pages\/783\/revisions\/1498"}],"wp:attachment":[{"href":"https:\/\/portal.uern.br\/facem\/gestao-ambiental\/wp-json\/wp\/v2\/media?parent=783"}],"curies":[{"name":"wp","href":"https:\/\/api.w.org\/{rel}","templated":true}]}}