{"id":777,"date":"2023-10-18T10:06:12","date_gmt":"2023-10-18T13:06:12","guid":{"rendered":"https:\/\/portal.uern.br\/facem\/detur\/?page_id=777"},"modified":"2023-10-18T10:42:09","modified_gmt":"2023-10-18T13:42:09","slug":"nucleo-docente-estruturante-nde","status":"publish","type":"page","link":"https:\/\/portal.uern.br\/facem\/detur\/nucleo-docente-estruturante-nde\/","title":{"rendered":"N\u00facleo Docente Estruturante &#8211; NDE"},"content":{"rendered":"<p>O N\u00facleo Docente Estruturante do curso de Turismo atua diretamente na organiza\u00e7\u00e3o e funcionamento do curso, sendo de sua atribui\u00e7\u00e3o o acompanhamento cont\u00ednuo do funcionamento do Projeto Pedag\u00f3gico do Curso para que, surgindo fatos e situa\u00e7\u00f5es que se tornem entraves \u00e0 forma\u00e7\u00e3o dos discentes, isso seja analisado em reuni\u00e3o buscando dirimir os problemas apresentados.<\/p>\n<p>Atualmente, o NDE conta em sua composi\u00e7\u00e3o com sete (07) membros, sendo, dentre estes, a chefe do Departamento de Turismo &#8211; DETUR, a professora Michele de Sousa, tamb\u00e9m a coordenadora do NDE, e demais professores lotados no DETUR, conforme portaria n\u00ba 007\/2022 de nomea\u00e7\u00e3o, com 02 horas de carga hor\u00e1ria de trabalho: <a href=\"https:\/\/portal.uern.br\/facem\/detur\/wp-content\/uploads\/sites\/11\/2023\/10\/Portaria-NDE-2022.pdf\" target=\"_blank\" rel=\"noopener\">CONSULTE A PORTARIA AQUI<\/a><\/p>\n<p><span style=\"font-weight: 400\">Forma\u00e7\u00e3o e titula\u00e7\u00e3o dos membros do NDE<\/span><\/p>\n<table>\n<tbody>\n<tr>\n<td><b>Servidor<\/b><\/td>\n<td><b>Forma\u00e7\u00e3o<\/b><\/td>\n<td><b>Titula\u00e7\u00e3o<\/b><\/td>\n<\/tr>\n<tr>\n<td><span style=\"font-weight: 400\">Andr\u00e9a Ara\u00fajo de Jesus<\/span><\/td>\n<td><span style=\"font-weight: 400\">Turism\u00f3loga<\/span><\/td>\n<td><span style=\"font-weight: 400\">Mestra<\/span><\/td>\n<\/tr>\n<tr>\n<td><span style=\"font-weight: 400\">Aritania Alves Vieira<\/span><\/td>\n<td><span style=\"font-weight: 400\">Letr\u00f3loga<\/span><\/td>\n<td><span style=\"font-weight: 400\">Mestra<\/span><\/td>\n<\/tr>\n<tr>\n<td><span style=\"font-weight: 400\">Michele de Sousa<\/span><\/td>\n<td><span style=\"font-weight: 400\">Turism\u00f3loga<\/span><\/td>\n<td><span style=\"font-weight: 400\">Doutora<\/span><\/td>\n<\/tr>\n<tr>\n<td><span style=\"font-weight: 400\">Raimunda Maria Marques de Azevedo<\/span><\/td>\n<td><span style=\"font-weight: 400\">Turism\u00f3loga<\/span><\/td>\n<td><span style=\"font-weight: 400\">Mestra<\/span><\/td>\n<\/tr>\n<tr>\n<td><span style=\"font-weight: 400\">Roberto Rangel Pereira<\/span><\/td>\n<td><span style=\"font-weight: 400\">Turism\u00f3logo<\/span><\/td>\n<td><span style=\"font-weight: 400\">Mestre<\/span><\/td>\n<\/tr>\n<tr>\n<td><span style=\"font-weight: 400\">Salete Gon\u00e7alves<\/span><\/td>\n<td><span style=\"font-weight: 400\">Turism\u00f3loga<\/span><\/td>\n<td><span style=\"font-weight: 400\">Doutora<\/span><\/td>\n<\/tr>\n<tr>\n<td><span style=\"font-weight: 400\">Saulo Gomes Batista<\/span><\/td>\n<td><span style=\"font-weight: 400\">Turism\u00f3logo<\/span><\/td>\n<td><span style=\"font-weight: 400\">Doutor<\/span><\/td>\n<\/tr>\n<\/tbody>\n<\/table>\n","protected":false},"excerpt":{"rendered":"<p>O N\u00facleo Docente Estruturante do curso de Turismo atua diretamente na organiza\u00e7\u00e3o e funcionamento do curso, sendo de sua atribui\u00e7\u00e3o o acompanhamento cont\u00ednuo do funcionamento do Projeto Pedag\u00f3gico do Curso para que, surgindo fatos e situa\u00e7\u00f5es que se tornem entraves \u00e0 forma\u00e7\u00e3o dos discentes, isso seja analisado em reuni\u00e3o buscando dirimir os problemas apresentados. Atualmente, [&hellip;]<\/p>\n","protected":false},"author":2,"featured_media":0,"parent":0,"menu_order":0,"comment_status":"closed","ping_status":"closed","template":"","meta":{"footnotes":""},"class_list":["post-777","page","type-page","status-publish","hentry"],"_links":{"self":[{"href":"https:\/\/portal.uern.br\/facem\/detur\/wp-json\/wp\/v2\/pages\/777","targetHints":{"allow":["GET"]}}],"collection":[{"href":"https:\/\/portal.uern.br\/facem\/detur\/wp-json\/wp\/v2\/pages"}],"about":[{"href":"https:\/\/portal.uern.br\/facem\/detur\/wp-json\/wp\/v2\/types\/page"}],"author":[{"embeddable":true,"href":"https:\/\/portal.uern.br\/facem\/detur\/wp-json\/wp\/v2\/users\/2"}],"replies":[{"embeddable":true,"href":"https:\/\/portal.uern.br\/facem\/detur\/wp-json\/wp\/v2\/comments?post=777"}],"version-history":[{"count":5,"href":"https:\/\/portal.uern.br\/facem\/detur\/wp-json\/wp\/v2\/pages\/777\/revisions"}],"predecessor-version":[{"id":801,"href":"https:\/\/portal.uern.br\/facem\/detur\/wp-json\/wp\/v2\/pages\/777\/revisions\/801"}],"wp:attachment":[{"href":"https:\/\/portal.uern.br\/facem\/detur\/wp-json\/wp\/v2\/media?parent=777"}],"curies":[{"name":"wp","href":"https:\/\/api.w.org\/{rel}","templated":true}]}}