{"id":589,"date":"2023-07-21T11:54:46","date_gmt":"2023-07-21T14:54:46","guid":{"rendered":"https:\/\/portal.uern.br\/facem\/detur\/?page_id=589"},"modified":"2025-05-23T08:11:38","modified_gmt":"2025-05-23T11:11:38","slug":"estagio","status":"publish","type":"page","link":"https:\/\/portal.uern.br\/facem\/detur\/estagio\/","title":{"rendered":"Est\u00e1gio"},"content":{"rendered":"<p>Os estudantes do curso de Gradua\u00e7\u00e3o em Turismo ser\u00e3o submetidos, em car\u00e1ter obrigat\u00f3rio, a um est\u00e1gio, denominado Est\u00e1gio Curricular Supervisionado. O Est\u00e1gio Curricular Supervisionado ocorrer\u00e1 no quinto per\u00edodo do curso, com estrita observ\u00e2ncia da legisla\u00e7\u00e3o pertinente, Resolu\u00e7\u00e3o N 05\/2015 &#8211; CONSEPE, a qual regulamenta o Est\u00e1gio Curricular Supervisionado Obrigat\u00f3rio nos Cursos de Bacharelado da Universidade do Estado do Rio Grande do Norte e a Lei Federal 11. 788\/2008. A referida lei disp\u00f5e sobre o est\u00e1gio de estudantes de institui\u00e7\u00f5es de educa\u00e7\u00e3o superior, da educa\u00e7\u00e3o profissional e do ensino m\u00e9dio, inclusive nas modalidades de educa\u00e7\u00e3o de jovens e adultos e de educa\u00e7\u00e3o especial e d\u00e1 outras provid\u00eancias.<\/p>\n<p>Nesse contexto, entende-se por Est\u00e1gio Curricular Supervisionado o per\u00edodo destinado a complementar a forma\u00e7\u00e3o do estudante, abrangendo aprendizado pr\u00e1tico em campos que possam contribuir para o desenvolvimento de sua qualifica\u00e7\u00e3o profissional. S\u00e3o objetivos do Est\u00e1gio Curricular Supervisionado:<\/p>\n<p>\u2022 Desenvolver os conhecimentos acad\u00eamicos do estudante, criando oportunidades para que o mesmo possa refletir e estabelecer as rela\u00e7\u00f5es<br \/>\nentre a teoria e a pr\u00e1tica profissional\u037e<\/p>\n<p>\u2022 Integrar o estudante com a realidade social e profissional, visando a identificac\u0327a\u0303o de futuras \u00e1reas de atuac\u0327a\u0303o no mercado de trabalho\u037e<\/p>\n<p>\u2022 Desenvolver habilidades e compet\u00eancias requeridas para o exerc\u00edcio profissional\u037e<\/p>\n<p>\u2022 Promover a intera\u00e7\u00e3o do estudante com o campo de est\u00e1gio, contribuindo para as mudanc\u0327as ambientais e organizacionais\u037e<\/p>\n<p>\u2022 Possibilitar a reflex\u00e3o do estudante sobre os aspectos \u00e9ticos e legais inerentes ao exerci\u0301cio profissional\u037e<\/p>\n<p>\u2022 Elaborar relat\u00f3rio ao final do Est\u00e1gio Curricular Supervisionado, que ser\u00e1 entregue ao docente coordenador de est\u00e1gio.<\/p>\n<p>No que concerne a sua dura\u00e7\u00e3o e matr\u00edcula, o Est\u00e1gio Curricular Supervisionado possui carga hor\u00e1ria m\u00ednima de 180 horas, sendo 30 horas-aulas em sala de aula e 150 horas pr\u00e1ticas em ambientes pr\u00f3prios da \u00e1rea profissional, objeto de sua forma\u00e7\u00e3o, desde que estes espa\u00e7os atendam \u00e0s condi\u00e7\u00f5es necess\u00e1rias apontadas pela legisla\u00e7\u00e3o em vigor.<\/p>\n<p>Somente poder\u00e1 matricular-se no Est\u00e1gio Curricular Supervisionado o estudante que tenha cursado as disciplinas Planejamento Tur\u00edstico I, Gest\u00e3o de Meios de Hospedagem e Agenciamento de Viagens.<\/p>\n<p style=\"text-align: center\"><strong>I &#8211; Do campo de Est\u00e1gio<\/strong><\/p>\n<p>\u00a0 \u00a0 \u00a0 \u00a0 \u00a0 Constitui-se Campo de Est\u00e1gio Curricular Supervisionado Obrigat\u00f3rio a entidade concedente, de direito privado, \u00f3rg\u00e3o da administra\u00e7\u00e3o p\u00fablica, ou terceiro setor voltado para a \u00e1rea de turismo e afins, que ofere\u00e7a oportunidade de est\u00e1gio aos discentes do Curso de Turismo do Campus Central.<\/p>\n<p>O Est\u00e1gio Curricular Supervisionado Obrigat\u00f3rio somente poder\u00e1 ser realizado mediante a formaliza\u00e7\u00e3o de Conv\u00eanio entre a Universidade e a Institui\u00e7\u00e3o<br \/>\nconcedente. O Est\u00e1gio Curricular Supervisionado ser\u00e1 realizado respeitando a estrutura curricular do curso e os campos de atua\u00e7\u00e3o.<\/p>\n<p>O aluno estagi\u00e1rio poder\u00e1 realizar seu Est\u00e1gio Curricular Supervisionado nos seguintes segmentos:<\/p>\n<p>a. Ag\u00eancias de Viagens;<br \/>\nb. Hospedagem;<br \/>\nc. Transportes;<br \/>\nd. Alimenta\u00e7\u00e3o;<br \/>\ne. Eventos e cerimonial;<br \/>\nf. Lazer;<br \/>\ng. Planejamento;<br \/>\nh. Gest\u00e3o p\u00fablica;<br \/>\ni. Consultoria;<br \/>\nj. Marketing;<br \/>\nk. Patrim\u00f4nio;<br \/>\nl. Educa\u00e7\u00e3o.<\/p>\n<p>O Est\u00e1gio Curricular Supervisionado Obrigat\u00f3rio poder\u00e1 ser realizado na Empresa\/Institui\u00e7\u00e3o onde o discente tenha v\u00ednculo empregat\u00edcio, em hor\u00e1rio adverso ao do seu trabalho e\/ou em hor\u00e1rio reservado, com a pr\u00e9via autoriza\u00e7\u00e3o da Empresa e\/ou Institui\u00e7\u00e3o para sua realiza\u00e7\u00e3o, quando as atividades profissionais do discente junto \u00e0 Institui\u00e7\u00e3o forem compat\u00edveis com a proposta de Est\u00e1gio estabelecida no Projeto Pedag\u00f3gico de Curso \u2013 PPC.<\/p>\n<p style=\"text-align: center\"><strong>II \u2013 Das Condi\u00e7\u00f5es de Realiza\u00e7\u00e3o do Est\u00e1gio<\/strong><\/p>\n<p>\u00a0 \u00a0 \u00a0 \u00a0 \u00a0 A realiza\u00e7\u00e3o do Est\u00e1gio Curricular Supervisionado Obrigat\u00f3rio ocorrer\u00e1 mediante Termo de Compromisso do Est\u00e1gio &#8211; TCE celebrado entre o estudante e a parte concedente, com interveni\u00eancia obrigat\u00f3ria da UERN.<\/p>\n<p>O Est\u00e1gio Curricular Supervisionado Obrigat\u00f3rio, conforme defini\u00e7\u00e3o da Legisla\u00e7\u00e3o em vigor, n\u00e3o estabelece v\u00ednculo empregat\u00edcio, podendo, o estagi\u00e1rio, receber bolsa de Est\u00e1gio, ou outra forma de contrapresta\u00e7\u00e3o, que venha a ser acordada ressalvado o que dispuser a Legisla\u00e7\u00e3o previdenci\u00e1ria.<\/p>\n<p>Os Est\u00e1gios Curriculares Supervisionados Obrigat\u00f3rios ser\u00e3o realizados no local da sede do Curso, em turno adverso ao das aulas presenciais, excetuando-se aqueles casos em que no pr\u00f3prio turno de aulas esteja previsto hor\u00e1rio destinado \u00e0 carga hor\u00e1ria do Est\u00e1gio Curricular Supervisionado Obrigat\u00f3rio em Campo.<\/p>\n<p style=\"text-align: center\"><strong>III &#8211; Da Coordena\u00e7\u00e3o e Supervis\u00e3o de Est\u00e1gio<\/strong><\/p>\n<p>\u00a0 \u00a0 \u00a0 \u00a0 \u00a0 Entende-se por Coordena\u00e7\u00e3o de Est\u00e1gio Curricular Supervisionado a atividade destinada a planejar, acompanhar e orientar o estudante, de forma a garantir a consecu\u00e7\u00e3o dos objetivos estabelecidos neste regulamento.<\/p>\n<p>A Coordena\u00e7\u00e3o ser\u00e1 exercida por docente do Curso de Turismo, indicado pelo Colegiado do Curso de Turismo com perman\u00eancia de 4 (quatro) semestres letivos, podendo ser reconduzido, mediante aprova\u00e7\u00e3o da plen\u00e1ria do Departamento Acad\u00eamico, por igual per\u00edodo. \u00c9 compet\u00eancia do Coordenador de Est\u00e1gio Curricular Supervisionado:<\/p>\n<p>I. Coordenar as atividades do Est\u00e1gio Curricular Supervisionado\u037e<\/p>\n<p>II. Indicar para o setor competente da Universidade as entidades da \u00e1rea de turismo e afins, visando \u00e0 obtenc\u0327a\u0303o de oferta de est\u00e1gios\u037e<\/p>\n<p>III. Divulgar as ofertas de est\u00e1gios aos estudantes do curso\u037e<\/p>\n<p>IV. Enviar, ao setor competente da Universidade, a rela\u00e7\u00e3o das institui\u00e7\u00f5es para efeito de celebra\u00e7\u00e3o de instrumentos de conv\u00eanios e termos de compromisso de est\u00e1gio\u037e<\/p>\n<p>V. Elaborar e entregar ao estudante estagi\u00e1rio, no in\u00edcio do semestre letivo, as instru\u00e7\u00f5es gerais de realiza\u00e7\u00e3o do Est\u00e1gio Curricular Supervisionado, orientando-os quanto ao preenchimento e aos prazos de entrega do plano e do relato\u0301rio final de est\u00e1gio\u037e<\/p>\n<p>VI. Acompanhar e orientar as atividades desenvolvidas nos campos de est\u00e1gio, ao longo de todo o processo, em paralelo ao supervisor de campo da empresa estagiada e supervisor acade\u0302mico de est\u00e1gio\u037e<\/p>\n<p>VII. Acompanhar e orientar, por meio de visitas aos campos de est\u00e1gio, em casos excepcionais\u037e<\/p>\n<p>VIII. Identificar e solucionar problemas existentes no Est\u00e1gio Curricular Supervisionado\u037e<\/p>\n<p>IX. Analisar os formul\u00e1rios preenchidos pelo estudante estagi\u00e1rio e pelo supervisor de campo da empresa estagiada\u037e<\/p>\n<p>X. Propor medidas com a finalidade de aperfei\u00e7oar o processo do Est\u00e1gio Curricular Supervisionado.<\/p>\n<p>\u00c9 de compet\u00eancia do Supervisor Acad\u00eamico de est\u00e1gio:<\/p>\n<p>I. Orientar o estudante estagi\u00e1rio na elabora\u00e7\u00e3o do Plano de Est\u00e1gio e do Relato\u0301rio Final de est\u00e1gio\u037e<\/p>\n<p>II. Acompanhar e orientar por meio de visitas os alunos que estiverem sob sua supervis\u00e3o;<\/p>\n<p>III. Orientar o estudante estagi\u00e1rio na elabora\u00e7\u00e3o do material a ser apresentado no Semin\u00e1rio de Est\u00e1gio.<\/p>\n<p>\u00c9 de compet\u00eancia do Supervisor de Campo do Est\u00e1gio Curricular Supervisionado:<\/p>\n<p>I. Disponibilizar vaga para a realizac\u0327a\u0303o do est\u00e1gio curricular\u037e<\/p>\n<p>II. Fornecer dados da empresa para elabora\u00e7\u00e3o do Instrumento de Conv\u00eanio e do Termo de Compromisso de Est\u00e1gio\u037e<\/p>\n<p>III. Acompanhar e orientar o estudante estagi\u00e1rio em campo\u037e<\/p>\n<p>IV. Fornecer informa\u00e7\u00f5es ao docente coordenador de est\u00e1gio quanto \u00e0 atua\u00e7\u00e3o e aproveitamento do estudante estagi\u00e1rio em campo, no decorrer da realiza\u00e7\u00e3o do est\u00e1gio\u037e<\/p>\n<p>V. Preencher e encaminhar os formul\u00e1rios solicitados pelo docente Coordenador de Est\u00e1gio.<\/p>\n<p style=\"text-align: center\"><strong>IV &#8211; Do Plano e do Relat\u00f3rio Final de Est\u00e1gio <\/strong><\/p>\n<p>\u00a0 \u00a0 \u00a0 \u00a0 \u00a0 A avalia\u00e7\u00e3o do est\u00e1gio curricular obrigat\u00f3rio (plano e relat\u00f3rio) \u00e9 de responsabilidade do coordenador de est\u00e1gio, com a colabora\u00e7\u00e3o do supervisor de campo de est\u00e1gio e devendo ser elaborada de acordo com o modelo proposto pela coordena\u00e7\u00e3o de est\u00e1gio.<\/p>\n<p style=\"text-align: center\"><strong>V \u2013 Do Processo de Avalia\u00e7\u00e3o de Aprendizagem<\/strong><\/p>\n<p>\u00a0 \u00a0 \u00a0 \u00a0 \u00a0 A avalia\u00e7\u00e3o \u00e9 parte integrante do processo pedag\u00f3gico, devendo prover o curso de gradua\u00e7\u00e3o em Turismo de informa\u00e7\u00f5es fundamentais, visando subsidi\u00e1-lo nos processos de aprimoramento curricular e de melhoria da qualidade do ensino.<\/p>\n<p>A avalia\u00e7\u00e3o dos estudantes estagi\u00e1rios incidir\u00e1 sobre a frequ\u00eancia na empresa, no desempenho das atividades desenvolvidas durante a realiza\u00e7\u00e3o do Est\u00e1gio Curricular Supervisionado e na entrega do Plano de Est\u00e1gio e do Relat\u00f3rio Final de Est\u00e1gio.<\/p>\n<p>\u00c9 obrigat\u00f3ria a frequ\u00eancia integral em todas as atividades programadas para o Est\u00e1gio Curricular Supervisionado, n\u00e3o sendo permitido sob hip\u00f3tese nenhuma, o abono de faltas. A avalia\u00e7\u00e3o do desempenho do discente ser\u00e1 avaliado nos seguintes aspectos:<\/p>\n<p>\u25cf Interpessoais; II &#8211; Pessoais; e<br \/>\n\u25cf T\u00e9cnicos \/profissionais.<\/p>\n<p>A avalia\u00e7\u00e3o do Plano de Est\u00e1gio ser\u00e1 de responsabilidade do docente Coordenador do Est\u00e1gio Curricular Supervisionado, numa escala de 0 a 10 pontos. A avalia\u00e7\u00e3o do Est\u00e1gio Curricular Supervisionado ser\u00e1 definida no Programa de Est\u00e1gio, atendendo:<\/p>\n<p>I. Acompanhamento peri\u00f3dico do docente coordenador do Est\u00e1gio Curricular Supervisionado;<\/p>\n<p>II. Ficha de Avalia\u00e7\u00e3o do Estudante Estagi\u00e1rio devidamente preenchida e assinada pelo Supervisor de Campo;<\/p>\n<p>III. Elabora\u00e7\u00e3o do Relat\u00f3rio Final de Est\u00e1gio numa escala de 0 a 10 pontos.<\/p>\n<p>A estrutura do Relat\u00f3rio Final deve conter a introdu\u00e7\u00e3o, referencial te\u00f3rico, caracteriza\u00e7\u00e3o da empresa, relat\u00f3rio descritivo, considera\u00e7\u00f5es finais, refer\u00eancias, ap\u00eandice e anexo.<\/p>\n<p>O prazo para a entrega do Relat\u00f3rio Final de est\u00e1gio \u00e9 estipulado em calend\u00e1rio a ser divulgado no in\u00edcio do semestre letivo pelo Coordenador do Est\u00e1gio Curricular Supervisionado para discentes e docentes.<\/p>\n<p>I. N\u00e3o haver\u00e1 prorroga\u00e7\u00e3o dos prazos estabelecidos no calend\u00e1rio divulgado pelo docente Coordenador de Est\u00e1gio, exceto em casos excepcionais, que ser\u00e3o analisados pelo coordenador.<\/p>\n<p>II. A entrega dos resultados dever\u00e1 observar os prazos finais estipulados no calend\u00e1rio da Universidade.<\/p>\n<p>III. O aluno que n\u00e3o entregar o Relat\u00f3rio Final de Est\u00e1gio no prazo estipulado pelo Coordenador de Est\u00e1gio ter\u00e1 sua nota zerada.<\/p>\n<p>Os estudantes matriculados nos Est\u00e1gio Curricular Supervisionado somente ser\u00e3o considerados aprovados aqueles que cumprirem com os crit\u00e9rios estabelecidos nos cap\u00edtulos V e VI e obtiverem m\u00e9dia final m\u00ednima de 6,0 (seis).<\/p>\n<p style=\"text-align: center\"><strong>VI &#8211; Dos Direitos e Deveres dos Estagi\u00e1rios<\/strong><\/p>\n<p>\u00a0 \u00a0 \u00a0 \u00a0 \u00a0 S\u00e3o direitos do Estagi\u00e1rio:<\/p>\n<p>I. Sugerir \u00e1rea e local de est\u00e1gio de interesse\u037e<\/p>\n<p>II. Solicitar a orienta\u00e7\u00e3o do docente supervisor, respeitadas as \u00e1reas de dom\u00ednio dos campos de est\u00e1gio e de acordo com a disponibilidade de tempo.<\/p>\n<p>S\u00e3o deveres do Estagi\u00e1rio:<\/p>\n<p>III. Dedicar-se, integralmente, \u00e0s atividades estabelecidas no Est\u00e1gio Curricular\u037e<\/p>\n<p>IV. Cumprir os hor\u00e1rios do est\u00e1gio e as atribuic\u0327o\u0303es estabelecidas no Plano de Est\u00e1gio\u037e<\/p>\n<p>V. Frequentar, obrigatoriamente, reunio\u0303es, quando for convocado\u037e<\/p>\n<p>VI. Cumprir as disposi\u00e7\u00f5es deste Regulamento, bem como os demais procedimentos contidos na Legislac\u0327a\u0303o Educacional e no Regimento da Universidade\u037e<\/p>\n<p>VII. Atender as normas para elabora\u00e7\u00e3o do Plano de Est\u00e1gio e Relat\u00f3rio Final;<\/p>\n<p>VIII. Preencher todos os formul\u00e1rios referentes ao campo de est\u00e1gio e entregar ao coordenador de est\u00e1gio ap\u00f3s o cumprimento da carga hor\u00e1ria m\u00ednima exigida.<\/p>\n<p style=\"text-align: center\"><strong>VII &#8211; Das Penalidades<\/strong><\/p>\n<p>\u00a0 \u00a0 \u00a0 \u00a0 \u00a0 A n\u00e3o observ\u00e2ncia \u00e0s cl\u00e1usulas e condi\u00e7\u00f5es estabelecidas importar\u00e1 em:<\/p>\n<p>a) Recebimento de adverte\u0302ncia, por escrito, emitida pela Coordenac\u0327a\u0303o de Est\u00e1gio\u037e<br \/>\nb) Em caso de m\u00e1 conduta, abandono e\/ou expuls\u00e3o do campo de est\u00e1gio, o estudante ficar\u00e1 impossibilitado de terminar o Est\u00e1gio Curricular Supervisionado.<\/p>\n<p style=\"text-align: center\"><strong>VIII &#8211; Das Disposi\u00e7\u00f5es Finais<\/strong><\/p>\n<p>\u00a0 \u00a0 \u00a0 \u00a0 \u00a0 O estagi\u00e1rio dever\u00e1 comunicar oficialmente ao docente coordenador de est\u00e1gio qualquer acontecimento n\u00e3o previsto nas atividades desenvolvidas durante o mesmo. Caso haja alguma situa\u00e7\u00e3o de constrangimento para o estagi\u00e1rio, dever\u00e1 ser solicitada a intermedia\u00e7\u00e3o do professor coordenador de est\u00e1gio, cabendo ao Colegiado do Curso a decis\u00e3o final.<\/p>\n<p>Observadas \u00e0s diretrizes e as disposi\u00e7\u00f5es normativas estabelecidas pelo presente Regulamento, bem como as demais pertinentes contidas na Resolu\u00e7\u00e3o N 05\/2015 &#8211; CONSEPE, a qual regulamenta o Est\u00e1gio Curricular Supervisionado<\/p>\n<p>Obrigat\u00f3rio nos Cursos de Bacharelado da Universidade do Estado do Rio Grande do Norte e a Lei Federal 11. 788\/2008, competem \u00e0 Coordena\u00e7\u00e3o de Est\u00e1gio Curricular e ao Colegiado do Curso de Turismo baixar instru\u00e7\u00f5es complementares de car\u00e1ter normativo e procedimental visando \u00e0 plena e efetiva consecu\u00e7\u00e3o dos objetivos do Est\u00e1gio Curricular Supervisionado do Curso de Turismo.<\/p>\n<p>Os casos omissos ser\u00e3o avaliados e resolvidos pelo Colegiado do Curso de Turismo da Universidade do Estado do Rio Grande do Norte &#8211; UERN.<\/p>\n<p style=\"text-align: center\"><strong>IX \u2013 Do Est\u00e1gio n\u00e3o obrigat\u00f3rio<\/strong><\/p>\n<p>\u00a0 \u00a0 \u00a0 \u00a0 \u00a0 O curso de turismo reconhece o Est\u00e1gio Curricular Supervisionado N\u00e3o Obrigat\u00f3rio, com estrita observ\u00e2ncia da legisla\u00e7\u00e3o pertinente, sendo regulamentado pela Lei Federal 11. 788\/2008 que disp\u00f5e sobre o est\u00e1gio de estudantes de institui\u00e7\u00f5es de educa\u00e7\u00e3o superior, da educa\u00e7\u00e3o profissional e do ensino m\u00e9dio, inclusive nas modalidades de educa\u00e7\u00e3o de jovens e adultos e de educa\u00e7\u00e3o especial e d\u00e1 outras provid\u00eancias e, institucionalmente, pela Resolu\u00e7\u00e3o n\u00b0 15\/2017 &#8211; CONSEPE, a qual regulamenta o Est\u00e1gio Curricular Supervisionado N\u00e3o Obrigat\u00f3rio para os discentes dos Cursos de Gradua\u00e7\u00e3o da UERN. Cabe destacar que para a oferta do est\u00e1gio curricular supervisionado n\u00e3oobrigat\u00f3rio, conforme Resolu\u00e7\u00e3o n\u00ba 15\/2017 &#8211; CONSEPE, artigo 4\u00ba, dever\u00e1 ser firmado termo de conv\u00eanio (TCE) entre a UERN e a Institui\u00e7\u00e3o Concedente, com ou sem fins lucrativos, ou por Agente de Integra\u00e7\u00e3o. Ademais, conforme rege o artigo 6\u00ba, n\u00e3o poder\u00e1 exceder a carga hor\u00e1ria de 30 horas semanais, bem como, a dura\u00e7\u00e3o do est\u00e1gio, na mesma institui\u00e7\u00e3o concedente, n\u00e3o poder\u00e1 exceder 2 (dois) anos, exceto quando se tratar de discente estagi\u00e1rio com defici\u00eancia.<\/p>\n<p>Salienta-se ainda que para o aluno candidatar-se a uma vaga de est\u00e1gio curricular supervisionado n\u00e3o-obrigat\u00f3rio, dever\u00e1 estar regularmente matriculado e frequentando curso de gradua\u00e7\u00e3o da UERN e ter disponibilidade para desenvolver as atividades de est\u00e1gio conforme TCE, consoante ao artigo 8\u00ba da supracitada Resolu\u00e7\u00e3o.<\/p>\n<p>Por fim, ressalta-se que o discente estagi\u00e1rio dever\u00e1 elaborar um plano de atividades conjuntamente com o Supervisor de Campo, apresentar registro de frequ\u00eancia e relat\u00f3rio das atividades de est\u00e1gio ao coordenador de est\u00e1gio.<\/p>\n<p>(FONTE: PPC DETUR\/2023)<\/p>\n<hr \/>\n<p><strong>DOCUMENTOS DE EST\u00c1GIO N\u00c3O OBRIGAT\u00d3RIO DO ALUNO<\/strong><\/p>\n<p>1) RESOLU\u00c7\u00c3O N\u00ba 15\/2017 &#8211; CONSEPE (<a href=\"https:\/\/www.uern.br\/controledepaginas\/depto-turismo-campo-estagio\/arquivos\/1335resolua%C2%A7a%C2%A3o_na_15_2017_consepe_aprova_o_regulamento_de_estagio_curricular_supervisionado_nao_obrigatorio.pdf\" target=\"_blank\" rel=\"noopener\">BAIXE AQUI<\/a>)<\/p>\n<p>2) LEI FEDERAL N\u00ba 11778\/2008 (<a href=\"https:\/\/www.uern.br\/controledepaginas\/depto-turismo-campo-estagio\/arquivos\/1335lei_de_estagio_federal.pdf\" target=\"_blank\" rel=\"noopener\">BAIXE AQUI<\/a>)<\/p>\n<p>3) RECOMENDA\u00c7\u00d5ES ACERCA DO EST\u00c1GIO N\u00c3O OBRIGAT\u00d3RIO (<a href=\"https:\/\/www.uern.br\/controledepaginas\/depto-turismo-campo-estagio\/arquivos\/1335recomendaa%E2%80%A1a%E2%80%A2es_acerca_do_estagio_na%C6%92o_obrigata%E2%80%9Crio.pdf\" target=\"_blank\" rel=\"noopener\">BAIXE AQUI<\/a>)<\/p>\n<p>4) FORMUL\u00c1RIO DE AVALIA\u00c7\u00c3O DAS INSTALA\u00c7\u00d5ES DA CONCEDENTE DE EST\u00c1GIO (<a href=\"https:\/\/www.uern.br\/controledepaginas\/depto-turismo-campo-estagio\/arquivos\/1335formula%C2%81rio_avaliaa%E2%80%A1a%C6%92o_das_instalaa%E2%80%A1a%E2%80%A2es_da_concedente_estagio.pdf\" target=\"_blank\" rel=\"noopener\">BAIXE AQUI<\/a>)<\/p>\n<p>5) RELAT\u00d3RIO DAS ATIVIDADES DO EST\u00c1GIO SUPERVISIONADO CURRICULAR N\u00c3O OBRIGAT\u00d3RIO (<a href=\"https:\/\/www.uern.br\/controledepaginas\/depto-turismo-campo-estagio\/arquivos\/1335modelo_de_relatorio_estagio_nao_obrigatorio_dae_uern_novo.pdf\" target=\"_blank\" rel=\"noopener\">BAIXE AQUI<\/a>)<\/p>\n<hr \/>\n<p><strong>DOCUMENTOS DE EST\u00c1GIO OBRIGAT\u00d3RIO DO ALUNO<\/strong><\/p>\n<p>a) Formul\u00e1rio de Solicita\u00e7\u00e3o de TCE (<a href=\"https:\/\/portal.uern.br\/facem\/detur\/wp-content\/uploads\/sites\/11\/2025\/05\/FORMULARIO-TCE.pdf\" target=\"_blank\" rel=\"noopener\">BAIXE AQUI<\/a>)<\/p>\n<p>b) Resolu\u00e7\u00e3o N\u00b0 19\/2023 &#8211; CONSEPE (<a href=\"https:\/\/portal.uern.br\/facem\/detur\/wp-content\/uploads\/sites\/11\/2023\/08\/Resolucao-No-19-2023-CONSEPE-Regulamenta-Estagio-Curricular-Supervisionado-Obrigatorio-Cursos-Bacharelado-Uern-e-revoga-Resolucao-no-05-2015.pdf\" target=\"_blank\" rel=\"noopener\">BAIXE AQUI<\/a>)<\/p>\n<p>c) Plano de est\u00e1gio I &#8211; DISPONIBILIZADO PELO PROFESSOR<\/p>\n<p>d) Avalia\u00e7\u00e3o do est\u00e1gio &#8211; aluno (<a href=\"https:\/\/www.uern.br\/controledepaginas\/depto-turismo-campo-estagio\/arquivos\/1335estagio_aval_discente.pdf\" target=\"_blank\" rel=\"noopener\">BAIXE AQUI<\/a>)<\/p>\n<p>e) Avalia\u00e7\u00e3o do est\u00e1gio pelo supervisor da empresa (<a href=\"https:\/\/www.uern.br\/controledepaginas\/depto-turismo-campo-estagio\/arquivos\/1335estagio_avaliaa%E2%80%A1a%C6%92o_emp.pdf\" target=\"_blank\" rel=\"noopener\">BAIXE AQUI<\/a>)<\/p>\n<p>f) Relat\u00f3rio final de est\u00e1gio I (<a href=\"https:\/\/www.uern.br\/controledepaginas\/depto-turismo-campo-estagio\/arquivos\/1335relata%C2%B3rio_final_de_estagio_i.pdf\" target=\"_blank\" rel=\"noopener\">BAIXE AQUI<\/a>)<\/p>\n<p>g) Frequ\u00eancia das orienta\u00e7\u00f5es de est\u00e1gio (<a href=\"https:\/\/www.uern.br\/controledepaginas\/depto-turismo-campo-estagio\/arquivos\/1335controle_frequancia_de_orientaa%C2%A7a%C2%A3o_prof.pdf\" target=\"_blank\" rel=\"noopener\">BAIXE AQUI<\/a>)<\/p>\n<p>h) Di\u00e1rio de campo (<a href=\"https:\/\/www.uern.br\/controledepaginas\/depto-turismo-campo-estagio\/arquivos\/1335diario_de_campo.pdf\" target=\"_blank\" rel=\"noopener\">BAIXE AQUI<\/a>)<\/p>\n<p>i) Folha de ponto (<a href=\"https:\/\/www.uern.br\/controledepaginas\/depto-turismo-campo-estagio\/arquivos\/1335controle_frequencia_esta%C2%A1gio.pdf\">BAIXE AQUI<\/a>)<\/p>\n","protected":false},"excerpt":{"rendered":"<p>Os estudantes do curso de Gradua\u00e7\u00e3o em Turismo ser\u00e3o submetidos, em car\u00e1ter obrigat\u00f3rio, a um est\u00e1gio, denominado Est\u00e1gio Curricular Supervisionado. O Est\u00e1gio Curricular Supervisionado ocorrer\u00e1 no quinto per\u00edodo do curso, com estrita observ\u00e2ncia da legisla\u00e7\u00e3o pertinente, Resolu\u00e7\u00e3o N 05\/2015 &#8211; CONSEPE, a qual regulamenta o Est\u00e1gio Curricular Supervisionado Obrigat\u00f3rio nos Cursos de Bacharelado da Universidade [&hellip;]<\/p>\n","protected":false},"author":2,"featured_media":0,"parent":0,"menu_order":0,"comment_status":"closed","ping_status":"closed","template":"","meta":{"footnotes":""},"class_list":["post-589","page","type-page","status-publish","hentry"],"_links":{"self":[{"href":"https:\/\/portal.uern.br\/facem\/detur\/wp-json\/wp\/v2\/pages\/589","targetHints":{"allow":["GET"]}}],"collection":[{"href":"https:\/\/portal.uern.br\/facem\/detur\/wp-json\/wp\/v2\/pages"}],"about":[{"href":"https:\/\/portal.uern.br\/facem\/detur\/wp-json\/wp\/v2\/types\/page"}],"author":[{"embeddable":true,"href":"https:\/\/portal.uern.br\/facem\/detur\/wp-json\/wp\/v2\/users\/2"}],"replies":[{"embeddable":true,"href":"https:\/\/portal.uern.br\/facem\/detur\/wp-json\/wp\/v2\/comments?post=589"}],"version-history":[{"count":9,"href":"https:\/\/portal.uern.br\/facem\/detur\/wp-json\/wp\/v2\/pages\/589\/revisions"}],"predecessor-version":[{"id":1042,"href":"https:\/\/portal.uern.br\/facem\/detur\/wp-json\/wp\/v2\/pages\/589\/revisions\/1042"}],"wp:attachment":[{"href":"https:\/\/portal.uern.br\/facem\/detur\/wp-json\/wp\/v2\/media?parent=589"}],"curies":[{"name":"wp","href":"https:\/\/api.w.org\/{rel}","templated":true}]}}