{"id":558,"date":"2023-07-21T11:08:36","date_gmt":"2023-07-21T14:08:36","guid":{"rendered":"https:\/\/portal.uern.br\/facem\/detur\/?page_id=558"},"modified":"2023-07-21T11:08:36","modified_gmt":"2023-07-21T14:08:36","slug":"linhas-de-pesquisas-dos-docentes-detur","status":"publish","type":"page","link":"https:\/\/portal.uern.br\/facem\/detur\/linhas-de-pesquisas-dos-docentes-detur\/","title":{"rendered":"Linhas de Pesquisas dos Docentes \/ DETUR"},"content":{"rendered":"<p><img fetchpriority=\"high\" decoding=\"async\" class=\"aligncenter\" src=\"https:\/\/www.uern.br\/controledepaginas\/depto-turismo-producao-docente\/imagens\/0424linhas_de_pesquisa.jpg\" alt=\"\" width=\"576\" height=\"251\" \/><\/p>\n<hr \/>\n<table cellspacing=\"0\" cellpadding=\"4\">\n<colgroup>\n<col width=\"223\" \/>\n<col width=\"237\" \/>\n<col width=\"218\" \/><\/colgroup>\n<tbody>\n<tr>\n<td><strong>PROFESSOR (A)<\/strong><\/p>\n<hr \/>\n<\/td>\n<td><strong>MESTRADO<\/strong><\/p>\n<hr \/>\n<\/td>\n<td><strong>DOUTORADO<\/strong><\/p>\n<hr \/>\n<\/td>\n<\/tr>\n<tr>\n<td><strong>Andr\u00e9a Ara\u00fajo de Jesus<\/strong><\/p>\n<p><strong>Curr\u00edculo Lattes:<\/strong><a href=\"http:\/\/lattes.cnpq.br\/9147669721761961\" target=\"_blank\" rel=\"noopener\">http:\/\/lattes.cnpq.br\/9147669721761961<\/a><\/p>\n<p><strong>Linha de pesquisa:\u00a0<\/strong>Turismo, planejamento e gest\u00e3o de empresas de turismo, administra\u00e7\u00e3o de servi\u00e7os, hotelaria e qualidade de servi\u00e7os<\/p>\n<hr \/>\n<\/td>\n<td>Mestrado em Turismo e Hotelaria \u2013 Universidade do Vale do Itaja\u00ed \u2013 2005.<\/p>\n<p>T\u00edtulo: Satisfa\u00e7\u00e3o de Clientes de Servi\u00e7os de Restaurantes: um estudo na cidade de Salvador\/BA.<\/p>\n<hr \/>\n<\/td>\n<td>\n<hr \/>\n<\/td>\n<\/tr>\n<tr>\n<td><strong>Cl\u00e1udia Regina Tavares do Nascimento<\/strong><\/p>\n<p><strong>Curr\u00edculo Lattes:<\/strong><a href=\"http:\/\/lattes.cnpq.br\/4698215373459783\">http:\/\/lattes.cnpq.br\/4698215373459783<\/a><\/p>\n<p><strong>Linha de pesquisa:<\/strong>\u00a0Turismo, cultura, lazer e alternativas de desenvolvimento<\/p>\n<hr \/>\n<\/td>\n<td>Metrado em Geografia \u2013 Universidade Federal do Rio Grande do Norte \u2013 2010.<\/p>\n<p>T\u00edtulo: A participa\u00e7\u00e3o dos residentes no processo de produ\u00e7\u00e3o do territ\u00f3rio tur\u00edstico de Canoa Quebrada-CE.<\/p>\n<hr \/>\n<\/td>\n<td>____<\/td>\n<\/tr>\n<tr>\n<td><strong>Jean Henrique Costa<\/strong><\/p>\n<p><strong>Curr\u00edculo Lattes:<\/strong><a href=\"http:\/\/lattes.cnpq.br\/1637929291576764\" target=\"_blank\" rel=\"noopener\">http:\/\/lattes.cnpq.br\/1637929291576764<\/a><\/p>\n<p><strong>Linhas de pesquisas:\u00a0<\/strong>1) Turismo, Reestrutura\u00e7\u00e3o Econ\u00f4mica e Rela\u00e7\u00f5es de Trabalho. 2) Estudos do Lazer. 3) Ind\u00fastria Cultural, Teoria Cr\u00edtica e Estudos Culturais<\/p>\n<hr \/>\n<\/td>\n<td>Metrado em Geografia \u2013 Universidade Federal do Rio Grande do Norte \u2013 2007.<\/p>\n<p>T\u00edtulo: Trabalhadores de Ver\u00e3o: Pol\u00edticas P\u00fablicas, Turismo e Emprego no Litoral Potiguar.<\/p>\n<hr \/>\n<\/td>\n<td>Doutorado em Ci\u00eancias Sociais \u2013 Universidade Federal do Rio Grande do Norte \u2013 2012.<\/p>\n<p>T\u00edtulo: Ind\u00fastria Cultural e Forr\u00f3 Eletr\u00f4nico no Rio Grande do Norte.<\/p>\n<hr \/>\n<\/td>\n<\/tr>\n<tr>\n<td><strong>Michele de Sousa<\/strong><\/p>\n<p><strong>Curr\u00edculo Lattes:<\/strong>h<a href=\"http:\/\/lattes.cnpq.br\/6455223131688574\" target=\"_blank\" rel=\"noopener\">ttp:\/\/lattes.cnpq.br\/6455223131688574<\/a><\/p>\n<p><strong>Linha de pesquisa:\u00a0<\/strong>Turismo, cultura, lazer e alternativas de desenvolvimento<\/p>\n<hr \/>\n<\/td>\n<td>Mestrado em Desenvolvimento e Meio Ambiente \u2013 Universidade Federal do Cear\u00e1 \u2013 2005.<\/p>\n<p>T\u00edtulo: Turismo em Aquiraz-CE: pol\u00edtica, desenvolvimento e sustentabilidade.<\/p>\n<hr \/>\n<\/td>\n<td>Doutorado em Geografia &#8211; Universidade Estadual Paulista J\u00falio de Mesquita Filho (UNESP) \u2013 2006<\/p>\n<p>T\u00edtulo: Diferencia\u00e7\u00e3o socioespacial em Mossor\u00f3-RN<\/p>\n<hr \/>\n<\/td>\n<\/tr>\n<tr>\n<td><strong>Raimunda Maria Marques de Azevedo<\/strong><\/p>\n<p><strong>Curr\u00edculo Lattes:<\/strong><a href=\"http:\/\/lattes.cnpq.br\/9280823541520144\" target=\"_blank\" rel=\"noopener\">http:\/\/lattes.cnpq.br\/9280823541520144<\/a><\/p>\n<p><strong>Linha de pesquisa:\u00a0<\/strong>Turismo, Cultura, Lazer e Alternativas de Desenvolvimento<\/p>\n<hr \/>\n<\/td>\n<td>Mestrado em Desenvolvimento Territorial e Pol\u00edticas P\u00fablicas &#8211; Universidade Federal Rural do Rio de Janeiro (UFRJ) \u2013 2014<\/p>\n<p>T\u00edtulo: Agricultura Familiar e Turismo: Perspectivas de desenvolvimento no munic\u00edpio de Apodi\/RN.<\/p>\n<hr \/>\n<\/td>\n<td>____<\/td>\n<\/tr>\n<tr>\n<td><strong>Roberto Rangel Pereira<\/strong><\/p>\n<p><strong>Curr\u00edculo Lattes:<\/strong><a href=\"http:\/\/lattes.cnpq.br\/0600978862994888\" target=\"_blank\" rel=\"noopener\">http:\/\/lattes.cnpq.br\/0600978862994888<\/a><\/p>\n<p><strong>Linha de pesquisa:<\/strong>\u00a0hotelaria (hospedagem e a&amp;b), hotelaria hospitalar, marketing tur\u00edstico, etiqueta, hist\u00f3ria da arte, anima\u00e7\u00e3o tur\u00edstica, ecoturismo e turismo sustent\u00e1vel, agroturismo, enoturismo, turismo religioso e turismo sexual.<\/p>\n<hr \/>\n<\/td>\n<td>Mestrado em Desenvolvimento e Meio Ambiente \u2013 Universidade do Estado do Rio Grande do Norte \u2013 2006.<\/p>\n<p>T\u00edtulo: Ecoturismo em Unidades de Conserva\u00e7\u00e3o: o caso do Parque Nacional de Ubajara.<\/p>\n<hr \/>\n<\/td>\n<td>____<\/td>\n<\/tr>\n<tr>\n<td><strong>Rosa Maria Rodrigues Lopes<\/strong><\/p>\n<p><strong>Curr\u00edculo Lattes:<\/strong><a href=\"http:\/\/lattes.cnpq.br\/7794500005574533\" target=\"_blank\" rel=\"noopener\">http:\/\/lattes.cnpq.br\/7794500005574533<\/a><\/p>\n<p><strong>Linhas de pesquisas:<\/strong>\u00a01) Estudos Urbanos e Regionais. 2) Planejamento e Gest\u00e3o do Territ\u00f3rio. 3) Turismo de Base Local no contexto do RN: limites e perspectivas. 4) Turismo, Cultura, Lazer e Alternativas de Desenvolvimento.<\/p>\n<hr \/>\n<\/td>\n<td>Mestrado em Geografia \u2013 Universidade Federal do Rio Grande do Norte \u2013 2008.<\/p>\n<p>T\u00edtulo: A rela\u00e7\u00e3o urbano-rural na metr\u00f3pole: um enfoque nos assentamentos rurais da RMN.<\/p>\n<hr \/>\n<\/td>\n<td>Doutorado em Programa de P\u00f3s-Gradua\u00e7\u00e3o e Pesquisa em Geografia &#8211; Universidade Federal do Rio Grande do Norte (UFRN)<\/p>\n<p>T\u00edtulo: Din\u00e2mica comercial nas \u00e1reas tradicionais no contexto da produ\u00e7\u00e3o do espa\u00e7o urbano de Natal\/RN<\/p>\n<hr \/>\n<\/td>\n<\/tr>\n<tr>\n<td><strong>Salete Gon\u00e7alves<\/strong><\/p>\n<p><strong>Curr\u00edculo Lattes:<\/strong><a href=\"http:\/\/lattes.cnpq.br\/9041519482141854\">http:\/\/lattes.cnpq.br\/9041519482141854<\/a><\/p>\n<p><strong>Linha de Pesquisa:\u00a0<\/strong>Turismo e lazer<\/p>\n<hr \/>\n<\/td>\n<td>Mestrado em Turismo \u2013 Universidade Federal do Rio Grande do Norte \u2013 2010.<\/p>\n<p>T\u00edtulo: Turismo em Jogo: a din\u00e2mica da reterritorializa\u00e7\u00e3o em Tibau do Sul\/RN.<\/p>\n<hr \/>\n<\/td>\n<td>Doutorado em lazer &#8211; Universidade Federal de Minas Gerais (UFMG)<\/p>\n<p>T\u00edtulo: Migra\u00e7\u00e3o niternacional e lazer no litoral tur\u00edstico potiguar<\/p>\n<hr \/>\n<\/td>\n<\/tr>\n<tr>\n<td><strong>Saulo Gomes Batista<\/strong><\/p>\n<p><strong>Curr\u00edculo Lattes:\u00a0<\/strong><a href=\"http:\/\/lattes.cnpq.br\/4472031870569213\">http:\/\/lattes.cnpq.br\/4472031870569213<\/a><\/p>\n<p><strong>Linhas de pesquisas:\u00a0<\/strong>Turismo, hospitalidade, hotelaria, gest\u00e3o de empreendimento, inova\u00e7\u00e3o e competitividade no turismo, gest\u00e3o de pessoas e segmenta\u00e7\u00e3o de mercado<\/td>\n<td>Mestrado em Turismo &#8211; Universidade Federal do Rio Grande do Norte \u2013 2013.<\/p>\n<p>T\u00edtulo: Determinantes de competitividade de destinos tur\u00edsticos aplicados aos roteiros regionais: uma avalia\u00e7\u00e3o do roteiro serid\u00f3\/RN.<\/td>\n<td>Doutor em Turismo &#8211;\u00a0Universidade Federal do Rio Grande do Norte \u2013 2020.<\/p>\n<p>T\u00edtulo: Inova\u00e7\u00e3o em Organiza\u00e7\u00f5es Tur\u00edsticas: Uma proposta de modelo organizacional de avalia\u00e7\u00e3o em inova\u00e7\u00e3o tur\u00edstica.<\/td>\n<\/tr>\n<\/tbody>\n<\/table>\n","protected":false},"excerpt":{"rendered":"<p>PROFESSOR (A) MESTRADO DOUTORADO Andr\u00e9a Ara\u00fajo de Jesus Curr\u00edculo Lattes:http:\/\/lattes.cnpq.br\/9147669721761961 Linha de pesquisa:\u00a0Turismo, planejamento e gest\u00e3o de empresas de turismo, administra\u00e7\u00e3o de servi\u00e7os, hotelaria e qualidade de servi\u00e7os Mestrado em Turismo e Hotelaria \u2013 Universidade do Vale do Itaja\u00ed \u2013 2005. T\u00edtulo: Satisfa\u00e7\u00e3o de Clientes de Servi\u00e7os de Restaurantes: um estudo na cidade de Salvador\/BA. [&hellip;]<\/p>\n","protected":false},"author":2,"featured_media":0,"parent":0,"menu_order":0,"comment_status":"closed","ping_status":"closed","template":"","meta":{"footnotes":""},"class_list":["post-558","page","type-page","status-publish","hentry"],"_links":{"self":[{"href":"https:\/\/portal.uern.br\/facem\/detur\/wp-json\/wp\/v2\/pages\/558","targetHints":{"allow":["GET"]}}],"collection":[{"href":"https:\/\/portal.uern.br\/facem\/detur\/wp-json\/wp\/v2\/pages"}],"about":[{"href":"https:\/\/portal.uern.br\/facem\/detur\/wp-json\/wp\/v2\/types\/page"}],"author":[{"embeddable":true,"href":"https:\/\/portal.uern.br\/facem\/detur\/wp-json\/wp\/v2\/users\/2"}],"replies":[{"embeddable":true,"href":"https:\/\/portal.uern.br\/facem\/detur\/wp-json\/wp\/v2\/comments?post=558"}],"version-history":[{"count":1,"href":"https:\/\/portal.uern.br\/facem\/detur\/wp-json\/wp\/v2\/pages\/558\/revisions"}],"predecessor-version":[{"id":559,"href":"https:\/\/portal.uern.br\/facem\/detur\/wp-json\/wp\/v2\/pages\/558\/revisions\/559"}],"wp:attachment":[{"href":"https:\/\/portal.uern.br\/facem\/detur\/wp-json\/wp\/v2\/media?parent=558"}],"curies":[{"name":"wp","href":"https:\/\/api.w.org\/{rel}","templated":true}]}}