{"id":940,"date":"2024-09-03T07:44:05","date_gmt":"2024-09-03T10:44:05","guid":{"rendered":"https:\/\/portal.uern.br\/facem\/ciencias-economicas\/?page_id=940"},"modified":"2024-09-03T07:44:05","modified_gmt":"2024-09-03T10:44:05","slug":"atividades-de-pesquisa","status":"publish","type":"page","link":"https:\/\/portal.uern.br\/facem\/ciencias-economicas\/atividades-de-pesquisa\/","title":{"rendered":"ATIVIDADES DE PESQUISA"},"content":{"rendered":"<p>O Departamento de Economia \u2013 FACEM\/UERN \u2013 conta com 2 (dois) grupos de pesquisa institucionalizados, cadastrados junto \u00e0 PROPEG\/UERN e ao CNPq:<\/p>\n<p>1) GRUPO DE PESQUISA DESENVOLVIMENTO REGIONAL: AGRICULTURA E PETR\u00d3LEO.<\/p>\n<p>Criado em 2010, atualmente o grupo tem como l\u00edder o docente Dr. Emanoel M\u00e1rcio Nunes e conta com 8 pesquisadores permanentes: 3 docentes do Departamento de Economia (Emanoel M\u00e1rcio Nunes; F\u00e1bio L\u00facio Rodrigues e Zezineto Mendes de Oliveira), 1 aluno de gradua\u00e7\u00e3o (Maria Leiane da Silva) e 2 de p\u00f3s-gradua\u00e7\u00e3o. O grupo de pesquisa tem como objetivo estudar o desenvolvimento rural e regional, focado em duas das principais atividades econ\u00f4micas do estado do Rio Grande do Norte: agricultura e explora\u00e7\u00e3o de petr\u00f3leo.<\/p>\n<p>Os dados do grupo podem ser acessados no diret\u00f3rio de grupos de pesquisa do CNPq atrav\u00e9s do seguinte endere\u00e7o eletr\u00f4nico: dgp.cnpq.br\/dgp\/espelhogrupo\/7551151678416384.<\/p>\n<p>Quadro com os Projetos de pesquisa do grupo desenvolvimento regional: agricultura e petr\u00f3leo:<\/p>\n<table style=\"border-collapse: collapse;width: 100%\">\n<tbody>\n<tr>\n<td style=\"width: 33.3333%\">Projeto de pesquisa<\/td>\n<td style=\"width: 33.3333%\">Equipe<\/td>\n<td style=\"width: 33.3333%\">in\u00edcio-t\u00e9rmino<\/td>\n<\/tr>\n<tr>\n<td style=\"width: 33.3333%\">\u00a0ECONOMIA INCLUSIVA E GEST\u00c3O<br \/>\nSOCIAL: constru\u00e7\u00e3o de mercados e governan\u00e7a para o desenvolvimento territorial [Bolsa de Produtividade em<br \/>\nPesquisa (PQ-2)];<br \/>\nhttps:\/\/portal.uern.br\/propeg\/wp-conte<br \/>\nnt\/uploads\/2023\/07\/RESULTADO-FIN<br \/>\nAL-PIBIC-23.24.pdf<\/td>\n<td style=\"width: 33.3333%\">Coordenador:- Emanoel M\u00e1rcio Nunes<br \/>\nDiscentes:Maria Leiane da Silva (Bolsista de<br \/>\nInicia\u00e7\u00e3o Cient\u00edfica &#8211; CNPQ;<br \/>\nDocentes do Departamento de Economia:<br \/>\nFabio L\u00facio Rodrigues<\/td>\n<td style=\"width: 33.3333%\">01\/03\/2023 &#8211; 01\/03\/2024<\/td>\n<\/tr>\n<tr>\n<td style=\"width: 33.3333%\">A integra\u00e7\u00e3o da cadeia global de valor (CGV) do mel\u00e3o no contexto do modelo exportador brasileiro com vig\u00eancia 2021-2024, obteve financiamento com<br \/>\nrecursos obtidos atrav\u00e9s do Edital 12\/2021 &#8211;<br \/>\nFAPERN\/CAPES, link:<br \/>\nhttp:\/\/www.adcon.rn.gov.br\/ACERVO\/FAPERN\/DOC\/<br \/>\nDOC000000000264537.PDF.<\/td>\n<td style=\"width: 33.3333%\">Coordenador:- F\u00e1bio L\u00facio Rodrigues<br \/>\nDiscentes de gradua\u00e7\u00e3o: Milena Ester<br \/>\nGondim Malveira<br \/>\nDocentes: Genivalda Cordeiro da Costa.<br \/>\nEtevaldo Almeida Silva<\/td>\n<td style=\"width: 33.3333%\">2023 &#8211; 2024<\/td>\n<\/tr>\n<tr>\n<td style=\"width: 33.3333%\">An\u00e1lise da sobreviv\u00eancia acad\u00eamica dos estudantes<br \/>\nde Ci\u00eancias Econ\u00f4micas da FACEM\/UERN<\/td>\n<td style=\"width: 33.3333%\">Coordenador: &#8211; F\u00e1bio L\u00facio Rodrigues<br \/>\nDiscentes de gradua\u00e7\u00e3o: Milena Ester<br \/>\nGondim Malveira Docentes:<br \/>\nGenivalda Cordeiro da Costa<br \/>\nEtevaldo Almeida Silva<\/td>\n<td style=\"width: 33.3333%\">2023 &#8211; 2024<\/td>\n<\/tr>\n<tr>\n<td style=\"width: 33.3333%\">A Infla\u00e7\u00e3o Acabou? Identificando A Mem\u00f3ria Inflacion\u00e1ria No Brasil P\u00f3s-plano Real<br \/>\nhttps:\/\/portal.uern.br\/propeg\/wpcontent\/<br \/>\nuploads\/2023\/07\/RESU LTADO-FINAL-PIBIC-23.24.pdf<\/td>\n<td style=\"width: 33.3333%\">Coordenador:- F\u00e1bio L\u00facio Rodrigues<br \/>\nDiscentes de gradua\u00e7\u00e3o:Milena Ester<br \/>\nGondim Malveira (Bolsista deInicia\u00e7\u00e3o<br \/>\nCient\u00edfica) -CNPQ;<\/td>\n<td style=\"width: 33.3333%\">2023 &#8211; 2024<\/td>\n<\/tr>\n<tr>\n<td style=\"width: 33.3333%\"><\/td>\n<td style=\"width: 33.3333%\"><\/td>\n<td style=\"width: 33.3333%\"><\/td>\n<\/tr>\n<\/tbody>\n<\/table>\n<p>2) GRUPO DE PESQUISA EM RECURSOS NATURAIS E EXTERNALIDADES: DESENVOLVIMENTO, MEIO AMBIENTE E SETOR P\u00daBLICO.<\/p>\n<p>O grupo foi criado em 2014 e tem como l\u00edder o docente e Dr. ZezinetoMendes de Oliveira. \u00c9 composto por 8 (oito) pesquisadores permanentes, dos quais 6 (seis) s\u00e3o docentes do departamento de Economia (Zezineto Mendes de Oliveira, Etevaldo Almeida Silva, Franklin Alves Filgueira, Leovigildo Cavalcanti de Albuquerque Neto, Emanoel M\u00e1rcio Nunes; Vanusa Alves Resende), 1 (um) \u00e9<br \/>\ndocente do departamento de Economia (Pau dos Ferros) e 1 estudantes de gradua\u00e7\u00e3o e 1 T\u00e9cnico.<\/p>\n<p>Os dados do grupo podem ser acessados atrav\u00e9s do seguinte endere\u00e7o eletr\u00f4nico: dgp.cnpq.br\/dgp\/espelhogrupo\/2836201371558461<\/p>\n","protected":false},"excerpt":{"rendered":"<p>O Departamento de Economia \u2013 FACEM\/UERN \u2013 conta com 2 (dois) grupos de pesquisa institucionalizados, cadastrados junto \u00e0 PROPEG\/UERN e ao CNPq: 1) GRUPO DE PESQUISA DESENVOLVIMENTO REGIONAL: AGRICULTURA E PETR\u00d3LEO. Criado em 2010, atualmente o grupo tem como l\u00edder o docente Dr. Emanoel M\u00e1rcio Nunes e conta com 8 pesquisadores permanentes: 3 docentes do [&hellip;]<\/p>\n","protected":false},"author":7,"featured_media":0,"parent":0,"menu_order":0,"comment_status":"closed","ping_status":"closed","template":"","meta":{"footnotes":""},"class_list":["post-940","page","type-page","status-publish","hentry"],"_links":{"self":[{"href":"https:\/\/portal.uern.br\/facem\/ciencias-economicas\/wp-json\/wp\/v2\/pages\/940","targetHints":{"allow":["GET"]}}],"collection":[{"href":"https:\/\/portal.uern.br\/facem\/ciencias-economicas\/wp-json\/wp\/v2\/pages"}],"about":[{"href":"https:\/\/portal.uern.br\/facem\/ciencias-economicas\/wp-json\/wp\/v2\/types\/page"}],"author":[{"embeddable":true,"href":"https:\/\/portal.uern.br\/facem\/ciencias-economicas\/wp-json\/wp\/v2\/users\/7"}],"replies":[{"embeddable":true,"href":"https:\/\/portal.uern.br\/facem\/ciencias-economicas\/wp-json\/wp\/v2\/comments?post=940"}],"version-history":[{"count":1,"href":"https:\/\/portal.uern.br\/facem\/ciencias-economicas\/wp-json\/wp\/v2\/pages\/940\/revisions"}],"predecessor-version":[{"id":941,"href":"https:\/\/portal.uern.br\/facem\/ciencias-economicas\/wp-json\/wp\/v2\/pages\/940\/revisions\/941"}],"wp:attachment":[{"href":"https:\/\/portal.uern.br\/facem\/ciencias-economicas\/wp-json\/wp\/v2\/media?parent=940"}],"curies":[{"name":"wp","href":"https:\/\/api.w.org\/{rel}","templated":true}]}}

<p>O Departamento de Economia – FACEM/UERN – conta com 2 (dois) grupos de pesquisa institucionalizados, cadastrados junto à PROPEG/UERN e ao CNPq:</p>
<p>1) GRUPO DE PESQUISA DESENVOLVIMENTO REGIONAL: AGRICULTURA E PETRÓLEO.</p>
<p>Criado em 2010, atualmente o grupo tem como líder o docente Dr. Emanoel Márcio Nunes e conta com 8 pesquisadores permanentes: 3 docentes do Departamento de Economia (Emanoel Márcio Nunes; Fábio Lúcio Rodrigues e Zezineto Mendes de Oliveira), 1 aluno de graduação (Maria Leiane da Silva) e 2 de pós-graduação. O grupo de pesquisa tem como objetivo estudar o desenvolvimento rural e regional, focado em duas das principais atividades econômicas do estado do Rio Grande do Norte: agricultura e exploração de petróleo.</p>
<p>Os dados do grupo podem ser acessados no diretório de grupos de pesquisa do CNPq através do seguinte endereço eletrônico: dgp.cnpq.br/dgp/espelhogrupo/7551151678416384.</p>
<p>Quadro com os Projetos de pesquisa do grupo desenvolvimento regional: agricultura e petróleo:</p>
<table style="border-collapse: collapse;width: 100%">
<tbody>
<tr>
<td style="width: 33.3333%">Projeto de pesquisa</td>
<td style="width: 33.3333%">Equipe</td>
<td style="width: 33.3333%">início-término</td>
</tr>
<tr>
<td style="width: 33.3333%"> ECONOMIA INCLUSIVA E GESTÃO<br />
SOCIAL: construção de mercados e governança para o desenvolvimento territorial [Bolsa de Produtividade em<br />
Pesquisa (PQ-2)];<br />
https://portal.uern.br/propeg/wp-conte<br />
nt/uploads/2023/07/RESULTADO-FIN<br />
AL-PIBIC-23.24.pdf</td>
<td style="width: 33.3333%">Coordenador:- Emanoel Márcio Nunes<br />
Discentes:Maria Leiane da Silva (Bolsista de<br />
Iniciação Científica &#8211; CNPQ;<br />
Docentes do Departamento de Economia:<br />
Fabio Lúcio Rodrigues</td>
<td style="width: 33.3333%">01/03/2023 &#8211; 01/03/2024</td>
</tr>
<tr>
<td style="width: 33.3333%">A integração da cadeia global de valor (CGV) do melão no contexto do modelo exportador brasileiro com vigência 2021-2024, obteve financiamento com<br />
recursos obtidos através do Edital 12/2021 &#8211;<br />
FAPERN/CAPES, link:<br />
http://www.adcon.rn.gov.br/ACERVO/FAPERN/DOC/<br />
DOC000000000264537.PDF.</td>
<td style="width: 33.3333%">Coordenador:- Fábio Lúcio Rodrigues<br />
Discentes de graduação: Milena Ester<br />
Gondim Malveira<br />
Docentes: Genivalda Cordeiro da Costa.<br />
Etevaldo Almeida Silva</td>
<td style="width: 33.3333%">2023 &#8211; 2024</td>
</tr>
<tr>
<td style="width: 33.3333%">Análise da sobrevivência acadêmica dos estudantes<br />
de Ciências Econômicas da FACEM/UERN</td>
<td style="width: 33.3333%">Coordenador: &#8211; Fábio Lúcio Rodrigues<br />
Discentes de graduação: Milena Ester<br />
Gondim Malveira Docentes:<br />
Genivalda Cordeiro da Costa<br />
Etevaldo Almeida Silva</td>
<td style="width: 33.3333%">2023 &#8211; 2024</td>
</tr>
<tr>
<td style="width: 33.3333%">A Inflação Acabou? Identificando A Memória Inflacionária No Brasil Pós-plano Real<br />
https://portal.uern.br/propeg/wpcontent/<br />
uploads/2023/07/RESU LTADO-FINAL-PIBIC-23.24.pdf</td>
<td style="width: 33.3333%">Coordenador:- Fábio Lúcio Rodrigues<br />
Discentes de graduação:Milena Ester<br />
Gondim Malveira (Bolsista deIniciação<br />
Científica) -CNPQ;</td>
<td style="width: 33.3333%">2023 &#8211; 2024</td>
</tr>
<tr>
<td style="width: 33.3333%"></td>
<td style="width: 33.3333%"></td>
<td style="width: 33.3333%"></td>
</tr>
</tbody>
</table>
<p>2) GRUPO DE PESQUISA EM RECURSOS NATURAIS E EXTERNALIDADES: DESENVOLVIMENTO, MEIO AMBIENTE E SETOR PÚBLICO.</p>
<p>O grupo foi criado em 2014 e tem como líder o docente e Dr. ZezinetoMendes de Oliveira. É composto por 8 (oito) pesquisadores permanentes, dos quais 6 (seis) são docentes do departamento de Economia (Zezineto Mendes de Oliveira, Etevaldo Almeida Silva, Franklin Alves Filgueira, Leovigildo Cavalcanti de Albuquerque Neto, Emanoel Márcio Nunes; Vanusa Alves Resende), 1 (um) é<br />
docente do departamento de Economia (Pau dos Ferros) e 1 estudantes de graduação e 1 Técnico.</p>
<p>Os dados do grupo podem ser acessados através do seguinte endereço eletrônico: dgp.cnpq.br/dgp/espelhogrupo/2836201371558461</p>

<p>O Departamento de Economia – FACEM/UERN – conta com 2 (dois) grupos de pesquisa institucionalizados, cadastrados junto à PROPEG/UERN e ao CNPq: 1) GRUPO DE PESQUISA DESENVOLVIMENTO REGIONAL: AGRICULTURA E PETRÓLEO. Criado em 2010, atualmente o grupo tem como líder o docente Dr. Emanoel Márcio Nunes e conta com 8 pesquisadores permanentes: 3 docentes do [&hellip;]</p>
