{"id":930,"date":"2024-08-30T09:21:01","date_gmt":"2024-08-30T12:21:01","guid":{"rendered":"https:\/\/portal.uern.br\/facem\/ciencias-economicas\/?page_id=930"},"modified":"2024-08-30T09:52:37","modified_gmt":"2024-08-30T12:52:37","slug":"nucleo-docente-estruturante-nde","status":"publish","type":"page","link":"https:\/\/portal.uern.br\/facem\/ciencias-economicas\/nucleo-docente-estruturante-nde\/","title":{"rendered":"N\u00facleo Docente Estruturante \u2013 NDE"},"content":{"rendered":"<p>O N\u00facleo Docente Estruturante -NDE do Curso de Bacharelado em Economia \u00e9 o \u00f3rg\u00e3o consultivo respons\u00e1vel pela concep\u00e7\u00e3o do Projeto Pedag\u00f3gico do curso de Ci\u00eancias Econ\u00f4micas. Ele \u00e9 composto por professores efetivos do Departamento. Dentre suas atribui\u00e7\u00f5es, destacam-se:<\/p>\n<ul>\n<li>Elaborar o Projeto Pedag\u00f3gico do curso definindo sua concep\u00e7\u00e3o e fundamentos;<\/li>\n<li>Estabelecer o perfil profissional do egresso do curso;<\/li>\n<li>Atualizar, conforme Portaria MEC no. 147\/2007 e a Resolu\u00e7\u00e3o no 59\/2013 \u2013 CONSEPE periodicamente o projeto pedag\u00f3gico do curso;<\/li>\n<li>Conduzir os trabalhos de reestrutura\u00e7\u00e3o curricular, sempre que necess\u00e1rio;<\/li>\n<li>Supervisionar as formas de avalia\u00e7\u00e3o e acompanhamento do curso;<\/li>\n<li>Analisar e avaliar os Programas Gerais de Componentes Curriculares \u2013 PGCC\u2019s ;<\/li>\n<li>Promover a integra\u00e7\u00e3o horizontal e vertical do curso, respeitando os eixos estabelecidos pelo projeto pedag\u00f3gico; acompanhar as atividades do corpo docente, recomendando ao DEC a indica\u00e7\u00e3o ou substitui\u00e7\u00e3o de docentes, quando necess\u00e1rio.<\/li>\n<\/ul>\n<p>Atualmente, o NDE conta em sua composi\u00e7\u00e3o com seis (06) membros lotados no Departamento de Economia, conforme<\/p>\n<p><strong>PORTARIA N\u00ba\u00a000<\/strong><strong>6<\/strong><strong>\/202<\/strong><strong>3<\/strong><strong>\u00a0\u2013 GD\/FACEM<\/strong>:<\/p>\n<p>&#8211; Carlos Jos\u00e9 Bezerra de Morais;<\/p>\n<p>&#8211; Francisco Soares de Lima;<\/p>\n<p>&#8211; Maria Elza de Andrade;<\/p>\n<p>&#8211;\u00a0Jos\u00e9 Mairton Figueiredo de Fran\u00e7a<\/p>\n<p>&#8211; Genivalda Cordeiro da Costa.<\/p>\n<p>&#8211; Rodolfo Ferreira Ribeiro da Costa.<\/p>\n<p>&nbsp;<\/p>\n","protected":false},"excerpt":{"rendered":"<p>O N\u00facleo Docente Estruturante -NDE do Curso de Bacharelado em Economia \u00e9 o \u00f3rg\u00e3o consultivo respons\u00e1vel pela concep\u00e7\u00e3o do Projeto Pedag\u00f3gico do curso de Ci\u00eancias Econ\u00f4micas. Ele \u00e9 composto por professores efetivos do Departamento. Dentre suas atribui\u00e7\u00f5es, destacam-se: Elaborar o Projeto Pedag\u00f3gico do curso definindo sua concep\u00e7\u00e3o e fundamentos; Estabelecer o perfil profissional do egresso [&hellip;]<\/p>\n","protected":false},"author":7,"featured_media":0,"parent":0,"menu_order":0,"comment_status":"closed","ping_status":"closed","template":"","meta":{"footnotes":""},"class_list":["post-930","page","type-page","status-publish","hentry"],"_links":{"self":[{"href":"https:\/\/portal.uern.br\/facem\/ciencias-economicas\/wp-json\/wp\/v2\/pages\/930","targetHints":{"allow":["GET"]}}],"collection":[{"href":"https:\/\/portal.uern.br\/facem\/ciencias-economicas\/wp-json\/wp\/v2\/pages"}],"about":[{"href":"https:\/\/portal.uern.br\/facem\/ciencias-economicas\/wp-json\/wp\/v2\/types\/page"}],"author":[{"embeddable":true,"href":"https:\/\/portal.uern.br\/facem\/ciencias-economicas\/wp-json\/wp\/v2\/users\/7"}],"replies":[{"embeddable":true,"href":"https:\/\/portal.uern.br\/facem\/ciencias-economicas\/wp-json\/wp\/v2\/comments?post=930"}],"version-history":[{"count":3,"href":"https:\/\/portal.uern.br\/facem\/ciencias-economicas\/wp-json\/wp\/v2\/pages\/930\/revisions"}],"predecessor-version":[{"id":933,"href":"https:\/\/portal.uern.br\/facem\/ciencias-economicas\/wp-json\/wp\/v2\/pages\/930\/revisions\/933"}],"wp:attachment":[{"href":"https:\/\/portal.uern.br\/facem\/ciencias-economicas\/wp-json\/wp\/v2\/media?parent=930"}],"curies":[{"name":"wp","href":"https:\/\/api.w.org\/{rel}","templated":true}]}}

Núcleo Docente Estruturante – NDE

<p>O Núcleo Docente Estruturante -NDE do Curso de Bacharelado em Economia é o órgão consultivo responsável pela concepção do Projeto Pedagógico do curso de Ciências Econômicas. Ele é composto por professores efetivos do Departamento. Dentre suas atribuições, destacam-se:</p>
<ul>
<li>Elaborar o Projeto Pedagógico do curso definindo sua concepção e fundamentos;</li>
<li>Estabelecer o perfil profissional do egresso do curso;</li>
<li>Atualizar, conforme Portaria MEC no. 147/2007 e a Resolução no 59/2013 – CONSEPE periodicamente o projeto pedagógico do curso;</li>
<li>Conduzir os trabalhos de reestruturação curricular, sempre que necessário;</li>
<li>Supervisionar as formas de avaliação e acompanhamento do curso;</li>
<li>Analisar e avaliar os Programas Gerais de Componentes Curriculares – PGCC’s ;</li>
<li>Promover a integração horizontal e vertical do curso, respeitando os eixos estabelecidos pelo projeto pedagógico; acompanhar as atividades do corpo docente, recomendando ao DEC a indicação ou substituição de docentes, quando necessário.</li>
</ul>
<p>Atualmente, o NDE conta em sua composição com seis (06) membros lotados no Departamento de Economia, conforme</p>
<p><strong>PORTARIA Nº 00</strong><strong>6</strong><strong>/202</strong><strong>3</strong><strong> – GD/FACEM</strong>:</p>
<p>&#8211; Carlos José Bezerra de Morais;</p>
<p>&#8211; Francisco Soares de Lima;</p>
<p>&#8211; Maria Elza de Andrade;</p>
<p>&#8211; José Mairton Figueiredo de França</p>
<p>&#8211; Genivalda Cordeiro da Costa.</p>
<p>&#8211; Rodolfo Ferreira Ribeiro da Costa.</p>
<p>&nbsp;</p>

<p>O Núcleo Docente Estruturante -NDE do Curso de Bacharelado em Economia é o órgão consultivo responsável pela concepção do Projeto Pedagógico do curso de Ciências Econômicas. Ele é composto por professores efetivos do Departamento. Dentre suas atribuições, destacam-se: Elaborar o Projeto Pedagógico do curso definindo sua concepção e fundamentos; Estabelecer o perfil profissional do egresso [&hellip;]</p>
