{"id":5,"date":"2022-09-26T08:29:54","date_gmt":"2022-09-26T11:29:54","guid":{"rendered":"https:\/\/paisdemossoro.com.br\/wordpress\/facem\/ciencias-economicas\/?page_id=5"},"modified":"2024-08-23T12:09:26","modified_gmt":"2024-08-23T15:09:26","slug":"apresentacao","status":"publish","type":"page","link":"https:\/\/portal.uern.br\/facem\/agroecologia\/","title":{"rendered":"Apresenta\u00e7\u00e3o"},"content":{"rendered":"<p><img fetchpriority=\"high\" decoding=\"async\" class=\"wp-image-999 aligncenter\" src=\"https:\/\/portal.uern.br\/facem\/agroecologia\/wp-content\/uploads\/sites\/12\/2024\/08\/agroecologia.jpg\" alt=\"\" width=\"289\" height=\"289\" \/><\/p>\n<p>&nbsp;<\/p>\n<p><strong>Curso Superior de Tecnologia em Agroecologia<\/strong><\/p>\n<p><strong>Faculdade de Ci\u00eancias Econ\u00f4micas &#8211;\u00a0FACEM<\/strong><\/p>\n<p><strong>Grau Acad\u00eamico:<\/strong> Tecn\u00f3logo<\/p>\n<p><strong>Modalidade:<\/strong> Presencial<\/p>\n<p><strong>Ato de Autoriza\u00e7\u00e3o\/Cria\u00e7\u00e3o:<\/strong> Resolu\u00e7\u00e3o N\u00ba 29\/2021, de 04 de junho de 2021<\/p>\n<p><strong>Data de In\u00edcio de Funcionamento:<\/strong> Outubro de 2021<\/p>\n<p><strong>Carga hor\u00e1ria total:<\/strong> 2.740 horas<\/p>\n<p><strong>Tempo do Curso:<\/strong> entre 3,5 anos e 5 anos<\/p>\n<p><strong>Correio Eletr\u00f4nico:\u00a0<\/strong>agroecologia.dga@uern.br\/agroecologiadga@gmail.com<\/p>\n<p><strong>Objetivo do Curso:\u00a0<\/strong><\/p>\n<p>Formar profissionais Tecn\u00f3logos em Agroecologia com atitudes de sensibilidade, compromisso social, s\u00f3lida forma\u00e7\u00e3o tecnol\u00f3gica e cient\u00edfica, capazes de atuar de forma \u00e9tica, cr\u00edtica e criativa na identifica\u00e7\u00e3o e resolu\u00e7\u00e3o de problemas individuais, de grupos sociais e de comunidades. Profissionais com forma\u00e7\u00e3o para entender e desenvolver tecnologias sociais, promover, orientar e administrar a utiliza\u00e7\u00e3o dos fatores de produ\u00e7\u00e3o da agricultura familiar, visando racionalizar a produ\u00e7\u00e3o vegetal e animal, em harmonia com os ecossistemas, atendendo \u00e0s demandas sociais e comprometidos com as propostas da agricultura familiar, do desenvolvimento local e potencializando o desenvolvimento da Agroecologia, de forma a contribuir para uma sociedade democr\u00e1tica e sustent\u00e1vel.<\/p>\n<p><strong>Perfil do Formando:<\/strong><\/p>\n<p>O egresso do Curso Superior de Tecnologia em Agroecologia deve atuar, profissionalmente, na busca pelo desenvolvimento sustent\u00e1vel, pela conserva\u00e7\u00e3o da biodiversidade e da qualidade de vida e pelo bem viver para todos. O profissional a ser formado por este curso deve, portanto, ter capacidade para aprender, de forma aut\u00f4noma e cr\u00edtica, para exercitar suas atividades profissionais, contribuindo para o<br \/>\ndesenvolvimento cient\u00edfico e tecnol\u00f3gico. Ele deve, ainda, estar habilitado a diagnosticar e resolver problemas ambientais, tendo capacidade de identificar novas \u00e1reas de atua\u00e7\u00e3o profissional, utilizando conhecimentos j\u00e1 existentes ou produzindo novos, de forma a contribuir para o desenvolvimento de pr\u00e1ticas sustent\u00e1veis. Ele deve tamb\u00e9m ser capaz de trabalhar em equipes multidisciplinares para desenvolver<br \/>\nprojetos de maior complexidade, al\u00e9m de gerenciar processos participativos em organiza\u00e7\u00f5es p\u00fablicas e privadas e do terceiro setor.<\/p>\n<p><strong>Atribui\u00e7\u00f5es do Profissional Formado:<\/strong><\/p>\n<ul>\n<li>Planejar, organizar, monitorar e executar o manejo conservacionista e sustent\u00e1vel dos solos e o manejo dos fatores microclim\u00e1ticos, h\u00eddricos e flor\u00edsticos, segundo uma vis\u00e3o sist\u00eamica da unidade produtiva rural, de suas rela\u00e7\u00f5es com o entorno, e da sustentabilidade;<\/li>\n<li>Identificar as rela\u00e7\u00f5es ecol\u00f3gicas entre os seres vivos e entre estes e o meio abi\u00f3tico, planejando e executando pr\u00e1ticas ambientais visando a sustentabilidade da propriedade rural;<\/li>\n<li>Prospectar, desenvolver ou estimular a ado\u00e7\u00e3o de tecnologias compat\u00edveis com o desenvolvimento rural sustent\u00e1vel, focado na produ\u00e7\u00e3o das unidades territoriais da agricultura familiar e conectado \u00e0 perspectivas de empreendedorismo e inova\u00e7\u00e3o;<\/li>\n<li>Coordenar e fomentar pol\u00edticas p\u00fablicas de desenvolvimento sustent\u00e1vel e da Agroecologia. Emitir laudos, per\u00edcias, pareceres, relat\u00f3rios e projetos agropecu\u00e1rios no \u00e2mbito de sua compet\u00eancia profissional e baseados na legisla\u00e7\u00e3o agropecu\u00e1ria, ambiental e trabalhista.<\/li>\n<li>Desencadear e\/ou animar processos participativos e democr\u00e1ticos de coopera\u00e7\u00e3o e organiza\u00e7\u00e3o para o desenvolvimento sustent\u00e1vel das<br \/>\nunidades familiares de produ\u00e7\u00e3o, grupos, comunidades e munic\u00edpios;<\/li>\n<li>Identificar e assessorar a aplica\u00e7\u00e3o das diferentes formas de organiza\u00e7\u00e3o econ\u00f4mica na esfera da distribui\u00e7\u00e3o e da comercializa\u00e7\u00e3o de produtos agr\u00edcolas;<\/li>\n<li>Atuar nos processos de certifica\u00e7\u00e3o dos sistemas org\u00e2nicos, ecol\u00f3gicos, solid\u00e1rios e agroecol\u00f3gicos de produ\u00e7\u00e3o.<\/li>\n<\/ul>\n","protected":false},"excerpt":{"rendered":"<p>&nbsp; Curso Superior de Tecnologia em Agroecologia Faculdade de Ci\u00eancias Econ\u00f4micas &#8211;\u00a0FACEM Grau Acad\u00eamico: Tecn\u00f3logo Modalidade: Presencial Ato de Autoriza\u00e7\u00e3o\/Cria\u00e7\u00e3o: Resolu\u00e7\u00e3o N\u00ba 29\/2021, de 04 de junho de 2021 Data de In\u00edcio de Funcionamento: Outubro de 2021 Carga hor\u00e1ria total: 2.740 horas Tempo do Curso: entre 3,5 anos e 5 anos Correio Eletr\u00f4nico:\u00a0agroecologia.dga@uern.br\/agroecologiadga@gmail.com Objetivo do [&hellip;]<\/p>\n","protected":false},"author":1,"featured_media":0,"parent":0,"menu_order":0,"comment_status":"closed","ping_status":"closed","template":"","meta":{"footnotes":""},"class_list":["post-5","page","type-page","status-publish","hentry"],"_links":{"self":[{"href":"https:\/\/portal.uern.br\/facem\/agroecologia\/wp-json\/wp\/v2\/pages\/5","targetHints":{"allow":["GET"]}}],"collection":[{"href":"https:\/\/portal.uern.br\/facem\/agroecologia\/wp-json\/wp\/v2\/pages"}],"about":[{"href":"https:\/\/portal.uern.br\/facem\/agroecologia\/wp-json\/wp\/v2\/types\/page"}],"author":[{"embeddable":true,"href":"https:\/\/portal.uern.br\/facem\/agroecologia\/wp-json\/wp\/v2\/users\/1"}],"replies":[{"embeddable":true,"href":"https:\/\/portal.uern.br\/facem\/agroecologia\/wp-json\/wp\/v2\/comments?post=5"}],"version-history":[{"count":11,"href":"https:\/\/portal.uern.br\/facem\/agroecologia\/wp-json\/wp\/v2\/pages\/5\/revisions"}],"predecessor-version":[{"id":1007,"href":"https:\/\/portal.uern.br\/facem\/agroecologia\/wp-json\/wp\/v2\/pages\/5\/revisions\/1007"}],"wp:attachment":[{"href":"https:\/\/portal.uern.br\/facem\/agroecologia\/wp-json\/wp\/v2\/media?parent=5"}],"curies":[{"name":"wp","href":"https:\/\/api.w.org\/{rel}","templated":true}]}}