{"id":29,"date":"2022-10-26T16:00:35","date_gmt":"2022-10-26T19:00:35","guid":{"rendered":"https:\/\/paisdemossoro.com.br\/wordpress\/eduern\/?page_id=29"},"modified":"2024-08-22T12:38:53","modified_gmt":"2024-08-22T15:38:53","slug":"obras-2016","status":"publish","type":"page","link":"https:\/\/portal.uern.br\/eduern\/obras-2016\/","title":{"rendered":"Obras 2016"},"content":{"rendered":"<p><strong>Di\u00e1rios de leitura: narrativas sobre as viv\u00eancias de leitura no PIBID de ensino religioso da UERN<\/strong><\/p>\n<p>Organizadores: Araceli Sobreira Benevides<\/p>\n<p><a href=\"https:\/\/portal.uern.br\/eduern\/wp-content\/uploads\/sites\/14\/2023\/03\/53412016_4_easy_resize.com_.jpg\"><img decoding=\"async\" class=\"\" src=\"https:\/\/portal.uern.br\/eduern\/wp-content\/uploads\/sites\/14\/2023\/03\/53412016_4_easy_resize.com_.jpg\" width=\"118\" height=\"180\" \/><\/a><\/p>\n<p><a href=\"https:\/\/portal.uern.br\/eduern\/wp-content\/uploads\/sites\/14\/2024\/02\/E-book-Dia\u0301rios-de-Leitura-\u2013-narrativas-sobre-as-vive\u0302ncias-de-leitura-no-Pibid-de-Ensino-Religioso-da-UERN.pdf\">VISUALIZAR OBRA\u00a0<\/a><\/p>\n<p>&nbsp;<\/p>\n<p><strong>Colet\u00e2nea de direitos humanos e fundamentais\u00a0 \u00a0 \u00a0 \u00a0 \u00a0<\/strong><\/p>\n<p>Organizadores: Jos\u00e9 Herval Sampaio Junior, Lauro Gurgel de Brito, Marcus Tullius Leite Fernandes dos Santos e Ramon Rebou\u00e7as Nolasco de Oliveira<\/p>\n<p><a href=\"https:\/\/portal.uern.br\/eduern\/wp-content\/uploads\/sites\/14\/2023\/03\/53412016_3_easy_resize.com_.jpg\"><img decoding=\"async\" class=\"\" src=\"https:\/\/portal.uern.br\/eduern\/wp-content\/uploads\/sites\/14\/2023\/03\/53412016_3_easy_resize.com_.jpg\" width=\"115\" height=\"176\" \/><\/a><\/p>\n<p><a href=\"https:\/\/drive.google.com\/file\/d\/1x7Z0AMxvhVAnmK-r-OaSjDOIUB7CIrQm\/view?usp=drivesdk\">VISUALIZAR OBRA\u00a0<\/a><\/p>\n<p>&nbsp;<\/p>\n<p><strong>Uso do ecognition 8.9 para classifica\u00e7\u00e3o de imagem de alta resolu\u00e7\u00e3o\u00a0 \u00a0 \u00a0 \u00a0 \u00a0<\/strong><\/p>\n<p>Organizadores: Anderson Adailson da Silva, Ana Paula Garcia de Oliveira, Ant\u00f4nio Concei\u00e7\u00e3o Paranhos Filho e Alfredo Marcelo Grigio<\/p>\n<p><a href=\"https:\/\/portal.uern.br\/eduern\/wp-content\/uploads\/sites\/14\/2023\/03\/53412016_2_easy_resize.com_.jpg\"><img decoding=\"async\" class=\"\" src=\"https:\/\/portal.uern.br\/eduern\/wp-content\/uploads\/sites\/14\/2023\/03\/53412016_2_easy_resize.com_.jpg\" width=\"108\" height=\"164\" \/><\/a><\/p>\n<p><a href=\"https:\/\/portal.uern.br\/eduern\/wp-content\/uploads\/sites\/14\/2024\/02\/E-book-Ecognition.pdf\">VISUALIZAR OBRA\u00a0<\/a><\/p>\n<p>&nbsp;<\/p>\n<p><strong>Responsabilidade social empresarial e sustentabilidade: reflex\u00f5es te\u00f3ricas e algumas pr\u00e1ticas no Nordeste brasileiro\u00a0 \u00a0 \u00a0 \u00a0<\/strong><\/p>\n<p>Organizadores: Maria Ivonete Soares Coelho, Carla Montefusco de Oliveira, Jo\u00e3o Bosco Ara\u00fajo da Costa e Ant\u00f4nio Oscar Santos G\u00f3es<\/p>\n<p><a href=\"https:\/\/portal.uern.br\/eduern\/wp-content\/uploads\/sites\/14\/2023\/03\/53412016_1_easy_resize.com_.jpg\"><img loading=\"lazy\" decoding=\"async\" class=\"\" src=\"https:\/\/portal.uern.br\/eduern\/wp-content\/uploads\/sites\/14\/2023\/03\/53412016_1_easy_resize.com_.jpg\" width=\"110\" height=\"168\" \/><\/a><\/p>\n<p><a href=\"https:\/\/portal.uern.br\/eduern\/wp-content\/uploads\/sites\/14\/2024\/02\/E-book-RESPONSABILIDADE-SOCIAL-EMPRESARIAL-E-SUSTENTABILIDADE.pdf\">VISUALIZAR OBRA\u00a0<\/a><\/p>\n<p>&nbsp;<\/p>\n<p><strong>I Simp\u00f3sio de estudos barrocos e neobarrocos &#8211; Dobras de tradi\u00e7\u00e3o criativa\u00a0<\/strong><\/p>\n<p>Organizadores: Leila Tabosa, Alu\u00edsio Barros e Ciro Soares dos Santos<\/p>\n<p><a href=\"https:\/\/portal.uern.br\/eduern\/wp-content\/uploads\/sites\/14\/2023\/03\/53412016_5_easy_resize.com_.jpg\"><img loading=\"lazy\" decoding=\"async\" class=\"\" src=\"https:\/\/portal.uern.br\/eduern\/wp-content\/uploads\/sites\/14\/2023\/03\/53412016_5_easy_resize.com_.jpg\" width=\"116\" height=\"176\" \/><\/a><\/p>\n<p><a href=\"https:\/\/portal.uern.br\/eduern\/wp-content\/uploads\/sites\/14\/2024\/08\/Anais-do-I-SIMPOSIO-DE-ESTUDOS-BARROCOS-E-NEOBARROCOS.pdf\">VISUALIZAR OBRA\u00a0<\/a><\/p>\n<p>&nbsp;<\/p>\n<p><strong>Pesquisas em Literatura, Lingu\u00edstica e Ensino<\/strong><\/p>\n<p>Organizadores: Alexandre Alves, Jos\u00e9 Roberto Alves Barbosa e Moises Batista da Silva<\/p>\n<p><a href=\"https:\/\/portal.uern.br\/eduern\/wp-content\/uploads\/sites\/14\/2024\/03\/MOCKUP-CAPA-4.png\"><img loading=\"lazy\" decoding=\"async\" class=\"\" src=\"https:\/\/portal.uern.br\/eduern\/wp-content\/uploads\/sites\/14\/2024\/03\/MOCKUP-CAPA-4.png\" width=\"114\" height=\"173\" \/><\/a><\/p>\n<p><a href=\"https:\/\/portal.uern.br\/eduern\/wp-content\/uploads\/sites\/14\/2024\/03\/E-book-Pesquisas-em-Literatura-Linguistica-e-Ensino-Edicoes-UERN-2016.pdf\"><em>VISUALIZAR OBRA<\/em><\/a><\/p>\n<p>&nbsp;<\/p>\n<p><strong>Saberes, Forma\u00e7\u00e3o e o Ensino de Sociologia<\/strong><\/p>\n<p>Organizadores: Jos\u00e9 Glebson Vieira, Karlla Christine Ara\u00fajo Souza e Ana Maria de Carvalho<\/p>\n<p><a href=\"https:\/\/portal.uern.br\/eduern\/wp-content\/uploads\/sites\/14\/2024\/05\/MOCKUP-seseb-Edicao-definitiva.png\"><img loading=\"lazy\" decoding=\"async\" class=\"\" src=\"https:\/\/portal.uern.br\/eduern\/wp-content\/uploads\/sites\/14\/2024\/05\/MOCKUP-seseb-Edicao-definitiva.png\" width=\"120\" height=\"182\" \/><\/a><\/p>\n<p><a href=\"https:\/\/portal.uern.br\/eduern\/wp-content\/uploads\/sites\/14\/2024\/05\/E-book-Saberes-Formacao-e-o-Ensino-de-Sociologia.pdf\"><em>VISUALIZAR OBRA<\/em><\/a><\/p>\n","protected":false},"excerpt":{"rendered":"<p>Di\u00e1rios de leitura: narrativas sobre as viv\u00eancias de leitura no PIBID de ensino religioso da UERN Organizadores: Araceli Sobreira Benevides VISUALIZAR OBRA\u00a0 &nbsp; Colet\u00e2nea de direitos humanos e fundamentais\u00a0 \u00a0 \u00a0 \u00a0 \u00a0 Organizadores: Jos\u00e9 Herval Sampaio Junior, Lauro Gurgel de Brito, Marcus Tullius Leite Fernandes dos Santos e Ramon Rebou\u00e7as Nolasco de Oliveira VISUALIZAR [&hellip;]<\/p>\n","protected":false},"author":1,"featured_media":0,"parent":0,"menu_order":0,"comment_status":"closed","ping_status":"closed","template":"","meta":[],"_links":{"self":[{"href":"https:\/\/portal.uern.br\/eduern\/wp-json\/wp\/v2\/pages\/29"}],"collection":[{"href":"https:\/\/portal.uern.br\/eduern\/wp-json\/wp\/v2\/pages"}],"about":[{"href":"https:\/\/portal.uern.br\/eduern\/wp-json\/wp\/v2\/types\/page"}],"author":[{"embeddable":true,"href":"https:\/\/portal.uern.br\/eduern\/wp-json\/wp\/v2\/users\/1"}],"replies":[{"embeddable":true,"href":"https:\/\/portal.uern.br\/eduern\/wp-json\/wp\/v2\/comments?post=29"}],"version-history":[{"count":22,"href":"https:\/\/portal.uern.br\/eduern\/wp-json\/wp\/v2\/pages\/29\/revisions"}],"predecessor-version":[{"id":2991,"href":"https:\/\/portal.uern.br\/eduern\/wp-json\/wp\/v2\/pages\/29\/revisions\/2991"}],"wp:attachment":[{"href":"https:\/\/portal.uern.br\/eduern\/wp-json\/wp\/v2\/media?parent=29"}],"curies":[{"name":"wp","href":"https:\/\/api.w.org\/{rel}","templated":true}]}}