{"id":24,"date":"2022-10-26T15:57:22","date_gmt":"2022-10-26T18:57:22","guid":{"rendered":"https:\/\/paisdemossoro.com.br\/wordpress\/eduern\/?page_id=24"},"modified":"2024-05-27T12:15:19","modified_gmt":"2024-05-27T15:15:19","slug":"obras-2015","status":"publish","type":"page","link":"https:\/\/portal.uern.br\/eduern\/obras-2015\/","title":{"rendered":"Obras 2015"},"content":{"rendered":"<p><strong>Um dia demasiadamente humano: reflex\u00e3o sobre a condi\u00e7\u00e3o humana na escola e na universidade<\/strong><\/p>\n<p>Organizadores: Su\u00eania de Lima Duarte, Helder Cavalcante C\u00e2mara e Elane da Silva Barbosa<\/p>\n<p><a href=\"https:\/\/portal.uern.br\/eduern\/wp-content\/uploads\/sites\/14\/2023\/03\/53422015_1_easy_resize.com_.jpg\"><img decoding=\"async\" class=\"\" src=\"https:\/\/portal.uern.br\/eduern\/wp-content\/uploads\/sites\/14\/2023\/03\/53422015_1_easy_resize.com_.jpg\" width=\"108\" height=\"162\" \/><\/a><\/p>\n<p><a href=\"https:\/\/portal.uern.br\/eduern\/wp-content\/uploads\/sites\/14\/2024\/02\/E-book-Um-dia-demasiadamente-humano.pdf\">VISUALIZAR OBRA\u00a0<\/a><\/p>\n<p>&nbsp;<\/p>\n<p><strong>Espanhol na Universidade: pesquisas em l\u00edngua e em literatura vol.2\/2015<\/strong><\/p>\n<p>Organizadores: Lucineudo Machado Irineu, Tatiana Louren\u00e7o de Carvalho e Edilene Rodrigues Barbosa<\/p>\n<p><a href=\"https:\/\/portal.uern.br\/eduern\/wp-content\/uploads\/sites\/14\/2023\/03\/5342capa_espanhol_na_universidade_2_easy_resize.com_.jpg\"><img decoding=\"async\" class=\"\" src=\"https:\/\/portal.uern.br\/eduern\/wp-content\/uploads\/sites\/14\/2023\/03\/5342capa_espanhol_na_universidade_2_easy_resize.com_.jpg\" width=\"109\" height=\"165\" \/><\/a><\/p>\n<p><a href=\"https:\/\/portal.uern.br\/eduern\/wp-content\/uploads\/sites\/14\/2022\/10\/5342espanhol_na_universidade_vol._2_irineu_carvalho_e_barbosa_2016_pdf.pdf\">VISUALIZAR\u00a0OBRA\u00a0<\/a><\/p>\n<p>&nbsp;<\/p>\n<p><strong>Gest\u00e3o da Zona costeira: estudos de casos no nordeste do Brasil<\/strong><\/p>\n<p>Organizadores: Rodrigo Guimar\u00e3es de Carvalho e Melissa Rafaela Costa Pimenta<\/p>\n<p><a href=\"https:\/\/portal.uern.br\/eduern\/wp-content\/uploads\/sites\/14\/2023\/03\/12042015_1_easy_resize.com_easy_resize.com_.jpg\"><img decoding=\"async\" class=\"\" src=\"https:\/\/portal.uern.br\/eduern\/wp-content\/uploads\/sites\/14\/2023\/03\/12042015_1_easy_resize.com_easy_resize.com_.jpg\" width=\"110\" height=\"169\" \/><\/a><\/p>\n<p><em>VISUALIZAR OBRA<\/em><\/p>\n<p>&nbsp;<\/p>\n<p><strong>Pol\u00edticas P\u00fablicas e Desenvolvimento da Crian\u00e7a e do Adolescente<\/strong><\/p>\n<p>Autores: Humberto Jefferson de Medeiros e Maria Irany Knackfuss<\/p>\n<p><a href=\"https:\/\/portal.uern.br\/eduern\/wp-content\/uploads\/sites\/14\/2024\/04\/MOCKUP-LIVRO-5.png\"><img loading=\"lazy\" decoding=\"async\" class=\"\" src=\"https:\/\/portal.uern.br\/eduern\/wp-content\/uploads\/sites\/14\/2024\/04\/MOCKUP-LIVRO-5.png\" width=\"113\" height=\"171\" \/><\/a><\/p>\n<p><a href=\"https:\/\/portal.uern.br\/eduern\/wp-content\/uploads\/sites\/14\/2024\/04\/E-book-Politicas-Publicas-e-Desenvolvimento-da-Crianca.pdf\">VISUALIZAR OBRA<\/a><\/p>\n<p>&nbsp;<\/p>\n<p><strong>Investiga\u00e7\u00f5es sobre o Agir Humano<\/strong><\/p>\n<p>Organizadores: Galileu Galilei Medeiros de Souza e Francisco de Assis Costa da Silva<\/p>\n<p><a href=\"https:\/\/portal.uern.br\/eduern\/wp-content\/uploads\/sites\/14\/2024\/05\/MOCKUP-Investigacoes-sobre-o-agir-humano_versao-publicacao.png\"><img loading=\"lazy\" decoding=\"async\" class=\"\" src=\"https:\/\/portal.uern.br\/eduern\/wp-content\/uploads\/sites\/14\/2024\/05\/MOCKUP-Investigacoes-sobre-o-agir-humano_versao-publicacao.png\" width=\"122\" height=\"185\" \/><\/a><\/p>\n<p><a href=\"https:\/\/portal.uern.br\/eduern\/wp-content\/uploads\/sites\/14\/2024\/05\/E-book-Investigacoes-sobre-o-agir-humano_versao-publicacao-1.pdf\"><em>VISUALIZAR OBRA<\/em><\/a><\/p>\n","protected":false},"excerpt":{"rendered":"<p>Um dia demasiadamente humano: reflex\u00e3o sobre a condi\u00e7\u00e3o humana na escola e na universidade Organizadores: Su\u00eania de Lima Duarte, Helder Cavalcante C\u00e2mara e Elane da Silva Barbosa VISUALIZAR OBRA\u00a0 &nbsp; Espanhol na Universidade: pesquisas em l\u00edngua e em literatura vol.2\/2015 Organizadores: Lucineudo Machado Irineu, Tatiana Louren\u00e7o de Carvalho e Edilene Rodrigues Barbosa VISUALIZAR\u00a0OBRA\u00a0 &nbsp; Gest\u00e3o [&hellip;]<\/p>\n","protected":false},"author":1,"featured_media":0,"parent":0,"menu_order":0,"comment_status":"closed","ping_status":"closed","template":"","meta":[],"_links":{"self":[{"href":"https:\/\/portal.uern.br\/eduern\/wp-json\/wp\/v2\/pages\/24"}],"collection":[{"href":"https:\/\/portal.uern.br\/eduern\/wp-json\/wp\/v2\/pages"}],"about":[{"href":"https:\/\/portal.uern.br\/eduern\/wp-json\/wp\/v2\/types\/page"}],"author":[{"embeddable":true,"href":"https:\/\/portal.uern.br\/eduern\/wp-json\/wp\/v2\/users\/1"}],"replies":[{"embeddable":true,"href":"https:\/\/portal.uern.br\/eduern\/wp-json\/wp\/v2\/comments?post=24"}],"version-history":[{"count":12,"href":"https:\/\/portal.uern.br\/eduern\/wp-json\/wp\/v2\/pages\/24\/revisions"}],"predecessor-version":[{"id":2662,"href":"https:\/\/portal.uern.br\/eduern\/wp-json\/wp\/v2\/pages\/24\/revisions\/2662"}],"wp:attachment":[{"href":"https:\/\/portal.uern.br\/eduern\/wp-json\/wp\/v2\/media?parent=24"}],"curies":[{"name":"wp","href":"https:\/\/api.w.org\/{rel}","templated":true}]}}