{"id":2334,"date":"2024-02-05T08:16:08","date_gmt":"2024-02-05T11:16:08","guid":{"rendered":"https:\/\/portal.uern.br\/eduern\/?page_id=2334"},"modified":"2024-03-14T10:22:24","modified_gmt":"2024-03-14T13:22:24","slug":"obras-2013","status":"publish","type":"page","link":"https:\/\/portal.uern.br\/eduern\/obras-2013\/","title":{"rendered":"Obras 2013"},"content":{"rendered":"<p><strong>Tecnologias Assistivas: experi\u00eancias e desafios<\/strong><\/p>\n<p>Organizadores: Cic\u00edlia Raquel Maia Leite, Ana Maria Guimar\u00e3es Guerreiro e Ricardo Alexsandro de Medeiros Valentim<\/p>\n<p><a href=\"https:\/\/portal.uern.br\/eduern\/wp-content\/uploads\/sites\/14\/2023\/03\/7332tecnologias_assistivas_experiencias_e_desafios_easy_resize.com_.jpg\"><img decoding=\"async\" class=\"\" src=\"https:\/\/portal.uern.br\/eduern\/wp-content\/uploads\/sites\/14\/2023\/03\/7332tecnologias_assistivas_experiencias_e_desafios_easy_resize.com_.jpg\" width=\"116\" height=\"176\" \/><\/a><\/p>\n<p><em>VISUALIZAR OBRA<\/em><\/p>\n<p>&nbsp;<\/p>\n<p><strong>Extens\u00e3o Universit\u00e1ria: di\u00e1logos e pr\u00e1ticas<\/strong><\/p>\n<p>Organizadores: Auris Martins de Oliveira, Rosa Maria Rodrigues Lopes e\u00a0 Suzaneide Ferreira da Silva<br \/>\nMenezes<\/p>\n<p><a href=\"https:\/\/portal.uern.br\/eduern\/wp-content\/uploads\/sites\/14\/2024\/03\/MOCKUP-CAPA-3.png\"><img decoding=\"async\" class=\"\" src=\"https:\/\/portal.uern.br\/eduern\/wp-content\/uploads\/sites\/14\/2024\/03\/MOCKUP-CAPA-3.png\" width=\"113\" height=\"171\" \/><\/a><\/p>\n<p><a href=\"https:\/\/portal.uern.br\/eduern\/wp-content\/uploads\/sites\/14\/2024\/03\/E-book-Extensao-Universitaria-dialogos-e-praticas.pdf\"><em>VISUALIZAR OBRA<\/em><\/a><\/p>\n","protected":false},"excerpt":{"rendered":"<p>Tecnologias Assistivas: experi\u00eancias e desafios Organizadores: Cic\u00edlia Raquel Maia Leite, Ana Maria Guimar\u00e3es Guerreiro e Ricardo Alexsandro de Medeiros Valentim VISUALIZAR OBRA &nbsp; Extens\u00e3o Universit\u00e1ria: di\u00e1logos e pr\u00e1ticas Organizadores: Auris Martins de Oliveira, Rosa Maria Rodrigues Lopes e\u00a0 Suzaneide Ferreira da Silva Menezes VISUALIZAR OBRA<\/p>\n","protected":false},"author":29,"featured_media":0,"parent":0,"menu_order":0,"comment_status":"closed","ping_status":"closed","template":"","meta":[],"_links":{"self":[{"href":"https:\/\/portal.uern.br\/eduern\/wp-json\/wp\/v2\/pages\/2334"}],"collection":[{"href":"https:\/\/portal.uern.br\/eduern\/wp-json\/wp\/v2\/pages"}],"about":[{"href":"https:\/\/portal.uern.br\/eduern\/wp-json\/wp\/v2\/types\/page"}],"author":[{"embeddable":true,"href":"https:\/\/portal.uern.br\/eduern\/wp-json\/wp\/v2\/users\/29"}],"replies":[{"embeddable":true,"href":"https:\/\/portal.uern.br\/eduern\/wp-json\/wp\/v2\/comments?post=2334"}],"version-history":[{"count":6,"href":"https:\/\/portal.uern.br\/eduern\/wp-json\/wp\/v2\/pages\/2334\/revisions"}],"predecessor-version":[{"id":2489,"href":"https:\/\/portal.uern.br\/eduern\/wp-json\/wp\/v2\/pages\/2334\/revisions\/2489"}],"wp:attachment":[{"href":"https:\/\/portal.uern.br\/eduern\/wp-json\/wp\/v2\/media?parent=2334"}],"curies":[{"name":"wp","href":"https:\/\/api.w.org\/{rel}","templated":true}]}}

<p><strong>Tecnologias Assistivas: experiências e desafios</strong></p>
<p>Organizadores: Cicília Raquel Maia Leite, Ana Maria Guimarães Guerreiro e Ricardo Alexsandro de Medeiros Valentim</p>
<p><a href="https://portal.uern.br/eduern/wp-content/uploads/sites/14/2023/03/7332tecnologias_assistivas_experiencias_e_desafios_easy_resize.com_.jpg"><img decoding="async" class="" src="https://portal.uern.br/eduern/wp-content/uploads/sites/14/2023/03/7332tecnologias_assistivas_experiencias_e_desafios_easy_resize.com_.jpg" width="116" height="176" /></a></p>
<p><em>VISUALIZAR OBRA</em></p>
<p>&nbsp;</p>
<p><strong>Extensão Universitária: diálogos e práticas</strong></p>
<p>Organizadores: Auris Martins de Oliveira, Rosa Maria Rodrigues Lopes e  Suzaneide Ferreira da Silva<br />
Menezes</p>
<p><a href="https://portal.uern.br/eduern/wp-content/uploads/sites/14/2024/03/MOCKUP-CAPA-3.png"><img decoding="async" class="" src="https://portal.uern.br/eduern/wp-content/uploads/sites/14/2024/03/MOCKUP-CAPA-3.png" width="113" height="171" /></a></p>
<p><a href="https://portal.uern.br/eduern/wp-content/uploads/sites/14/2024/03/E-book-Extensao-Universitaria-dialogos-e-praticas.pdf"><em>VISUALIZAR OBRA</em></a></p>

<p>Tecnologias Assistivas: experiências e desafios Organizadores: Cicília Raquel Maia Leite, Ana Maria Guimarães Guerreiro e Ricardo Alexsandro de Medeiros Valentim VISUALIZAR OBRA &nbsp; Extensão Universitária: diálogos e práticas Organizadores: Auris Martins de Oliveira, Rosa Maria Rodrigues Lopes e  Suzaneide Ferreira da Silva Menezes VISUALIZAR OBRA</p>
