{"id":5091,"date":"2026-09-01T10:01:42","date_gmt":"2026-09-01T13:01:42","guid":{"rendered":"https:\/\/portal.uern.br\/eduern\/?post_type=livros_&#038;p=5091"},"modified":"2026-09-02T09:58:16","modified_gmt":"2026-09-02T12:58:16","slug":"internacionalizacao-da-uern-dialogos-relatos-e-reflexoes","status":"publish","type":"livros_","link":"https:\/\/portal.uern.br\/eduern\/livros_\/internacionalizacao-da-uern-dialogos-relatos-e-reflexoes\/","title":{"rendered":"Internacionaliza\u00e7\u00e3o da UERN: di\u00e1logos, relatos e reflex\u00f5es"},"featured_media":5093,"template":"","_links":{"self":[{"href":"https:\/\/portal.uern.br\/eduern\/wp-json\/wp\/v2\/livros_\/5091"}],"collection":[{"href":"https:\/\/portal.uern.br\/eduern\/wp-json\/wp\/v2\/livros_"}],"about":[{"href":"https:\/\/portal.uern.br\/eduern\/wp-json\/wp\/v2\/types\/livros_"}],"wp:featuredmedia":[{"embeddable":true,"href":"https:\/\/portal.uern.br\/eduern\/wp-json\/wp\/v2\/media\/5093"}],"wp:attachment":[{"href":"https:\/\/portal.uern.br\/eduern\/wp-json\/wp\/v2\/media?parent=5091"}],"curies":[{"name":"wp","href":"https:\/\/api.w.org\/{rel}","templated":true}]}}

Internacionalização da UERN: diálogos, relatos e reflexões
