{"id":4794,"date":"2025-12-01T11:37:10","date_gmt":"2025-12-01T14:37:10","guid":{"rendered":"https:\/\/portal.uern.br\/eduern\/?post_type=livros_&#038;p=4794"},"modified":"2025-12-01T11:37:10","modified_gmt":"2025-12-01T14:37:10","slug":"sindrome-de-dawn-quem-sou-eu-inclusao-social-de-criancas-com-sindrome-de-down","status":"publish","type":"livros_","link":"https:\/\/portal.uern.br\/eduern\/livros_\/sindrome-de-dawn-quem-sou-eu-inclusao-social-de-criancas-com-sindrome-de-down\/","title":{"rendered":"S\u00edndrome de dawn! Quem sou eu?: inclus\u00e3o social de crian\u00e7as com s\u00edndrome de down."},"featured_media":4795,"template":"","_links":{"self":[{"href":"https:\/\/portal.uern.br\/eduern\/wp-json\/wp\/v2\/livros_\/4794"}],"collection":[{"href":"https:\/\/portal.uern.br\/eduern\/wp-json\/wp\/v2\/livros_"}],"about":[{"href":"https:\/\/portal.uern.br\/eduern\/wp-json\/wp\/v2\/types\/livros_"}],"wp:featuredmedia":[{"embeddable":true,"href":"https:\/\/portal.uern.br\/eduern\/wp-json\/wp\/v2\/media\/4795"}],"wp:attachment":[{"href":"https:\/\/portal.uern.br\/eduern\/wp-json\/wp\/v2\/media?parent=4794"}],"curies":[{"name":"wp","href":"https:\/\/api.w.org\/{rel}","templated":true}]}}

Síndrome de dawn! Quem sou eu?: inclusão social de crianças com síndrome de down.
