{"id":42,"date":"2022-10-17T13:37:10","date_gmt":"2022-10-17T16:37:10","guid":{"rendered":"https:\/\/paisdemossoro.com.br\/wordpress\/dsib\/?page_id=42"},"modified":"2022-10-17T13:37:10","modified_gmt":"2022-10-17T16:37:10","slug":"links-academicos","status":"publish","type":"page","link":"https:\/\/portal.uern.br\/dsib\/links-academicos\/","title":{"rendered":"Links Acad\u00eamicos"},"content":{"rendered":"<p><a href=\"http:\/\/www.periodicos.capes.gov.br\/\">LINK<\/a> &#8211; Portal de peri\u00f3dicos &#8211; O Portal de peri\u00f3dicos da Capes, oferece acesso h\u00e1 mais de 30 mil t\u00edtulos de peri\u00f3dicos eletr\u00f4nicos distribu\u00eddos em mais de 100 bases de dados, nacionais e estrangeiras \u00e1 pessoas com vinculo \u00e0 UERN.<\/p>\n<p><a href=\"http:\/\/www.more.ufsc.br\/\">LINK<\/a> &#8211;\u00a0 MORE \u00e9 uma ferramenta gratuita que gera automaticamente refer\u00eancias no formato ABNT.<\/p>\n<p><a href=\"https:\/\/www.ukessays.com\/referencing\/harvard\/generator\/\">LINK<\/a> &#8211;\u00a0 Gerenciador autom\u00e1tico de refer\u00eancias bibliogr\u00e1ficas (formato HARVARD)<\/p>\n<p><a href=\"https:\/\/www.ukessays.com\/referencing\/apa\/generator\/\">LINK<\/a> &#8211;\u00a0 Gerenciador autom\u00e1tico de refer\u00eancias bibliogr\u00e1ficas (formato APA)<\/p>\n<p><a href=\"https:\/\/ebookcentral.proquest.com\/auth\/lib\/fjpw\/login.action?returnURL=https%3A%2F%2Febookcentral.proquest.com%2Flib%2Ffjpw%2Fhome.action\">LINK<\/a> &#8211;\u00a0 livros eletr\u00f4nicos autorizados fornecidos pela Universidade Federal De Santa Catarina &#8211; UFSC<\/p>\n<p><a href=\"https:\/\/ieeexplore.ieee.org\/Xplore\/home.jsp\">LINK<\/a> &#8211;\u00a0 IEEE XPlore Digital Library: Mais de 500 Livros com texto completo das \u00e1reas de el\u00e9trica, eletr\u00f4nica e computa\u00e7\u00e3o.<\/p>\n<p><a href=\"http:\/\/www.scielo.org\/php\/index.php\">LINK<\/a> &#8211;\u00a0 E-books Scielo:\u00a0 Integrante do programa Scientific Eletronic Library Online &#8211; SciELO Brasil \u2013 resultado de uma parceria entre a FAPESP e o Centro Latino-Americano e do Caribe de Informa\u00e7\u00e3o em Ci\u00eancias da Sa\u00fade (Bireme).O portal visa \u00e0 publica\u00e7\u00e3o on-line de cole\u00e7\u00f5es de livros nacionais, de todas as \u00e1reas, de car\u00e1ter cient\u00edfico editados, por institui\u00e7\u00f5es acad\u00eamicas<\/p>\n<p><a href=\"http:\/\/www.portcom.intercom.org.br\/\">LINK<\/a> &#8211;\u00a0 Rede de Informa\u00e7\u00e3o em Ci\u00eancias da Comunica\u00e7\u00e3o dos pa\u00edses de L\u00edngua Portuguesa. \u00c9 o espa\u00e7o web de acesso livre, respons\u00e1vel pela dissemina\u00e7\u00e3o, gest\u00e3o e difus\u00e3o da produ\u00e7\u00e3o t\u00e9cnico, cient\u00edfica e acad\u00eamica gerada pela comunidade lus\u00f3fona.<br \/>\nLiteratura digital: Banco de dados de hist\u00f3ria liter\u00e1ria e Biblioteca digital de literatura. Fonte prim\u00e1ria e gratuita de textos liter\u00e1rios em vers\u00e3o integral na internet. Trata-se de obras do Brasil e de Portugal, a partir das melhores edi\u00e7\u00f5es dispon\u00edveis.<\/p>\n<p><a href=\"http:\/\/bdtd.ibict.br\/vufind\/\">LINK<\/a> &#8211;\u00a0 O Ibict desenvolveu e coordena a Biblioteca Digital Brasileira de Teses e Disserta\u00e7\u00f5es (BDTD), que integra os sistemas de informa\u00e7\u00e3o de teses e disserta\u00e7\u00f5es existentes nas institui\u00e7\u00f5es de ensino e pesquisa do Brasil, e tamb\u00e9m estimula o registro e a publica\u00e7\u00e3o de teses e disserta\u00e7\u00f5es em meio eletr\u00f4nico.<\/p>\n<p><a href=\"http:\/\/www.universia.com.br\/\">LINK<\/a> &#8211;\u00a0 As \u00faltimas not\u00edcias sobre educa\u00e7\u00e3o, Enem, bolsa de estudo, ProUni, Sisu, Fuvest, Ci\u00eancias sem Fronteiras, CAPES, CNPq, vestibular, carreira, curr\u00edculo, &#8230;<\/p>\n<p><a href=\"https:\/\/www.bn.gov.br\/\">LINK<\/a> &#8211;\u00a0 Biblioteca Nacional Digital<\/p>\n","protected":false},"excerpt":{"rendered":"<p>LINK &#8211; Portal de peri\u00f3dicos &#8211; O Portal de peri\u00f3dicos da Capes, oferece acesso h\u00e1 mais de 30 mil t\u00edtulos de peri\u00f3dicos eletr\u00f4nicos distribu\u00eddos em mais de 100 bases de dados, nacionais e estrangeiras \u00e1 pessoas com vinculo \u00e0 UERN. LINK &#8211;\u00a0 MORE \u00e9 uma ferramenta gratuita que gera automaticamente refer\u00eancias no formato ABNT. LINK [&hellip;]<\/p>\n","protected":false},"author":1,"featured_media":0,"parent":0,"menu_order":0,"comment_status":"closed","ping_status":"closed","template":"","meta":[],"_links":{"self":[{"href":"https:\/\/portal.uern.br\/dsib\/wp-json\/wp\/v2\/pages\/42"}],"collection":[{"href":"https:\/\/portal.uern.br\/dsib\/wp-json\/wp\/v2\/pages"}],"about":[{"href":"https:\/\/portal.uern.br\/dsib\/wp-json\/wp\/v2\/types\/page"}],"author":[{"embeddable":true,"href":"https:\/\/portal.uern.br\/dsib\/wp-json\/wp\/v2\/users\/1"}],"replies":[{"embeddable":true,"href":"https:\/\/portal.uern.br\/dsib\/wp-json\/wp\/v2\/comments?post=42"}],"version-history":[{"count":1,"href":"https:\/\/portal.uern.br\/dsib\/wp-json\/wp\/v2\/pages\/42\/revisions"}],"predecessor-version":[{"id":43,"href":"https:\/\/portal.uern.br\/dsib\/wp-json\/wp\/v2\/pages\/42\/revisions\/43"}],"wp:attachment":[{"href":"https:\/\/portal.uern.br\/dsib\/wp-json\/wp\/v2\/media?parent=42"}],"curies":[{"name":"wp","href":"https:\/\/api.w.org\/{rel}","templated":true}]}}