{"id":18,"date":"2022-10-17T13:25:11","date_gmt":"2022-10-17T16:25:11","guid":{"rendered":"https:\/\/paisdemossoro.com.br\/wordpress\/dsib\/?page_id=18"},"modified":"2023-04-12T15:13:12","modified_gmt":"2023-04-12T18:13:12","slug":"apresentacao","status":"publish","type":"page","link":"https:\/\/portal.uern.br\/dsib\/","title":{"rendered":"Apresenta\u00e7\u00e3o"},"content":{"rendered":"<p style=\"text-align: center\"><img fetchpriority=\"high\" decoding=\"async\" class=\"alignnone size-full wp-image-742\" src=\"https:\/\/portal.uern.br\/dsib\/wp-content\/uploads\/sites\/2\/2023\/04\/0119sib_easy_resize.com_-e1681302823554.jpg\" alt=\"\" width=\"1280\" height=\"1033\" srcset=\"https:\/\/portal.uern.br\/dsib\/wp-content\/uploads\/sites\/2\/2023\/04\/0119sib_easy_resize.com_-e1681302823554.jpg 1280w, https:\/\/portal.uern.br\/dsib\/wp-content\/uploads\/sites\/2\/2023\/04\/0119sib_easy_resize.com_-e1681302823554-300x242.jpg 300w, https:\/\/portal.uern.br\/dsib\/wp-content\/uploads\/sites\/2\/2023\/04\/0119sib_easy_resize.com_-e1681302823554-1024x826.jpg 1024w, https:\/\/portal.uern.br\/dsib\/wp-content\/uploads\/sites\/2\/2023\/04\/0119sib_easy_resize.com_-e1681302823554-768x620.jpg 768w\" sizes=\"(max-width: 1280px) 100vw, 1280px\" \/><\/p>\n<p>&nbsp;<\/p>\n<p>O Sistema Integrado de Bibliotecas Reitor Pe. S\u00e1tiro Cavalcanti Dantas \u00e9 um \u00f3rg\u00e3o suplementar da UERN e tem como objetivos organizar, preservar e disseminar a informa\u00e7\u00e3o para a produ\u00e7\u00e3o do conhecimento em nossa universidade. Enquanto suporte das atividades educacionais, cient\u00edficas, tecnol\u00f3gicas e culturais de nossa institui\u00e7\u00e3o, contribui para o crescimento e o desenvolvimento do ensino, pesquisa e extens\u00e3o, possibilitando o acesso e a difus\u00e3o da produ\u00e7\u00e3o cient\u00edfica nacional.<\/p>\n<p>Presente em todas as unidades de ensino da UERN, seja no Campus Central, nos Campi Avan\u00e7ados, ou ainda nos N\u00facleos Avan\u00e7ados de Educa\u00e7\u00e3o Superior, o sistema de bibliotecas tem sede administrativa central situada em Mossor\u00f3. Fundada em meados dos anos de 1970, a Biblioteca Central conta hoje com uma \u00e1rea f\u00edsica de 1.731,50 m\u00b2.<\/p>\n<p>O Sistema Integrado de Bibliotecas Reitor Pe. S\u00e1tiro Cavalcanti Dantas conta hoje com as seguintes bibliotecas:<\/p>\n<ul>\n<li>\u00a0 <span style=\"color: #000080\">Biblioteca Central Reitor Pe. S\u00e1tiro Cavalcanti Dantas \u2013 Mossor\u00f3;<\/span><\/li>\n<li><a href=\"mailto:biblioteca@uern.br\" target=\"_blank\" rel=\"noopener\">biblioteca@uern.br<\/a><\/li>\n<li><span style=\"color: #000080\">\u00a0 Biblioteca Setorial da Faculdade de Enfermagem &#8211; Mossor\u00f3 (FAEN);<\/span><\/li>\n<li><a href=\"mailto:faen@biblioteca.uern.br\" target=\"_blank\" rel=\"noopener\">faen@biblioteca.uern.br<\/a><\/li>\n<li><span style=\"color: #000080\">\u00a0 Biblioteca Setorial da Faculdade de Ci\u00eancias da Sa\u00fade \u2013 Mossor\u00f3 (FACS);<\/span><\/li>\n<li><a href=\"mailto:facs@biblioteca.uern.br\" target=\"_blank\" rel=\"noopener\">facs@biblioteca.uern.br<\/a><\/li>\n<li><span style=\"color: #000080\">\u00a0 Biblioteca Setorial Pe. Alfredo Simonetti &#8211; Ass\u00fa;<\/span><\/li>\n<li><a href=\"mailto:assu@biblioteca.uern.br\" target=\"_blank\" rel=\"noopener\">assu@biblioteca.uern.br<\/a><\/li>\n<li><span style=\"color: #000080\">\u00a0 Biblioteca Setorial de Pau dos Ferros \u2013 Pau dos Ferros;<\/span><\/li>\n<li><a href=\"mailto:pferros@biblioteca.uern.br\" target=\"_blank\" rel=\"noopener\">pferros@biblioteca.uern.br<\/a><\/li>\n<li><span style=\"color: #000080\">\u00a0 Biblioteca Setorial Prof. M\u00f4nica Moura \u2013 Patu;<\/span><\/li>\n<li><a href=\"mailto:patu@biblioteca.uern.br\" target=\"_blank\" rel=\"noopener\">patu@biblioteca.uern.br<\/a><\/li>\n<li><span style=\"color: #000080\">\u00a0 Biblioteca Setorial do Campus Avan\u00e7ado de Natal \u2013 Natal;<\/span><\/li>\n<li><a href=\"mailto:natal@biblioteca.uern.br\" target=\"_blank\" rel=\"noopener\">natal@biblioteca.uern.br<\/a><\/li>\n<li><span style=\"color: #000080\">\u00a0 Biblioteca Setorial do Campus Avan\u00e7ado de Caic\u00f3 \u2013 Caic\u00f3.<\/span><\/li>\n<li><a href=\"mailto:caico@biblioteca.uern.br\" target=\"_blank\" rel=\"noopener\">caico@biblioteca.uern.br<\/a><\/li>\n<\/ul>\n<p>Em todas as suas unidades, o Sistema de Bibliotecas conta com acervo f\u00edsico (livros, peri\u00f3dicos etc.), bem como com ambiente para estudo e acesso \u00e0 internet, com servi\u00e7os de consulta e renova\u00e7\u00e3o de empr\u00e9stimos. O hor\u00e1rio de funcionamento \u00e9 de <span style=\"color: #0000ff\"><strong>07 \u00e0s 22:00<\/strong><\/span> em todas as bibliotecas (com mudan\u00e7as conforme a necessidade).<\/p>\n","protected":false},"excerpt":{"rendered":"<p>&nbsp; O Sistema Integrado de Bibliotecas Reitor Pe. S\u00e1tiro Cavalcanti Dantas \u00e9 um \u00f3rg\u00e3o suplementar da UERN e tem como objetivos organizar, preservar e disseminar a informa\u00e7\u00e3o para a produ\u00e7\u00e3o do conhecimento em nossa universidade. Enquanto suporte das atividades educacionais, cient\u00edficas, tecnol\u00f3gicas e culturais de nossa institui\u00e7\u00e3o, contribui para o crescimento e o desenvolvimento do [&hellip;]<\/p>\n","protected":false},"author":1,"featured_media":0,"parent":0,"menu_order":0,"comment_status":"closed","ping_status":"closed","template":"","meta":[],"_links":{"self":[{"href":"https:\/\/portal.uern.br\/dsib\/wp-json\/wp\/v2\/pages\/18"}],"collection":[{"href":"https:\/\/portal.uern.br\/dsib\/wp-json\/wp\/v2\/pages"}],"about":[{"href":"https:\/\/portal.uern.br\/dsib\/wp-json\/wp\/v2\/types\/page"}],"author":[{"embeddable":true,"href":"https:\/\/portal.uern.br\/dsib\/wp-json\/wp\/v2\/users\/1"}],"replies":[{"embeddable":true,"href":"https:\/\/portal.uern.br\/dsib\/wp-json\/wp\/v2\/comments?post=18"}],"version-history":[{"count":6,"href":"https:\/\/portal.uern.br\/dsib\/wp-json\/wp\/v2\/pages\/18\/revisions"}],"predecessor-version":[{"id":819,"href":"https:\/\/portal.uern.br\/dsib\/wp-json\/wp\/v2\/pages\/18\/revisions\/819"}],"wp:attachment":[{"href":"https:\/\/portal.uern.br\/dsib\/wp-json\/wp\/v2\/media?parent=18"}],"curies":[{"name":"wp","href":"https:\/\/api.w.org\/{rel}","templated":true}]}}