{"id":311,"date":"2022-11-25T11:43:21","date_gmt":"2022-11-25T14:43:21","guid":{"rendered":"http:\/\/beta.apps.uern.br\/wordpress\/diri\/?page_id=311"},"modified":"2023-10-11T10:45:03","modified_gmt":"2023-10-11T13:45:03","slug":"programas-de-bolsas-de-estudo-para-intercambio","status":"publish","type":"page","link":"https:\/\/portal.uern.br\/diri\/programas-de-bolsas-de-estudo-para-intercambio\/","title":{"rendered":"Programas de Bolsas de Estudo para Interc\u00e2mbio"},"content":{"rendered":"<h3>Para acompanhar as atualiza\u00e7\u00f5es sobre as Bolsas de Estudo para Interc\u00e2mbio siga o nosso Instagram clicando <a href=\"https:\/\/www.instagram.com\/diri.uern\/\">AQUI.\u00a0<\/a><\/h3>\n","protected":false},"excerpt":{"rendered":"<p>Para acompanhar as atualiza\u00e7\u00f5es sobre as Bolsas de Estudo para Interc\u00e2mbio siga o nosso Instagram clicando AQUI.\u00a0<\/p>\n","protected":false},"author":21,"featured_media":0,"parent":0,"menu_order":0,"comment_status":"closed","ping_status":"closed","template":"","meta":[],"_links":{"self":[{"href":"https:\/\/portal.uern.br\/diri\/wp-json\/wp\/v2\/pages\/311"}],"collection":[{"href":"https:\/\/portal.uern.br\/diri\/wp-json\/wp\/v2\/pages"}],"about":[{"href":"https:\/\/portal.uern.br\/diri\/wp-json\/wp\/v2\/types\/page"}],"author":[{"embeddable":true,"href":"https:\/\/portal.uern.br\/diri\/wp-json\/wp\/v2\/users\/21"}],"replies":[{"embeddable":true,"href":"https:\/\/portal.uern.br\/diri\/wp-json\/wp\/v2\/comments?post=311"}],"version-history":[{"count":3,"href":"https:\/\/portal.uern.br\/diri\/wp-json\/wp\/v2\/pages\/311\/revisions"}],"predecessor-version":[{"id":904,"href":"https:\/\/portal.uern.br\/diri\/wp-json\/wp\/v2\/pages\/311\/revisions\/904"}],"wp:attachment":[{"href":"https:\/\/portal.uern.br\/diri\/wp-json\/wp\/v2\/media?parent=311"}],"curies":[{"name":"wp","href":"https:\/\/api.w.org\/{rel}","templated":true}]}}