{"id":288,"date":"2022-11-25T10:59:40","date_gmt":"2022-11-25T13:59:40","guid":{"rendered":"http:\/\/beta.apps.uern.br\/wordpress\/diri\/?page_id=288"},"modified":"2023-05-08T15:15:34","modified_gmt":"2023-05-08T18:15:34","slug":"setor-de-mobilidade-academica","status":"publish","type":"page","link":"https:\/\/portal.uern.br\/diri\/setor-de-mobilidade-academica\/","title":{"rendered":"Setor de Mobilidade Acad\u00eamica"},"content":{"rendered":"<p><span style=\"font-weight: 400\">O setor de Mobilidade Acad\u00eamica da Diretoria de Rela\u00e7\u00f5es Internacionais e Interinstitucionais contribui com a forma\u00e7\u00e3o e o aperfei\u00e7oamento do corpo docente, discente e t\u00e9cnico administrativo, objetivando a aquisi\u00e7\u00e3o de novas experi\u00eancias e a intera\u00e7\u00e3o com outras culturas.<\/span><\/p>\n<p><span style=\"font-weight: 400\">A experi\u00eancia de conhecer e interagir com outras culturas, outras metodologias e institui\u00e7\u00f5es de ensino enriquece e amplia a forma\u00e7\u00e3o acad\u00eamica de qualquer pessoa. Para oportunizar que a comunidade acad\u00eamica possa realizar estudos em outras universidades do pa\u00eds e do exterior, oferece diferentes modalidades de mobilidade acad\u00eamica.<\/span><\/p>\n<p><span style=\"font-weight: 400\">Oferta semestralmente vagas no edital de mobilidade acad\u00eamica virtual da ABRUEM, a qual oferta disciplinas nos cursos ofertados na modalidade de Educa\u00e7\u00e3o a Dist\u00e2ncia \u2013 EaD.<\/span><\/p>\n<p><span style=\"font-weight: 400\">Participa do Programa de Mobilidade Acad\u00eamica Virtual \u2013 PILA, oportunizando que os alunos da UERN possam cursar disciplinas em universidades estrangeiras vinculadas ao programa e que alunos estrangeiros possam cursar disciplinas na UERN.<\/span><\/p>\n","protected":false},"excerpt":{"rendered":"<p>O setor de Mobilidade Acad\u00eamica da Diretoria de Rela\u00e7\u00f5es Internacionais e Interinstitucionais contribui com a forma\u00e7\u00e3o e o aperfei\u00e7oamento do corpo docente, discente e t\u00e9cnico administrativo, objetivando a aquisi\u00e7\u00e3o de novas experi\u00eancias e a intera\u00e7\u00e3o com outras culturas. A experi\u00eancia de conhecer e interagir com outras culturas, outras metodologias e institui\u00e7\u00f5es de ensino enriquece e [&hellip;]<\/p>\n","protected":false},"author":21,"featured_media":0,"parent":0,"menu_order":0,"comment_status":"closed","ping_status":"closed","template":"","meta":[],"_links":{"self":[{"href":"https:\/\/portal.uern.br\/diri\/wp-json\/wp\/v2\/pages\/288"}],"collection":[{"href":"https:\/\/portal.uern.br\/diri\/wp-json\/wp\/v2\/pages"}],"about":[{"href":"https:\/\/portal.uern.br\/diri\/wp-json\/wp\/v2\/types\/page"}],"author":[{"embeddable":true,"href":"https:\/\/portal.uern.br\/diri\/wp-json\/wp\/v2\/users\/21"}],"replies":[{"embeddable":true,"href":"https:\/\/portal.uern.br\/diri\/wp-json\/wp\/v2\/comments?post=288"}],"version-history":[{"count":5,"href":"https:\/\/portal.uern.br\/diri\/wp-json\/wp\/v2\/pages\/288\/revisions"}],"predecessor-version":[{"id":712,"href":"https:\/\/portal.uern.br\/diri\/wp-json\/wp\/v2\/pages\/288\/revisions\/712"}],"wp:attachment":[{"href":"https:\/\/portal.uern.br\/diri\/wp-json\/wp\/v2\/media?parent=288"}],"curies":[{"name":"wp","href":"https:\/\/api.w.org\/{rel}","templated":true}]}}