{"id":271,"date":"2022-11-25T10:49:13","date_gmt":"2022-11-25T13:49:13","guid":{"rendered":"http:\/\/beta.apps.uern.br\/wordpress\/diri\/?page_id=271"},"modified":"2023-09-14T11:47:12","modified_gmt":"2023-09-14T14:47:12","slug":"organograma","status":"publish","type":"page","link":"https:\/\/portal.uern.br\/diri\/organograma\/","title":{"rendered":"Organograma"},"content":{"rendered":"<p>Aprovada no dia 01 de setembro de 2022, a \u00a0<a href=\"https:\/\/portal.uern.br\/diri\/wp-content\/uploads\/sites\/6\/2022\/12\/Resolucao-59-2022-Organogramas.pdf\">Resolu\u00e7\u00e3o n\u00ba 59\/2022<\/a> do Conselho Diretor da Funda\u00e7\u00e3o Universidade do Estado do Rio Grande do Norte (CD \u2013 Fuern), a qual define as nomenclaturas, as atribui\u00e7\u00f5es e os quantitativos dos cargos comissionados e fun\u00e7\u00f5es gratificadas da Fuern e institui seus organogramas,\u00a0 \u00e9 considerada um marco na\u00a0 moderniza\u00e7\u00e3o e transpar\u00eancia da institui\u00e7\u00e3o.<\/p>\n<p>&nbsp;<\/p>\n<p><img fetchpriority=\"high\" decoding=\"async\" class=\"aligncenter wp-image-273 size-full\" src=\"https:\/\/portal.uern.br\/diri\/wp-content\/uploads\/sites\/6\/2022\/11\/Organogramas-DIRI.jpg\" alt=\"\" width=\"1754\" height=\"1241\" srcset=\"https:\/\/portal.uern.br\/diri\/wp-content\/uploads\/sites\/6\/2022\/11\/Organogramas-DIRI.jpg 1754w, https:\/\/portal.uern.br\/diri\/wp-content\/uploads\/sites\/6\/2022\/11\/Organogramas-DIRI-300x212.jpg 300w, https:\/\/portal.uern.br\/diri\/wp-content\/uploads\/sites\/6\/2022\/11\/Organogramas-DIRI-1024x725.jpg 1024w, https:\/\/portal.uern.br\/diri\/wp-content\/uploads\/sites\/6\/2022\/11\/Organogramas-DIRI-768x543.jpg 768w, https:\/\/portal.uern.br\/diri\/wp-content\/uploads\/sites\/6\/2022\/11\/Organogramas-DIRI-1536x1087.jpg 1536w\" sizes=\"(max-width: 1754px) 100vw, 1754px\" \/><\/p>\n","protected":false},"excerpt":{"rendered":"<p>Aprovada no dia 01 de setembro de 2022, a \u00a0Resolu\u00e7\u00e3o n\u00ba 59\/2022 do Conselho Diretor da Funda\u00e7\u00e3o Universidade do Estado do Rio Grande do Norte (CD \u2013 Fuern), a qual define as nomenclaturas, as atribui\u00e7\u00f5es e os quantitativos dos cargos comissionados e fun\u00e7\u00f5es gratificadas da Fuern e institui seus organogramas,\u00a0 \u00e9 considerada um marco na\u00a0 [&hellip;]<\/p>\n","protected":false},"author":21,"featured_media":0,"parent":0,"menu_order":0,"comment_status":"closed","ping_status":"closed","template":"","meta":[],"_links":{"self":[{"href":"https:\/\/portal.uern.br\/diri\/wp-json\/wp\/v2\/pages\/271"}],"collection":[{"href":"https:\/\/portal.uern.br\/diri\/wp-json\/wp\/v2\/pages"}],"about":[{"href":"https:\/\/portal.uern.br\/diri\/wp-json\/wp\/v2\/types\/page"}],"author":[{"embeddable":true,"href":"https:\/\/portal.uern.br\/diri\/wp-json\/wp\/v2\/users\/21"}],"replies":[{"embeddable":true,"href":"https:\/\/portal.uern.br\/diri\/wp-json\/wp\/v2\/comments?post=271"}],"version-history":[{"count":3,"href":"https:\/\/portal.uern.br\/diri\/wp-json\/wp\/v2\/pages\/271\/revisions"}],"predecessor-version":[{"id":365,"href":"https:\/\/portal.uern.br\/diri\/wp-json\/wp\/v2\/pages\/271\/revisions\/365"}],"wp:attachment":[{"href":"https:\/\/portal.uern.br\/diri\/wp-json\/wp\/v2\/media?parent=271"}],"curies":[{"name":"wp","href":"https:\/\/api.w.org\/{rel}","templated":true}]}}