{"id":11,"date":"2022-10-21T14:39:40","date_gmt":"2022-10-21T17:39:40","guid":{"rendered":"https:\/\/paisdemossoro.com.br\/wordpress\/diri\/?page_id=11"},"modified":"2022-11-28T09:32:58","modified_gmt":"2022-11-28T12:32:58","slug":"plano-de-acao","status":"publish","type":"page","link":"https:\/\/portal.uern.br\/diri\/plano-de-acao\/","title":{"rendered":"Plano de a\u00e7\u00e3o"},"content":{"rendered":"<p>A Reitoria tem desenvolvido a\u00e7\u00f5es de Planejamento Estrat\u00e9gico em todos os setores da Universidade, no intuito de otimizar os servi\u00e7os ofertados \u00e0 comunidade acad\u00eamica.<\/p>\n<p>Com esse objetivo, a Diretoria de Rela\u00e7\u00f5es Internacionais e Interinstitucionais desenvolveu um Plano de A\u00e7\u00e3o para o ano de 2022, no qual constam as seguintes a\u00e7\u00f5es:<\/p>\n<p>A\u00e7\u00f5es 2022:<\/p>\n<ol>\n<li>Institucionalizar politicamente as a\u00e7\u00f5es de internacionaliza\u00e7\u00e3o.<\/li>\n<li>Realiza\u00e7\u00e3o de cursos de idiomas para fins acad\u00eamicos.<\/li>\n<li>Implementar e ampliar as a\u00e7\u00f5es da modalidade de internacionaliza\u00e7\u00e3o em casa.<\/li>\n<li>Apoiar e incentivar a participa\u00e7\u00e3o dos programas de p\u00f3s-gradua\u00e7\u00e3o em redes internacionais de ensino, pesquisa e extens\u00e3o.<\/li>\n<li>Realiza\u00e7\u00e3o de workshops.<\/li>\n<li>Submeter ao Conselho de Ensino, Pesquisa e Extens\u00e3o \u2013 CONSEPE para aprova\u00e7\u00e3o, o Plano Estrat\u00e9gico de Internacionaliza\u00e7\u00e3o da UERN.<\/li>\n<li style=\"text-align: left\">Ofertar semestralmente o Curso de portugu\u00eas como l\u00edngua adicional \u2013 uma a\u00e7\u00e3o de extens\u00e3o da Diretoria de Rela\u00e7\u00f5es Internacionais e Interinstitucionais \u2013 DIRI, cujo p\u00fablico-alvo s\u00e3o estrangeiros residentes no Brasil e alunos estrangeiros das universidades com as quais a UERN mant\u00e9m conv\u00eanio internacional.<\/li>\n<li>Ampliar a participa\u00e7\u00e3o de alunos no Programa \u00a0PILAVirtual, o qual\u00a0 \u00e9 uma experi\u00eancia aberta \u00e0s IES participantes do Programa PILA que desejam promover a internacionaliza\u00e7\u00e3o integral por meio do desenvolvimento do interc\u00e2mbio virtual de alunos de gradua\u00e7\u00e3o\/p\u00f3s-gradua\u00e7\u00e3o, como modalidade alternativa ao Programa PILA.<\/li>\n<li>Estimular a participa\u00e7\u00e3o da comunidade acad\u00eamica nas a\u00e7\u00f5es de internacionaliza\u00e7\u00e3o atrav\u00e9s do UERN \u2013 CONEX\u00c3O GLOBAL.\u00a0 \u00c9 um evento realizado de forma remota com\u00a0 debates e troca de experi\u00eancias, o qual comunidade UERNiana informada sobre eventos internacionais, oportunidades de interc\u00e2mbio acad\u00eamico presencial e virtual.<\/li>\n<\/ol>\n","protected":false},"excerpt":{"rendered":"<p>A Reitoria tem desenvolvido a\u00e7\u00f5es de Planejamento Estrat\u00e9gico em todos os setores da Universidade, no intuito de otimizar os servi\u00e7os ofertados \u00e0 comunidade acad\u00eamica. Com esse objetivo, a Diretoria de Rela\u00e7\u00f5es Internacionais e Interinstitucionais desenvolveu um Plano de A\u00e7\u00e3o para o ano de 2022, no qual constam as seguintes a\u00e7\u00f5es: A\u00e7\u00f5es 2022: Institucionalizar politicamente as [&hellip;]<\/p>\n","protected":false},"author":1,"featured_media":0,"parent":0,"menu_order":0,"comment_status":"closed","ping_status":"closed","template":"","meta":[],"_links":{"self":[{"href":"https:\/\/portal.uern.br\/diri\/wp-json\/wp\/v2\/pages\/11"}],"collection":[{"href":"https:\/\/portal.uern.br\/diri\/wp-json\/wp\/v2\/pages"}],"about":[{"href":"https:\/\/portal.uern.br\/diri\/wp-json\/wp\/v2\/types\/page"}],"author":[{"embeddable":true,"href":"https:\/\/portal.uern.br\/diri\/wp-json\/wp\/v2\/users\/1"}],"replies":[{"embeddable":true,"href":"https:\/\/portal.uern.br\/diri\/wp-json\/wp\/v2\/comments?post=11"}],"version-history":[{"count":5,"href":"https:\/\/portal.uern.br\/diri\/wp-json\/wp\/v2\/pages\/11\/revisions"}],"predecessor-version":[{"id":329,"href":"https:\/\/portal.uern.br\/diri\/wp-json\/wp\/v2\/pages\/11\/revisions\/329"}],"wp:attachment":[{"href":"https:\/\/portal.uern.br\/diri\/wp-json\/wp\/v2\/media?parent=11"}],"curies":[{"name":"wp","href":"https:\/\/api.w.org\/{rel}","templated":true}]}}