{"id":35585,"date":"2026-01-21T14:01:28","date_gmt":"2026-01-21T17:01:28","guid":{"rendered":"https:\/\/portal.uern.br\/digah\/?page_id=35585"},"modified":"2026-01-26T16:18:36","modified_gmt":"2026-01-26T19:18:36","slug":"2024-2","status":"publish","type":"page","link":"https:\/\/portal.uern.br\/digah\/projetos-de-extensao-vinculados\/2024-2\/","title":{"rendered":"2024"},"content":{"rendered":"<ul>\n<li>\n<h5><b>E Nasceu o Amor: Acolhimento desde o Pr\u00e9-natal<\/b><\/h5>\n<\/li>\n<\/ul>\n<p>O Projeto de Extens\u00e3o \u201cE Nasceu o Amor: Acolhimento desde o Pr\u00e9-Natal\u201d, teve como eixo estruturante a amplia\u00e7\u00e3o da aten\u00e7\u00e3o \u00e0 sa\u00fade materna desde o acompanhamento pr\u00e9-natal at\u00e9 o puerp\u00e9rio, com \u00eanfase na desconstru\u00e7\u00e3o de paradigmas e estigmas socioculturais, por meio de a\u00e7\u00f5es educativas fundamentadas em evid\u00eancias cient\u00edficas, informa\u00e7\u00e3o qualificada e pr\u00e1ticas humanizadas de cuidado. Dentre as atividades desenvolvidas, destacaram-se os grupos de pr\u00e9-natal coletivo e o Curso para Pessoas Gestantes \u201cBem-te-vi: Asas e Cores da Gesta\u00e7\u00e3o\u201d, realizados de forma integrada pela equipe multiprofissional do HRMPMC, pela Resid\u00eancia Multiprofissional em Aten\u00e7\u00e3o B\u00e1sica, Sa\u00fade da Fam\u00edlia e Comunidade (RMABSFC) e por discentes do curso de Enfermagem da UERN.<\/p>\n<hr \/>\n<ul>\n<li>\n<h5><b>Direitos Sexuais e Reprodutivos: Escolhas Conscientes<\/b><\/h5>\n<\/li>\n<\/ul>\n<p>As a\u00e7\u00f5es desenvolvidas pelo projeto \u201cDireitos Sexuais e Reprodutivos: Escolhas Conscientes\u201d (DSREC) constituiram uma estrat\u00e9gia relevante para a qualifica\u00e7\u00e3o da assist\u00eancia em planejamento familiar, ao favorecer a tomada de decis\u00f5es informadas quanto aos m\u00e9todos contraceptivos e ao ampliar a oferta de servi\u00e7os especializados \u00e0 popula\u00e7\u00e3o atendida.<\/p>\n<p>A partir da aprova\u00e7\u00e3o da Resolu\u00e7\u00e3o COFEN n\u00ba 690\/2022, que normatiza a atua\u00e7\u00e3o do enfermeiro no planejamento familiar e reprodutivo, o HRMPMC consolidou-se como campo de pr\u00e1tica para a inser\u00e7\u00e3o, manuten\u00e7\u00e3o e retirada do Dispositivo Intrauterino (DIU), com participa\u00e7\u00e3o direta do projeto de extens\u00e3o. Essa articula\u00e7\u00e3o contribuiu para a amplia\u00e7\u00e3o do acesso a m\u00e9todos contraceptivos de longa dura\u00e7\u00e3o, para a otimiza\u00e7\u00e3o dos fluxos assistenciais e para o fortalecimento do papel da Enfermagem na aten\u00e7\u00e3o \u00e0 sa\u00fade da mulher.<\/p>\n<hr \/>\n<ul>\n<li>\n<h5><b>Preven\u00e7\u00e3o do C\u00e2ncer de Mama e do Colo do \u00datero em trabalhadoras do munic\u00edpio de Mossor\u00f3-RN<\/b><\/h5>\n<\/li>\n<\/ul>\n<p>As atividades do \u201cPreven\u00e7\u00e3o do C\u00e2ncer de Mama e do Colo do \u00datero em Trabalhadoras do Munic\u00edpio de Mossor\u00f3-RN\u201d, em parceria com o Hospital Regional da Mulher Parteira Maria Correia (HRMPMC), realizadas no m\u00eas de outubro de 2024, no contexto da campanha Outubro Rosa, configuraram-se como uma estrat\u00e9gia institucional relevante para o fortalecimento das pr\u00e1ticas de promo\u00e7\u00e3o da sa\u00fade e preven\u00e7\u00e3o de agravos no ambiente hospitalar. As atividades tiveram como finalidade ampliar o acesso das trabalhadoras da institui\u00e7\u00e3o a a\u00e7\u00f5es de rastreamento e diagn\u00f3stico precoce, contribuindo para a redu\u00e7\u00e3o de morbimortalidade associada \u00e0s neoplasias ginecol\u00f3gicas e mam\u00e1rias, bem como para o fortalecimento da cultura de cuidado preventivo no \u00e2mbito do servi\u00e7o de sa\u00fade.<\/p>\n<hr \/>\n<ul>\n<li>\n<h5><b>N\u00facleo de Pr\u00e1ticas Integrativas e Complementares em Sa\u00fade &#8211; NUPICS<\/b><\/h5>\n<\/li>\n<\/ul>\n<p>O &#8220;N\u00facleo de Pr\u00e1ticas Integrativas e Complementares em Sa\u00fade (NUPICS)&#8221;, projeto de extens\u00e3o vinculado \u00e0 FAEN\/UERN, desenvolvido em conson\u00e2ncia com a Pol\u00edtica Nacional de Pr\u00e1ticas Integrativas e Complementares (PNPIC) e com as diretrizes da Organiza\u00e7\u00e3o Mundial da Sa\u00fade (OMS), configurou-se como uma estrat\u00e9gia institucional relevante para a amplia\u00e7\u00e3o do cuidado integral no Hospital Regional da Mulher Parteira Maria Correia (HRMPMC). Dentre as pr\u00e1ticas ofertadas, destacaram-se a ventosaterapia, massoterapia, auriculoterapia e cromoterapia, as quais favoreceram o equil\u00edbrio biopsicossocial dos pacientes e ampliaram as possibilidades terap\u00eauticas dispon\u00edveis no hospital.<\/p>\n<hr \/>\n<ul>\n<li>\n<h5><b>Seguimento ambulatorial do Rec\u00e9m-nascido de Alto Risco (Follow-up)<\/b><\/h5>\n<\/li>\n<\/ul>\n<p>O Projeto de Extens\u00e3o &#8220;Seguimento Ambulatorial da Assist\u00eancia ao Rec\u00e9m-nascido de Alto Risco (Follow-up)&#8221; desenvolveu suas atividades no Hospital Regional da Mulher Parteira Maria Correia (HRMPMC), em articula\u00e7\u00e3o com o Ambulat\u00f3rio de Follow-up e o Ambulat\u00f3rio de Pediatria, configurando-se como uma estrat\u00e9gia relevante para o fortalecimento da aten\u00e7\u00e3o integral \u00e0 sa\u00fade neonatal e infantil. As a\u00e7\u00f5es realizadas, por meio de consultas especializadas e avalia\u00e7\u00f5es do desenvolvimento neuropsicomotor, contribu\u00edram para o monitoramento sistem\u00e1tico dos primeiros anos de vida de rec\u00e9m-nascidos prematuros atendidos na institui\u00e7\u00e3o, favorecendo a identifica\u00e7\u00e3o precoce de altera\u00e7\u00f5es no desenvolvimento e a implementa\u00e7\u00e3o de interven\u00e7\u00f5es oportunas.<\/p>\n","protected":false},"excerpt":{"rendered":"<p>E Nasceu o Amor: Acolhimento desde o Pr\u00e9-natal O Projeto de Extens\u00e3o \u201cE Nasceu o Amor: Acolhimento desde o Pr\u00e9-Natal\u201d, teve como eixo estruturante a amplia\u00e7\u00e3o da aten\u00e7\u00e3o \u00e0 sa\u00fade materna desde o acompanhamento pr\u00e9-natal at\u00e9 o puerp\u00e9rio, com \u00eanfase na desconstru\u00e7\u00e3o de paradigmas e estigmas socioculturais, por meio de a\u00e7\u00f5es educativas fundamentadas em evid\u00eancias [&hellip;]<\/p>\n","protected":false},"author":56,"featured_media":0,"parent":35526,"menu_order":1,"comment_status":"closed","ping_status":"closed","template":"","meta":[],"_links":{"self":[{"href":"https:\/\/portal.uern.br\/digah\/wp-json\/wp\/v2\/pages\/35585"}],"collection":[{"href":"https:\/\/portal.uern.br\/digah\/wp-json\/wp\/v2\/pages"}],"about":[{"href":"https:\/\/portal.uern.br\/digah\/wp-json\/wp\/v2\/types\/page"}],"author":[{"embeddable":true,"href":"https:\/\/portal.uern.br\/digah\/wp-json\/wp\/v2\/users\/56"}],"replies":[{"embeddable":true,"href":"https:\/\/portal.uern.br\/digah\/wp-json\/wp\/v2\/comments?post=35585"}],"version-history":[{"count":4,"href":"https:\/\/portal.uern.br\/digah\/wp-json\/wp\/v2\/pages\/35585\/revisions"}],"predecessor-version":[{"id":35612,"href":"https:\/\/portal.uern.br\/digah\/wp-json\/wp\/v2\/pages\/35585\/revisions\/35612"}],"up":[{"embeddable":true,"href":"https:\/\/portal.uern.br\/digah\/wp-json\/wp\/v2\/pages\/35526"}],"wp:attachment":[{"href":"https:\/\/portal.uern.br\/digah\/wp-json\/wp\/v2\/media?parent=35585"}],"curies":[{"name":"wp","href":"https:\/\/api.w.org\/{rel}","templated":true}]}}