{"id":35514,"date":"2024-04-19T09:02:25","date_gmt":"2024-04-19T12:02:25","guid":{"rendered":"https:\/\/portal.uern.br\/digah\/?page_id=35514"},"modified":"2026-01-14T16:51:40","modified_gmt":"2026-01-14T19:51:40","slug":"gestao","status":"publish","type":"page","link":"https:\/\/portal.uern.br\/digah\/gestao\/","title":{"rendered":"Equipe"},"content":{"rendered":"<h4><strong>DIRE\u00c7\u00c3O DA UNIDADE ACAD\u00caMICA<\/strong><\/h4>\n<p>Prof\u00aa. Dr\u00aa. Renata Janice Morais Lima Ferreira<\/p>\n<p>email: <a href=\"mailto:digah@uern.br\"><span style=\"font-weight: 400\">digah@uern.br<\/span><\/a><\/p>\n<h4><\/h4>\n<h4><strong>EST\u00c1GIARIOS<\/strong><\/h4>\n<ul>\n<li>Eliandra Vit\u00f3ria Gurgel da Silva (Enfermagem\/UERN)<\/li>\n<li>Lav\u00ednia Medeiros Bezerra (Enfermagem\/UERN)<\/li>\n<\/ul>\n<p>&nbsp;<\/p>\n","protected":false},"excerpt":{"rendered":"<p>DIRE\u00c7\u00c3O DA UNIDADE ACAD\u00caMICA Prof\u00aa. Dr\u00aa. Renata Janice Morais Lima Ferreira email: digah@uern.br EST\u00c1GIARIOS Eliandra Vit\u00f3ria Gurgel da Silva (Enfermagem\/UERN) Lav\u00ednia Medeiros Bezerra (Enfermagem\/UERN) &nbsp;<\/p>\n","protected":false},"author":1,"featured_media":0,"parent":0,"menu_order":0,"comment_status":"closed","ping_status":"closed","template":"","meta":[],"_links":{"self":[{"href":"https:\/\/portal.uern.br\/digah\/wp-json\/wp\/v2\/pages\/35514"}],"collection":[{"href":"https:\/\/portal.uern.br\/digah\/wp-json\/wp\/v2\/pages"}],"about":[{"href":"https:\/\/portal.uern.br\/digah\/wp-json\/wp\/v2\/types\/page"}],"author":[{"embeddable":true,"href":"https:\/\/portal.uern.br\/digah\/wp-json\/wp\/v2\/users\/1"}],"replies":[{"embeddable":true,"href":"https:\/\/portal.uern.br\/digah\/wp-json\/wp\/v2\/comments?post=35514"}],"version-history":[{"count":5,"href":"https:\/\/portal.uern.br\/digah\/wp-json\/wp\/v2\/pages\/35514\/revisions"}],"predecessor-version":[{"id":35563,"href":"https:\/\/portal.uern.br\/digah\/wp-json\/wp\/v2\/pages\/35514\/revisions\/35563"}],"wp:attachment":[{"href":"https:\/\/portal.uern.br\/digah\/wp-json\/wp\/v2\/media?parent=35514"}],"curies":[{"name":"wp","href":"https:\/\/api.w.org\/{rel}","templated":true}]}}