{"id":35598,"date":"2025-11-10T10:38:33","date_gmt":"2025-11-10T13:38:33","guid":{"rendered":"https:\/\/portal.uern.br\/diaad\/?page_id=35598"},"modified":"2025-11-17T12:04:33","modified_gmt":"2025-11-17T15:04:33","slug":"afirmasus-2","status":"publish","type":"page","link":"https:\/\/portal.uern.br\/diaad\/afirmasus-2\/","title":{"rendered":"AFIRMASUS"},"content":{"rendered":"<p data-raofz=\"16\"><span data-raofz=\"16\">O Programa Nacional de Apoio \u00e0 Perman\u00eancia, Diversidade e Visibilidade para Discentes na \u00c1rea da Sa\u00fade (AfirmaSUS) \u00e9 uma iniciativa nacional essencial voltada para o apoio \u00e0 perman\u00eancia estudantil de grupos historicamente vulnerabilizados. Promovendo a integra\u00e7\u00e3o entre a universidade, os servi\u00e7os p\u00fablicos de sa\u00fade (SUS) e a comunidade, por meio de a\u00e7\u00f5es articuladas de ensino, pesquisa, extens\u00e3o e cultura. Na UERN, o\u00a0 Programa prioriza discentes da \u00e1rea da Sa\u00fade que ingressaram na institui\u00e7\u00e3o por meio de a\u00e7\u00f5es afirmativas, como negros (pretos e pardos), ind\u00edgenas e Pessoas com Defici\u00eancia (PCD). Em alinhamento com as Pol\u00edticas de A\u00e7\u00f5es Afirmativas estabelecidas, a exemplo da Portaria GM\/MS n\u00ba 5.801\/2024, o AfirmaSUS prop\u00f5e assegurar a diversidade \u00e9tnico-racial e a inclus\u00e3o de PCD tanto entre os discentes beneficiados quanto na composi\u00e7\u00e3o das suas equipes.<\/span><\/p>\n<p><a href=\"https:\/\/drive.google.com\/file\/d\/15DVy5KVBKheW7kBrxnlI2mPzkVZgYthD\/view?usp=sharing\">PORTARIA N\u00ba 104\/2025-GR\/UERN DE 05 DE NOVEMBRO DE 2025<\/a> &#8211; Institui e designa Comiss\u00e3o Local de Acompanhamento e Avalia\u00e7\u00e3o do AFIRMASUS no \u00e2mbito da Universidade do<br \/>\nEstado do Rio Grande do Norte (UERN).<\/p>\n<p><a href=\"https:\/\/portal.uern.br\/wp-content\/uploads\/2025\/11\/Edital_AFIRMASUS_DIAAD-1.pdf\">EDITAL N\u00ba 01\/2025 &#8211; CLAA-AFIRMASUS\/UERN &#8211; <\/a>DIVULGA PROCESSO SELETIVO SIMPLIFICADO PARA INTEGRANTES: DISCENTES, TUTOR, CO-TUTOR, PRECEPTOR E ORIENTADOR DE SERVI\u00c7O<\/p>\n<p><a href=\"https:\/\/portal.uern.br\/wp-content\/uploads\/2025\/11\/EDITAL-DE-RESULTADO-No-02_2025-%E2%80%93-CLAA_AFIRMASUS_UERN.pdf\">EDITAL N\u00ba 02\/2025 \u2013 CLAA-AFIRMASUS\/UERN<\/a> &#8211; torna p\u00fablico o resultado preliminar dos(as) inscritos(as) no Processo Seletivo Simplificado destinado \u00e0 sele\u00e7\u00e3o de discentes, tutores(as), co-tutores(as), preceptores(as) e orientadores(as) de servi\u00e7o.<\/p>\n<p><a href=\"https:\/\/drive.google.com\/file\/d\/1MBdazoqvDoouDw3FihxVmZ4Ferc2E-M4\/view?usp=drive_link\">EDITAL N\u00ba 03\/2025 \u2013 CLAA-AFIRMASUS\/UERN &#8211;<\/a> torna p\u00fablico o resultado dos(as) inscritos(as) no Processo Seletivo Simplificado destinado \u00e0 sele\u00e7\u00e3o de discentes, tutores(as), co-tutores(as), preceptores(as) e orientadores(as) de servi\u00e7o, ap\u00f3s a an\u00e1lise dos recursos.<\/p>\n<p><a href=\"https:\/\/drive.google.com\/file\/d\/1Be2_DcGnYe1CsRufXxt5DDCGrD3n_u3y\/view?usp=drive_link\">EDITAL N\u00ba 04\/2025 \u2013 CLAA-AFIRMASUS\/UERN \u2013<\/a> RESULTADO PRELIMINAR DO PROCESSO SELETIVO SIMPLIFICADO AFIRMASUS\/UERN<\/p>\n<p><a href=\"https:\/\/drive.google.com\/file\/d\/17zd89fBKmZ7u-ZXcIxpUWZtLza2eo_va\/view?usp=sharing\">EDITAL N\u00ba 05\/2025 \u2013 CLAA-AFIRMASUS\/UERN \u2013<\/a> RESULTADO FINAL DO PROCESSO SELETIVO SIMPLIFICADO AFIRMASUS\/UERN<\/p>\n","protected":false},"excerpt":{"rendered":"<p>O Programa Nacional de Apoio \u00e0 Perman\u00eancia, Diversidade e Visibilidade para Discentes na \u00c1rea da Sa\u00fade (AfirmaSUS) \u00e9 uma iniciativa nacional essencial voltada para o apoio \u00e0 perman\u00eancia estudantil de grupos historicamente vulnerabilizados. Promovendo a integra\u00e7\u00e3o entre a universidade, os servi\u00e7os p\u00fablicos de sa\u00fade (SUS) e a comunidade, por meio de a\u00e7\u00f5es articuladas de ensino, [&hellip;]<\/p>\n","protected":false},"author":42,"featured_media":0,"parent":0,"menu_order":0,"comment_status":"closed","ping_status":"closed","template":"","meta":[],"_links":{"self":[{"href":"https:\/\/portal.uern.br\/diaad\/wp-json\/wp\/v2\/pages\/35598"}],"collection":[{"href":"https:\/\/portal.uern.br\/diaad\/wp-json\/wp\/v2\/pages"}],"about":[{"href":"https:\/\/portal.uern.br\/diaad\/wp-json\/wp\/v2\/types\/page"}],"author":[{"embeddable":true,"href":"https:\/\/portal.uern.br\/diaad\/wp-json\/wp\/v2\/users\/42"}],"replies":[{"embeddable":true,"href":"https:\/\/portal.uern.br\/diaad\/wp-json\/wp\/v2\/comments?post=35598"}],"version-history":[{"count":10,"href":"https:\/\/portal.uern.br\/diaad\/wp-json\/wp\/v2\/pages\/35598\/revisions"}],"predecessor-version":[{"id":35614,"href":"https:\/\/portal.uern.br\/diaad\/wp-json\/wp\/v2\/pages\/35598\/revisions\/35614"}],"wp:attachment":[{"href":"https:\/\/portal.uern.br\/diaad\/wp-json\/wp\/v2\/media?parent=35598"}],"curies":[{"name":"wp","href":"https:\/\/api.w.org\/{rel}","templated":true}]}}