{"id":21,"date":"2022-10-25T13:54:44","date_gmt":"2022-10-25T16:54:44","guid":{"rendered":"https:\/\/paisdemossoro.com.br\/wordpress\/dain\/?page_id=21"},"modified":"2023-03-24T09:16:33","modified_gmt":"2023-03-24T12:16:33","slug":"projetos-de-extensao","status":"publish","type":"page","link":"https:\/\/portal.uern.br\/dain\/projetos-de-extensao\/","title":{"rendered":"Projetos de Extens\u00e3o"},"content":{"rendered":"<p><strong>Curso de Extens\u00e3o em L\u00edngua Brasileira de Sinais<\/strong><\/p>\n<p>Na Universidade do Estado do Rio Grande do Norte, as discuss\u00f5es sobre Educa\u00e7\u00e3o Especial na Perspectiva da Educa\u00e7\u00e3o Inclusiva tem sido uma pr\u00e1tica evidente no \u00e2mbito educacional em que as reflex\u00f5es e a\u00e7\u00f5es se engajam num processo de consolida\u00e7\u00f5es de a\u00e7\u00f5es significativas nos contextos acad\u00eamicos e sociais. Tem sido ampliados, cotidianamente, atingindo os seis Campi com os trabalhos realizados pela Diretoria de A\u00e7\u00f5es Inclusivas \u2013 DAIN que tem, dia a dia, levado \u00e0 efeito seus esfor\u00e7os quanto ao aprofundamento das referidas discuss\u00f5es e a\u00e7\u00f5es. O objetivo da a\u00e7\u00e3o destina-se atender a comunidade acad\u00eamica e \u00e0 sociedade em contexto local t\u00eam sido ampliados mirando a garantia do direito de todos os discentes, docentes t\u00e9cnicos administrativos, e comunidade. Nessa \u00f3ptica, inserem-se os diferentes cursos de extens\u00e3o realizados pela DAIN e nesse rol o Curso de Extens\u00e3o: LIBRAS atendendo \u00e0s demandas internas e externas. Aprender uma segunda l\u00edngua corrobora com o desenvolvimento humano e profissional e alcan\u00e7a, sem d\u00favida, as inst\u00e2ncias e institui\u00e7\u00f5es que recebem pessoas com defici\u00eancia auditiva. Com esse entendimento a Diretoria de A\u00e7\u00f5es Inclusivas &#8211; DAIN prop\u00f5e cursos de extens\u00e3o e, no caso deste projeto, o curso de extens\u00e3o em L\u00edngua Brasileira de Sinais- LIBRAS n\u00edveis I e II, ambos tendo como lugar de realiza\u00e7\u00e3o a Universidade do Estado do Rio Grande do Norte. Prop\u00f5e uma carga hor\u00e1ria m\u00ednima de 60h, distribu\u00eddas em um dia por semana, com dura\u00e7\u00e3o de 4 horas\/aula.<\/p>\n<p><strong>Curso de Extens\u00e3o LEDOR<\/strong><\/p>\n<p>O Projeto Curso de Extens\u00e3o de Ledor, ofertado a cada Semestre Letivo com carga hor\u00e1ria de 60 horas, se insere no \u00e2mbito das a\u00e7\u00f5es da Diretoria de A\u00e7\u00f5es Inclusivas- DAIN, tendo como p\u00fablico alvo estudantes, professores, t\u00e9cnicos administrativos, gestores e demais profissionais da sociedade civil como ferramenta de acessibilidades \u00e0 leitura e escrita. \u00c9 uma atividade de extens\u00e3o com car\u00e1ter sistem\u00e1tico para forma\u00e7\u00e3o de recursos humanos primando seus esfor\u00e7os pela busca da qualidade do atendimento de estudantes com defici\u00eancia visual. \u00c9 de responsabilidade educacional e social acompanhar e estimular as demandas internas, formar pessoal qualificado para o exerc\u00edcio de atividades, sobretudo, que se encontrem compat\u00edveis \u00e0s novas exig\u00eancias sociais e educacionais que se espera de um profissional da educa\u00e7\u00e3o no \u00e2mbito da Educa\u00e7\u00e3o Especial, oferecendo oportunidades de forma\u00e7\u00e3o em servi\u00e7o. Somam-se a prepara\u00e7\u00e3o para pr\u00e1tica na referida \u00e1rea de conhecimento na perspectiva da educa\u00e7\u00e3o inclusiva e constru\u00e7\u00e3o sistem\u00e1tica, considerando todo o processo de amadurecimento na referida \u00e1rea de conhecimento para a continuidade da forma\u00e7\u00e3o. O curso de LEDOR \u00e9 fundamental para atua\u00e7\u00e3o junto \u00e0 pessoa com defici\u00eancia visual, pois permite uma comunica\u00e7\u00e3o mais fluente com a pessoa cega e sua inclus\u00e3o em todas as esferas do exerc\u00edcio de cidadania. Diante desta relev\u00e2ncia, a Diretoria de A\u00e7\u00f5es Inclusivas \u2013 DAIN espera contribuir para a constru\u00e7\u00e3o e consolida\u00e7\u00e3o da cidadania rumo a expans\u00e3o de uma universidade inclusivas<\/p>\n<p><strong>Curso de Extens\u00e3o Orienta\u00e7\u00e3o e Mobilidade<\/strong><\/p>\n<p>O Projeto Curso de Extens\u00e3o: Orienta\u00e7\u00e3o e Mobilidade (OM), ofertado a cada Semestre Letivo com carga hor\u00e1ria de 60 horas, se insere no \u00e2mbito das a\u00e7\u00f5es da Diretoria de A\u00e7\u00f5es Inclusivas- DAIN, tendo como p\u00fablico alvo estudantes, professores, t\u00e9cnicos administrativos, gestores e demais profissionais da sociedade civil como ferramenta de acessibilidades \u00e0 leitura e escrita. \u00c9 uma atividade de extens\u00e3o com car\u00e1ter sistem\u00e1tico para forma\u00e7\u00e3o de recursos humanos primando seus esfor\u00e7os pela busca da qualidade do atendimento de estudantes com defici\u00eancia visual. \u00c9 de responsabilidade educacional e social acompanhar e estimular as demandas internas, formar pessoal qualificado para o exerc\u00edcio de atividades, sobretudo, que se encontrem compat\u00edveis \u00e0s novas exig\u00eancias sociais e educacionais que se espera de um profissional da educa\u00e7\u00e3o no \u00e2mbito da Educa\u00e7\u00e3o Especial, oferecendo oportunidades de forma\u00e7\u00e3o em servi\u00e7o. Somam-se a prepara\u00e7\u00e3o para pr\u00e1tica na referida \u00e1rea de conhecimento na perspectiva da educa\u00e7\u00e3o inclusiva e constru\u00e7\u00e3o sistem\u00e1tica, considerando todo o processo de amadurecimento na referida \u00e1rea de conhecimento para a continuidade da forma\u00e7\u00e3o. O curso de OM \u00e9 fundamental para atua\u00e7\u00e3o junto \u00e0 pessoa com defici\u00eancia visual no que diz respeito \u00e0 inser\u00e7\u00e3o, com autonomia e independ\u00eancia em todas as dimens\u00f5es da vida social, pois permitir a participa\u00e7\u00e3o, intera\u00e7\u00e3o e dom\u00ednio pr\u00f3prio, bem como uma comunica\u00e7\u00e3o mais fluente e interativa com a pessoa cega e sua inclus\u00e3o em todas as esferas do exerc\u00edcio de cidadania. Diante desta relev\u00e2ncia, a DAIN espera contribuir para a constru\u00e7\u00e3o e consolida\u00e7\u00e3o da cidadania rumo a expans\u00e3o de uma universidade inclusiva.<\/p>\n<p><strong>Curso de Extens\u00e3o em Forma\u00e7\u00e3o Continuada- Conceitos e Pr\u00e1ticas em Educa\u00e7\u00e3o Especial e Inclus\u00e3o<\/strong><\/p>\n<p>O Projeto Curso de Forma\u00e7\u00e3o Continuada \u2013 Conceitos e Pr\u00e1ticas em Educa\u00e7\u00e3o Especial e Inclus\u00e3o se insere no \u00e2mbito das a\u00e7\u00f5es da Diretoria de A\u00e7\u00f5es Inclusivas- DAIN, com carga hor\u00e1ria de 60 horas, tendo como p\u00fablico alvo discentes dos Cursos de Licenciatura da UERN que desenvolver\u00e3o Est\u00e1gio Volunt\u00e1rio nas escolas da Rede Municipal de Educa\u00e7\u00e3o como ferramenta de acessibilidades ao acompanhamento, atendimento, discuss\u00e3o e pr\u00e1tica da Educa\u00e7\u00e3o Especial na Perspectiva da Inclus\u00e3o. \u00c9 uma atividade de extens\u00e3o com car\u00e1ter sazonal oriundo da parceria interna estabelecida entre a Diretoria de Assist\u00eancia Estudantil (DAE) e a Diretoria de A\u00e7\u00f5es Inclusivas (DAIN) e parceria externa com a Secretaria de Educa\u00e7\u00e3o do Munic\u00edpio e Mossor\u00f3 primando seus esfor\u00e7os pela busca da qualidade do atendimento aos alunos com defici\u00eancia e necessidades especiais das escolas do Munic\u00edpio de Mossor\u00f3. O Projeto \u00e9 fundamental para atua\u00e7\u00e3o junto \u00e0 pessoas com defici\u00eancias e necessidades especiais no que diz respeito ao ensino \u00e0 aprendizagem e inser\u00e7\u00e3o, com autonomia e independ\u00eancia, em todas as dimens\u00f5es da vida social. A DAIN espera contribuir para a constru\u00e7\u00e3o e consolida\u00e7\u00e3o de parcerias internas e externas rumo \u00e0 consolida\u00e7\u00e3o, cotidiana, de sua miss\u00e3o que de promover a forma\u00e7\u00e3o de profissionais com compet\u00eancias t\u00e9cnica, \u00e9tica e pol\u00edtica bem como cidad\u00e3os cr\u00edticos e criativos, para o exerc\u00edcio da cidadania, al\u00e9m de produzir e difundir conhecimentos cient\u00edficos, t\u00e9cnicos e culturais que contribuam para o desenvolvimento sustent\u00e1vel da regi\u00e3o e do Pa\u00eds.<\/p>\n","protected":false},"excerpt":{"rendered":"<p>Curso de Extens\u00e3o em L\u00edngua Brasileira de Sinais Na Universidade do Estado do Rio Grande do Norte, as discuss\u00f5es sobre Educa\u00e7\u00e3o Especial na Perspectiva da Educa\u00e7\u00e3o Inclusiva tem sido uma pr\u00e1tica evidente no \u00e2mbito educacional em que as reflex\u00f5es e a\u00e7\u00f5es se engajam num processo de consolida\u00e7\u00f5es de a\u00e7\u00f5es significativas nos contextos acad\u00eamicos e sociais. [&hellip;]<\/p>\n","protected":false},"author":1,"featured_media":0,"parent":0,"menu_order":0,"comment_status":"closed","ping_status":"closed","template":"","meta":[],"_links":{"self":[{"href":"https:\/\/portal.uern.br\/dain\/wp-json\/wp\/v2\/pages\/21"}],"collection":[{"href":"https:\/\/portal.uern.br\/dain\/wp-json\/wp\/v2\/pages"}],"about":[{"href":"https:\/\/portal.uern.br\/dain\/wp-json\/wp\/v2\/types\/page"}],"author":[{"embeddable":true,"href":"https:\/\/portal.uern.br\/dain\/wp-json\/wp\/v2\/users\/1"}],"replies":[{"embeddable":true,"href":"https:\/\/portal.uern.br\/dain\/wp-json\/wp\/v2\/comments?post=21"}],"version-history":[{"count":3,"href":"https:\/\/portal.uern.br\/dain\/wp-json\/wp\/v2\/pages\/21\/revisions"}],"predecessor-version":[{"id":721,"href":"https:\/\/portal.uern.br\/dain\/wp-json\/wp\/v2\/pages\/21\/revisions\/721"}],"wp:attachment":[{"href":"https:\/\/portal.uern.br\/dain\/wp-json\/wp\/v2\/media?parent=21"}],"curies":[{"name":"wp","href":"https:\/\/api.w.org\/{rel}","templated":true}]}}