{"id":98951,"date":"2023-03-01T09:21:49","date_gmt":"2023-03-01T12:21:49","guid":{"rendered":"https:\/\/portal.uern.br\/conselhos\/?page_id=98951"},"modified":"2024-06-07T12:09:00","modified_gmt":"2024-06-07T15:09:00","slug":"apresentacao","status":"publish","type":"page","link":"https:\/\/portal.uern.br\/conselhos\/","title":{"rendered":"Apresenta\u00e7\u00e3o"},"content":{"rendered":"<h4><strong>Conselhos da Fuern<\/strong><\/h4>\n<p>A Funda\u00e7\u00e3o Universidade do Estado do Rio Grande do Norte (Fuern) tem por objetivo criar e manter Institui\u00e7\u00f5es de car\u00e1ter educacional e cultural, bem como manter a Universidade do Estado do Rio Grande do Norte (Uern), Institui\u00e7\u00e3o de Ensino, Pesquisa e Extens\u00e3o, visando a contribuir para a solu\u00e7\u00e3o de problemas regionais de natureza econ\u00f4mica, social e cultural.<\/p>\n<p>A Fuern \u00e9 conduzida pelo Conselho Diretor (CD) e Conselho Curador (CC).<\/p>\n<p><strong>Conselho Diretor (CD) <\/strong><br \/>\nO CD \u00e9 o org\u00e3o deliberativo e consultivo em mat\u00e9ria administrativa, econ\u00f4mico-financeira e patrimonial.<\/p>\n<p><strong>Conselho Curador (CC)<\/strong><br \/>\nO CC \u00e9 o \u00f3rg\u00e3o fiscalizador da administra\u00e7\u00e3o or\u00e7ament\u00e1ria e financeira da Universidade.<\/p>\n<p>&nbsp;<\/p>\n<h4><strong>Conselhos da Uern<\/strong><\/h4>\n<p>A Uern \u00e9 uma Institui\u00e7\u00e3o de Ensino Superior mantida pela Funda\u00e7\u00e3o Universidade do Estado do Rio Grande do Norte (Fuern) e exerce, de modo indissoci\u00e1vel, o ensino, a pesquisa e a extens\u00e3o, nos termos da lei.<\/p>\n<p>A Universidade do Estado do Rio Grande do Norte (Uern), institui\u00e7\u00e3o de natureza p\u00fablica e gratuita, dotada de autonomia did\u00e1tico-cient\u00edfica e administrativa, na forma definida na Constitui\u00e7\u00e3o Federal e na Constitui\u00e7\u00e3o Estadual.<\/p>\n<p>A\u00a0Uern \u00e9 conduzida pelo Conselho Universit\u00e1rio (Consuni) e pelo Conselho de Ensino, Pesquisa e Extens\u00e3o (Consepe)<\/p>\n<p><strong>Conselho Universit\u00e1rio (Consuni),<\/strong><br \/>\nO Consuni \u00e9 o \u00f3rg\u00e3o m\u00e1ximo da Uern, com fun\u00e7\u00f5es normativas, deliberativas, consultivas e de planejamento.<\/p>\n<p><strong>Conselho de Ensino, Pesquisa e Extens\u00e3o (Consepe)<\/strong><br \/>\nO Consepe \u00e9 o \u00f3rg\u00e3o m\u00e1ximo em mat\u00e9ria de ensino, pesquisa e extens\u00e3o, com car\u00e1ter normativo, deliberativo e consultivo.<\/p>\n","protected":false},"excerpt":{"rendered":"<p>Conselhos da Fuern A Funda\u00e7\u00e3o Universidade do Estado do Rio Grande do Norte (Fuern) tem por objetivo criar e manter Institui\u00e7\u00f5es de car\u00e1ter educacional e cultural, bem como manter a Universidade do Estado do Rio Grande do Norte (Uern), Institui\u00e7\u00e3o de Ensino, Pesquisa e Extens\u00e3o, visando a contribuir para a solu\u00e7\u00e3o de problemas regionais de [&hellip;]<\/p>\n","protected":false},"author":1,"featured_media":0,"parent":0,"menu_order":0,"comment_status":"closed","ping_status":"closed","template":"","meta":[],"_links":{"self":[{"href":"https:\/\/portal.uern.br\/conselhos\/wp-json\/wp\/v2\/pages\/98951"}],"collection":[{"href":"https:\/\/portal.uern.br\/conselhos\/wp-json\/wp\/v2\/pages"}],"about":[{"href":"https:\/\/portal.uern.br\/conselhos\/wp-json\/wp\/v2\/types\/page"}],"author":[{"embeddable":true,"href":"https:\/\/portal.uern.br\/conselhos\/wp-json\/wp\/v2\/users\/1"}],"replies":[{"embeddable":true,"href":"https:\/\/portal.uern.br\/conselhos\/wp-json\/wp\/v2\/comments?post=98951"}],"version-history":[{"count":8,"href":"https:\/\/portal.uern.br\/conselhos\/wp-json\/wp\/v2\/pages\/98951\/revisions"}],"predecessor-version":[{"id":100387,"href":"https:\/\/portal.uern.br\/conselhos\/wp-json\/wp\/v2\/pages\/98951\/revisions\/100387"}],"wp:attachment":[{"href":"https:\/\/portal.uern.br\/conselhos\/wp-json\/wp\/v2\/media?parent=98951"}],"curies":[{"name":"wp","href":"https:\/\/api.w.org\/{rel}","templated":true}]}}