{"id":580,"date":"2026-03-06T14:33:42","date_gmt":"2026-03-06T17:33:42","guid":{"rendered":"https:\/\/portal.uern.br\/caico\/?page_id=580"},"modified":"2026-03-09T14:15:23","modified_gmt":"2026-03-09T17:15:23","slug":"home","status":"publish","type":"page","link":"https:\/\/portal.uern.br\/caico\/home\/","title":{"rendered":"Home"},"content":{"rendered":"<p>Seja bem-vindo(a) ao <strong data-start=\"21\" data-end=\"48\">Campus de Caic\u00f3 da UERN<\/strong>! \ud83c\udf93<\/p>\n<div class=\"text-base my-auto mx-auto [--thread-content-margin:var(--thread-content-margin-xs,calc(var(--spacing)*4))] @w-sm\/main:[--thread-content-margin:var(--thread-content-margin-sm,calc(var(--spacing)*6))] @w-lg\/main:[--thread-content-margin:var(--thread-content-margin-lg,calc(var(--spacing)*16))] px-(--thread-content-margin)\">\n<div class=\"[--thread-content-max-width:40rem] @w-lg\/main:[--thread-content-max-width:48rem] mx-auto max-w-(--thread-content-max-width) flex-1 group\/turn-messages focus-visible:outline-hidden relative flex w-full min-w-0 flex-col agent-turn\">\n<div class=\"flex max-w-full flex-col gap-4 grow\">\n<div class=\"min-h-8 text-message relative flex w-full flex-col items-end gap-2 text-start break-words whitespace-normal [.text-message+&amp;]:mt-1\" dir=\"auto\" data-message-author-role=\"assistant\" data-message-id=\"0439d7d3-28f3-4424-8430-9e605aac23cc\" data-message-model-slug=\"gpt-5-3\">\n<div class=\"flex w-full flex-col gap-1 empty:hidden\">\n<div class=\"markdown prose dark:prose-invert w-full wrap-break-word light markdown-new-styling\">\n<p data-start=\"56\" data-end=\"303\">Este \u00e9 um espa\u00e7o dedicado ao conhecimento, \u00e0 forma\u00e7\u00e3o cidad\u00e3 e ao desenvolvimento da nossa regi\u00e3o. Aqui voc\u00ea encontra ensino de qualidade, projetos de pesquisa e extens\u00e3o, al\u00e9m de uma comunidade acad\u00eamica comprometida com a transforma\u00e7\u00e3o social.<\/p>\n<p data-start=\"305\" data-end=\"416\" data-is-last-node=\"\" data-is-only-node=\"\">Explore nosso site, conhe\u00e7a nossos cursos, projetos e atividades, e sinta-se parte da <strong data-start=\"391\" data-end=\"412\">UERN Campus Caic\u00f3<\/strong>. \ud83d\udc99<\/p>\n<\/div>\n<\/div>\n<\/div>\n<\/div>\n<div class=\"z-0 flex min-h-[46px] justify-start\"><\/div>\n<\/div>\n<\/div>\n","protected":false},"excerpt":{"rendered":"<p>Seja bem-vindo(a) ao Campus de Caic\u00f3 da UERN! \ud83c\udf93 Este \u00e9 um espa\u00e7o dedicado ao conhecimento, \u00e0 forma\u00e7\u00e3o cidad\u00e3 e ao desenvolvimento da nossa regi\u00e3o. Aqui voc\u00ea encontra ensino de qualidade, projetos de pesquisa e extens\u00e3o, al\u00e9m de uma comunidade acad\u00eamica comprometida com a transforma\u00e7\u00e3o social. Explore nosso site, conhe\u00e7a nossos cursos, projetos e atividades, [&hellip;]<\/p>\n","protected":false},"author":1,"featured_media":0,"parent":0,"menu_order":0,"comment_status":"closed","ping_status":"closed","template":"","meta":{"footnotes":""},"class_list":["post-580","page","type-page","status-publish","hentry"],"_links":{"self":[{"href":"https:\/\/portal.uern.br\/caico\/wp-json\/wp\/v2\/pages\/580","targetHints":{"allow":["GET"]}}],"collection":[{"href":"https:\/\/portal.uern.br\/caico\/wp-json\/wp\/v2\/pages"}],"about":[{"href":"https:\/\/portal.uern.br\/caico\/wp-json\/wp\/v2\/types\/page"}],"author":[{"embeddable":true,"href":"https:\/\/portal.uern.br\/caico\/wp-json\/wp\/v2\/users\/1"}],"replies":[{"embeddable":true,"href":"https:\/\/portal.uern.br\/caico\/wp-json\/wp\/v2\/comments?post=580"}],"version-history":[{"count":8,"href":"https:\/\/portal.uern.br\/caico\/wp-json\/wp\/v2\/pages\/580\/revisions"}],"predecessor-version":[{"id":1275,"href":"https:\/\/portal.uern.br\/caico\/wp-json\/wp\/v2\/pages\/580\/revisions\/1275"}],"wp:attachment":[{"href":"https:\/\/portal.uern.br\/caico\/wp-json\/wp\/v2\/media?parent=580"}],"curies":[{"name":"wp","href":"https:\/\/api.w.org\/{rel}","templated":true}]}}