{"id":257,"date":"2023-02-06T21:49:24","date_gmt":"2023-02-07T00:49:24","guid":{"rendered":"http:\/\/beta.apps.uern.br\/wordpress\/caico\/?page_id=257"},"modified":"2026-03-06T14:39:10","modified_gmt":"2026-03-06T17:39:10","slug":"corpo-docente","status":"publish","type":"page","link":"https:\/\/portal.uern.br\/caico\/corpo-docente\/","title":{"rendered":"Corpo Docente"},"content":{"rendered":"<h6>:: Departamento de Filosofia<\/h6>\n<table class=\"table table-striped \" border=\"0\" summary=\"Corpo Docente\" cellspacing=\"0\" cellpadding=\"0\">\n<tbody>\n<tr valign=\"middle\">\n<td>Prof\u00aa. Dr\u00aa. Ana Monique Moura de Araujo<\/td>\n<td class=\"tdemail\"><a href=\"mailto:anamoura@uern.br\">anamoura@uern.br<\/a><\/td>\n<td><a href=\"http:\/\/buscatextual.cnpq.br\/buscatextual\/visualizacv.do?id=K4272302D5\" target=\"_blank\" rel=\"noopener\"><img decoding=\"async\" title=\"Curriculum LATTES\" src=\"https:\/\/www.uern.br\/img\/icones_lattes.png\" width=\"30\" height=\"30\" \/><\/a><\/td>\n<\/tr>\n<tr valign=\"middle\">\n<td>Prof. Dr. Benjamim Juli\u00e3o de G\u00f3is Filho<\/td>\n<td class=\"tdemail\"><a href=\"mailto:benjamimgois@uern.br\">benjamimgois@uern.br<\/a><\/td>\n<td><a href=\"http:\/\/buscatextual.cnpq.br\/buscatextual\/visualizacv.do?id=K4254478E9\" target=\"_blank\" rel=\"noopener\"><img decoding=\"async\" title=\"Curriculum LATTES\" src=\"https:\/\/www.uern.br\/img\/icones_lattes.png\" width=\"30\" height=\"30\" \/><\/a><\/td>\n<\/tr>\n<tr valign=\"middle\">\n<td>Prof. Dr. Francisco de Assis Costa da Silva<\/td>\n<td class=\"tdemail\"><a href=\"mailto:franciscocosta@uern.br\">franciscocosta@uern.br<\/a><\/td>\n<td><a href=\"http:\/\/buscatextual.cnpq.br\/buscatextual\/visualizacv.do?id=K4594550D0\" target=\"_blank\" rel=\"noopener\"><img decoding=\"async\" title=\"Curriculum LATTES\" src=\"https:\/\/www.uern.br\/img\/icones_lattes.png\" width=\"30\" height=\"30\" \/><\/a><\/td>\n<\/tr>\n<tr valign=\"middle\">\n<td>Prof. Dr. Galileu Galilei Medeiros de Souza<\/td>\n<td class=\"tdemail\"><a href=\"mailto:galileusouza@uern.br\">galileusouza@uern.br<\/a><\/td>\n<td><a href=\"http:\/\/buscatextual.cnpq.br\/buscatextual\/visualizacv.do?id=K4234577D6\" target=\"_blank\" rel=\"noopener\"><img decoding=\"async\" title=\"Curriculum LATTES\" src=\"https:\/\/www.uern.br\/img\/icones_lattes.png\" width=\"30\" height=\"30\" \/><\/a><\/td>\n<\/tr>\n<tr valign=\"middle\">\n<td>Prof. Me. Jos\u00e9 Eudo Bezerra<\/td>\n<td class=\"tdemail\"><a href=\"mailto:eudobezerra@uern.br\">eudobezerra@uern.br<\/a><\/td>\n<td><a href=\"http:\/\/buscatextual.cnpq.br\/buscatextual\/visualizacv.do?id=K4220293P3\" target=\"_blank\" rel=\"noopener\"><img decoding=\"async\" title=\"Curriculum LATTES\" src=\"https:\/\/www.uern.br\/img\/icones_lattes.png\" width=\"30\" height=\"30\" \/><\/a><\/td>\n<\/tr>\n<tr valign=\"middle\">\n<td>Prof. Dr. Jos\u00e9 Francisco das Chagas Souza<\/td>\n<td class=\"tdemail\"><a href=\"mailto:josefrancisco@uern.br\">josefrancisco@uern.br<\/a><\/td>\n<td><a href=\"http:\/\/buscatextual.cnpq.br\/buscatextual\/visualizacv.do?id=K4250256T1\" target=\"_blank\" rel=\"noopener\"><img decoding=\"async\" title=\"Curriculum LATTES\" src=\"https:\/\/www.uern.br\/img\/icones_lattes.png\" width=\"30\" height=\"30\" \/><\/a><\/td>\n<\/tr>\n<tr valign=\"middle\">\n<td>Prof. Dr. Jos\u00e9 Teixeira Neto<\/td>\n<td class=\"tdemail\"><a href=\"mailto:joseteixeira@uern.br\">joseteixeira@uern.br<\/a><\/td>\n<td><a href=\"http:\/\/buscatextual.cnpq.br\/buscatextual\/visualizacv.do?id=K4771727J6\" target=\"_blank\" rel=\"noopener\"><img decoding=\"async\" title=\"Curriculum LATTES\" src=\"https:\/\/www.uern.br\/img\/icones_lattes.png\" width=\"30\" height=\"30\" \/><\/a><\/td>\n<\/tr>\n<tr valign=\"middle\">\n<td>Prof. Dr. Lourival Bezerra da Costa J\u00fanior<\/td>\n<td class=\"tdemail\"><a href=\"mailto:lourivalcosta@uern.br\">lourivalcosta@uern.br<\/a><\/td>\n<td><a href=\"http:\/\/buscatextual.cnpq.br\/buscatextual\/visualizacv.do?id=K4734000A6\" target=\"_blank\" rel=\"noopener\"><img decoding=\"async\" title=\"Curriculum LATTES\" src=\"https:\/\/www.uern.br\/img\/icones_lattes.png\" width=\"30\" height=\"30\" \/><\/a><\/td>\n<\/tr>\n<tr valign=\"middle\">\n<td>Prof. Dr. Marcos de Camargo Von Zuben<\/td>\n<td class=\"tdemail\"><a href=\"mailto:marcoszuben@uern.br\">marcoszuben@uern.br<\/a><\/td>\n<td><a href=\"http:\/\/buscatextual.cnpq.br\/buscatextual\/visualizacv.do?id=K4798005P6\" target=\"_blank\" rel=\"noopener\"><img decoding=\"async\" title=\"Curriculum LATTES\" src=\"https:\/\/www.uern.br\/img\/icones_lattes.png\" width=\"30\" height=\"30\" \/><\/a><\/td>\n<\/tr>\n<tr valign=\"middle\">\n<td>Prof. Dr. Marcos \u00c9rico de Ara\u00fajo Silva<\/td>\n<td class=\"tdemail\"><a href=\"mailto:marcoserico@uern.br\">marcoserico@uern.br<\/a><\/td>\n<td><a href=\"http:\/\/buscatextual.cnpq.br\/buscatextual\/visualizacv.do?id=K4592117T6\" target=\"_blank\" rel=\"noopener\"><img decoding=\"async\" title=\"Curriculum LATTES\" src=\"https:\/\/www.uern.br\/img\/icones_lattes.png\" width=\"30\" height=\"30\" \/><\/a><\/td>\n<\/tr>\n<tr valign=\"middle\">\n<td>Prof\u00aa. Esp. Maria Geane de Lima Ferreira<\/td>\n<td class=\"tdemail\"><a href=\"mailto:mariageane@uern.br\">mariageane@uern.br<\/a><\/td>\n<td><a href=\"http:\/\/buscatextual.cnpq.br\/buscatextual\/visualizacv.do?id=K4897470J8\" target=\"_blank\" rel=\"noopener\"><img decoding=\"async\" title=\"Curriculum LATTES\" src=\"https:\/\/www.uern.br\/img\/icones_lattes.png\" width=\"30\" height=\"30\" \/><\/a><\/td>\n<\/tr>\n<tr valign=\"middle\">\n<td>Prof\u00aa. Dr\u00aa. Maria Reilta Dantas Cirino<\/td>\n<td class=\"tdemail\"><a href=\"mailto:mariareilta@uern.br\">mariareilta@uern.br<\/a><\/td>\n<td><a href=\"http:\/\/buscatextual.cnpq.br\/buscatextual\/visualizacv.do?id=K4753283H6\" target=\"_blank\" rel=\"noopener\"><img decoding=\"async\" title=\"Curriculum LATTES\" src=\"https:\/\/www.uern.br\/img\/icones_lattes.png\" width=\"30\" height=\"30\" \/><\/a><\/td>\n<\/tr>\n<tr valign=\"middle\">\n<td>Prof. Me. Matheus Maia Schmaelter<\/td>\n<td class=\"tdemail\"><a href=\"mailto:matheusmaia@uern.br\">matheusmaia@uern.br<\/a><\/td>\n<td><\/td>\n<\/tr>\n<tr valign=\"middle\">\n<td>Prof\u00aa. Dr\u00aa. Shirlene Santos Mafra Medeiros<\/td>\n<td class=\"tdemail\"><a href=\"mailto:shirlenemafra@uern.br\">shirlenemafra@uern.br<\/a><\/td>\n<td><a href=\"http:\/\/buscatextual.cnpq.br\/buscatextual\/visualizacv.do?id=K4759489Y3\" target=\"_blank\" rel=\"noopener\"><img decoding=\"async\" title=\"Curriculum LATTES\" src=\"https:\/\/www.uern.br\/img\/icones_lattes.png\" width=\"30\" height=\"30\" \/><\/a><\/td>\n<\/tr>\n<\/tbody>\n<\/table>\n<h6><a name=\"CAC\"><\/a>:: Departamento de Enfermagem<\/h6>\n<table class=\"table table-striped \" border=\"0\" summary=\"Corpo Docente\" cellspacing=\"0\" cellpadding=\"0\">\n<tbody>\n<tr valign=\"middle\">\n<td>Prof\u00aa. Ma. Ana L\u00facia Medeiros de Sousa<\/td>\n<td class=\"tdemail\"><a href=\"mailto:anafranca@uern.br\">anafranca@uern.br<\/a><\/td>\n<td><a href=\"http:\/\/buscatextual.cnpq.br\/buscatextual\/visualizacv.do?id=K4221392E0\" target=\"_blank\" rel=\"noopener\"><img decoding=\"async\" title=\"Curriculum LATTES\" src=\"https:\/\/www.uern.br\/img\/icones_lattes.png\" width=\"30\" height=\"30\" \/><\/a><\/td>\n<\/tr>\n<tr valign=\"middle\">\n<td>Prof\u00aa. Dr\u00aa. Ant\u00f4nia L\u00edria Feitosa Nogueira Alvino<\/td>\n<td class=\"tdemail\"><a href=\"mailto:liriaalvino@uern.br\">liriaalvino@uern.br<\/a><\/td>\n<td><a href=\"http:\/\/buscatextual.cnpq.br\/buscatextual\/visualizacv.do?id=K4257289P9\" target=\"_blank\" rel=\"noopener\"><img decoding=\"async\" title=\"Curriculum LATTES\" src=\"https:\/\/www.uern.br\/img\/icones_lattes.png\" width=\"30\" height=\"30\" \/><\/a><\/td>\n<\/tr>\n<tr valign=\"middle\">\n<td>Prof. Me. Cl\u00e9cio Andr\u00e9 Alves da Silva Maia<\/td>\n<td class=\"tdemail\"><a href=\"mailto:clecioandre@uern.br\">clecioandre@uern.br<\/a><\/td>\n<td><a href=\"http:\/\/buscatextual.cnpq.br\/buscatextual\/visualizacv.do?id=K4713507D8\" target=\"_blank\" rel=\"noopener\"><img decoding=\"async\" title=\"Curriculum LATTES\" src=\"https:\/\/www.uern.br\/img\/icones_lattes.png\" width=\"30\" height=\"30\" \/><\/a><\/td>\n<\/tr>\n<tr valign=\"middle\">\n<td>Prof\u00aa. Dr\u00aa. Cristyanne Samara Miranda Holanda da N\u00f3brega<\/td>\n<td class=\"tdemail\"><a href=\"mailto:cristyanneholanda@uern.br\">cristyanneholanda@uern.br<\/a><\/td>\n<td><a href=\"http:\/\/buscatextual.cnpq.br\/buscatextual\/visualizacv.do?id=K4767559J8\" target=\"_blank\" rel=\"noopener\"><img decoding=\"async\" title=\"Curriculum LATTES\" src=\"https:\/\/www.uern.br\/img\/icones_lattes.png\" width=\"30\" height=\"30\" \/><\/a><\/td>\n<\/tr>\n<tr valign=\"middle\">\n<td>Prof. Me. D\u00e1cio Michel da Cruz Souza<\/td>\n<td class=\"tdemail\"><a href=\"mailto:daciomichel@uern.br\">daciomichel@uern.br<\/a><\/td>\n<td><a href=\"http:\/\/buscatextual.cnpq.br\/buscatextual\/visualizacv.do?id=K4777684H4\" target=\"_blank\" rel=\"noopener\"><img decoding=\"async\" title=\"Curriculum LATTES\" src=\"https:\/\/www.uern.br\/img\/icones_lattes.png\" width=\"30\" height=\"30\" \/><\/a><\/td>\n<\/tr>\n<tr valign=\"middle\">\n<td>Prof. Dr. Dulcian Medeiros de Azevedo<\/td>\n<td class=\"tdemail\"><a href=\"mailto:dulcianmedeiros@uern.br\">dulcianmedeiros@uern.br<\/a><\/td>\n<td><a href=\"http:\/\/buscatextual.cnpq.br\/buscatextual\/visualizacv.do?id=K4731674U5\" target=\"_blank\" rel=\"noopener\"><img decoding=\"async\" title=\"Curriculum LATTES\" src=\"https:\/\/www.uern.br\/img\/icones_lattes.png\" width=\"30\" height=\"30\" \/><\/a><\/td>\n<\/tr>\n<tr valign=\"middle\">\n<td>Prof\u00aa. Ma. Erika Maria Fernandes de Medeiros Rocha<\/td>\n<td class=\"tdemail\"><a href=\"mailto:erikarocha@uern.br\">erikarocha@uern.br<\/a><\/td>\n<td><a href=\"http:\/\/buscatextual.cnpq.br\/buscatextual\/visualizacv.do?id=K4782070U2\" target=\"_blank\" rel=\"noopener\"><img decoding=\"async\" title=\"Curriculum LATTES\" src=\"https:\/\/www.uern.br\/img\/icones_lattes.png\" width=\"30\" height=\"30\" \/><\/a><\/td>\n<\/tr>\n<tr valign=\"middle\">\n<td>Prof. Dr. Ildone Forte de Morais<\/td>\n<td class=\"tdemail\"><a href=\"mailto:ildoneforte@uern.br\">ildoneforte@uern.br<\/a><\/td>\n<td><a href=\"http:\/\/buscatextual.cnpq.br\/buscatextual\/visualizacv.do?id=K4267969J3\" target=\"_blank\" rel=\"noopener\"><img decoding=\"async\" title=\"Curriculum LATTES\" src=\"https:\/\/www.uern.br\/img\/icones_lattes.png\" width=\"30\" height=\"30\" \/><\/a><\/td>\n<\/tr>\n<tr valign=\"middle\">\n<td>Prof\u00aa. Dr\u00aa. Izabel Calixta de Alc\u00e2ntara<\/td>\n<td class=\"tdemail\"><a href=\"mailto:izabelcalixta@uern.br\">izabelcalixta@uern.br<\/a><\/td>\n<td><a href=\"http:\/\/buscatextual.cnpq.br\/buscatextual\/visualizacv.do?id=K4728055Y4\" target=\"_blank\" rel=\"noopener\"><img decoding=\"async\" title=\"Curriculum LATTES\" src=\"https:\/\/www.uern.br\/img\/icones_lattes.png\" width=\"30\" height=\"30\" \/><\/a><\/td>\n<\/tr>\n<tr valign=\"middle\">\n<td>Prof\u00aa. Dr\u00aa. J\u00e9ssica Dantas de S\u00e1 Tinoco<\/td>\n<td class=\"tdemail\"><a href=\"mailto:jessicadantas@uern.br\">jessicadantas@uern.br<\/a><\/td>\n<td><a href=\"http:\/\/buscatextual.cnpq.br\/buscatextual\/visualizacv.do?id=K4439945P6\" target=\"_blank\" rel=\"noopener\"><img decoding=\"async\" title=\"Curriculum LATTES\" src=\"https:\/\/www.uern.br\/img\/icones_lattes.png\" width=\"30\" height=\"30\" \/><\/a><\/td>\n<\/tr>\n<tr valign=\"middle\">\n<td>Prof\u00aa. Dr\u00aa. J\u00e9ssica Naiara de Medeiros Ara\u00fajo<\/td>\n<td class=\"tdemail\"><a href=\"mailto:jessicanaiara@uern.br\">jessicanaiara@uern.br<\/a><\/td>\n<td><a href=\"http:\/\/buscatextual.cnpq.br\/buscatextual\/visualizacv.do?id=K4307859P3\" target=\"_blank\" rel=\"noopener\"><img decoding=\"async\" title=\"Curriculum LATTES\" src=\"https:\/\/www.uern.br\/img\/icones_lattes.png\" width=\"30\" height=\"30\" \/><\/a><\/td>\n<\/tr>\n<tr valign=\"middle\">\n<td>Prof\u00aa. Ma. Linda K\u00e1tia Oliveira Sales<\/td>\n<td class=\"tdemail\"><a href=\"mailto:katiaoliveira@uern.br\">katiaoliveira@uern.br<\/a><\/td>\n<td><a href=\"http:\/\/buscatextual.cnpq.br\/buscatextual\/visualizacv.do?id=K4213006P5\" target=\"_blank\" rel=\"noopener\"><img decoding=\"async\" title=\"Curriculum LATTES\" src=\"https:\/\/www.uern.br\/img\/icones_lattes.png\" width=\"30\" height=\"30\" \/><\/a><\/td>\n<\/tr>\n<tr valign=\"middle\">\n<td>Prof\u00aa. Dr\u00aa. Marcelly Santos Cossi<\/td>\n<td class=\"tdemail\"><a href=\"mailto:marcellycossi@uern.br\">marcellycossi@uern.br<\/a><\/td>\n<td><a href=\"http:\/\/buscatextual.cnpq.br\/buscatextual\/visualizacv.do?id=K4497572D8\" target=\"_blank\" rel=\"noopener\"><img decoding=\"async\" title=\"Curriculum LATTES\" src=\"https:\/\/www.uern.br\/img\/icones_lattes.png\" width=\"30\" height=\"30\" \/><\/a><\/td>\n<\/tr>\n<tr valign=\"middle\">\n<td>Prof\u00aa. Dr\u00aa. Maura Vanessa Silva Sobreira<\/td>\n<td class=\"tdemail\"><a href=\"mailto:maurasobreira@uern.br\">maurasobreira@uern.br<\/a><\/td>\n<td><a href=\"http:\/\/buscatextual.cnpq.br\/buscatextual\/visualizacv.do?id=K4584125A9\" target=\"_blank\" rel=\"noopener\"><img decoding=\"async\" title=\"Curriculum LATTES\" src=\"https:\/\/www.uern.br\/img\/icones_lattes.png\" width=\"30\" height=\"30\" \/><\/a><\/td>\n<\/tr>\n<tr valign=\"middle\">\n<td>Prof\u00aa. Ma. Raquel Mirtes Pereira da Silva<\/td>\n<td class=\"tdemail\"><a href=\"mailto:raquelmirtes@uern.br\">raquelmirtes@uern.br<\/a><\/td>\n<td><a href=\"http:\/\/buscatextual.cnpq.br\/buscatextual\/visualizacv.do?id=K4468735P8\" target=\"_blank\" rel=\"noopener\"><img decoding=\"async\" title=\"Curriculum LATTES\" src=\"https:\/\/www.uern.br\/img\/icones_lattes.png\" width=\"30\" height=\"30\" \/><\/a><\/td>\n<\/tr>\n<tr valign=\"middle\">\n<td>Prof\u00aa. Ma. Regilene Alves Portela<\/td>\n<td class=\"tdemail\"><a href=\"mailto:regileneportela@uern.br\">regileneportela@uern.br<\/a><\/td>\n<td><a href=\"http:\/\/buscatextual.cnpq.br\/buscatextual\/visualizacv.do?id=K4222418D7\" target=\"_blank\" rel=\"noopener\"><img decoding=\"async\" title=\"Curriculum LATTES\" src=\"https:\/\/www.uern.br\/img\/icones_lattes.png\" width=\"30\" height=\"30\" \/><\/a><\/td>\n<\/tr>\n<tr valign=\"middle\">\n<td>Prof\u00aa. Dr\u00aa. Roberta Kaliny de Souza Costa<\/td>\n<td class=\"tdemail\"><a href=\"mailto:robertakaliny@uern.br\">robertakaliny@uern.br<\/a><\/td>\n<td><a href=\"http:\/\/buscatextual.cnpq.br\/buscatextual\/visualizacv.do?id=K4774352P6\" target=\"_blank\" rel=\"noopener\"><img decoding=\"async\" title=\"Curriculum LATTES\" src=\"https:\/\/www.uern.br\/img\/icones_lattes.png\" width=\"30\" height=\"30\" \/><\/a><\/td>\n<\/tr>\n<tr valign=\"middle\">\n<td>Prof\u00aa. Ma. Roberta Luna da Costa Freire Russo<\/td>\n<td class=\"tdemail\"><a href=\"mailto:robertaluna@uern.br\">robertaluna@uern.br<\/a><\/td>\n<td><a href=\"http:\/\/buscatextual.cnpq.br\/buscatextual\/visualizacv.do?id=K4776553Z4\" target=\"_blank\" rel=\"noopener\"><img decoding=\"async\" title=\"Curriculum LATTES\" src=\"https:\/\/www.uern.br\/img\/icones_lattes.png\" width=\"30\" height=\"30\" \/><\/a><\/td>\n<\/tr>\n<tr valign=\"middle\">\n<td>Prof\u00aa. Dr\u00aa. Rosangela Diniz Cavalcante<\/td>\n<td class=\"tdemail\"><a href=\"mailto:rosangeladiniz@uern.br\">rosangeladiniz@uern.br<\/a><\/td>\n<td><a href=\"http:\/\/buscatextual.cnpq.br\/buscatextual\/visualizacv.do?id=K4254793U4\" target=\"_blank\" rel=\"noopener\"><img decoding=\"async\" title=\"Curriculum LATTES\" src=\"https:\/\/www.uern.br\/img\/icones_lattes.png\" width=\"30\" height=\"30\" \/><\/a><\/td>\n<\/tr>\n<tr valign=\"middle\">\n<td>Prof\u00aa. Ma. Silvana Gomes da Silva Nascimento<\/td>\n<td class=\"tdemail\"><a href=\"mailto:silvanagomes@uern.br\">silvanagomes@uern.br<\/a><\/td>\n<td><a href=\"http:\/\/buscatextual.cnpq.br\/buscatextual\/visualizacv.do?id=K4420415E3\" target=\"_blank\" rel=\"noopener\"><img decoding=\"async\" title=\"Curriculum LATTES\" src=\"https:\/\/www.uern.br\/img\/icones_lattes.png\" width=\"30\" height=\"30\" \/><\/a><\/td>\n<\/tr>\n<tr valign=\"middle\">\n<td>Prof\u00aa. Esp. Thais Raquel Pires Tavares<\/td>\n<td class=\"tdemail\"><a href=\"mailto:thaispires@uern.br\">thaispires@uern.br<\/a><\/td>\n<td><\/td>\n<\/tr>\n<\/tbody>\n<\/table>\n<h6><a name=\"CAC\"><\/a>:: Departamento de Odontologia<\/h6>\n<table class=\"table table-striped \" border=\"0\" summary=\"Corpo Docente\" cellspacing=\"0\" cellpadding=\"0\">\n<tbody>\n<tr valign=\"middle\">\n<td>Prof. Dr. Alexandre Policarpo da Silva<\/td>\n<td class=\"tdemail\"><a href=\"mailto:alexandrepolicarpo@uern.br\">alexandrepolicarpo@uern.br<\/a><\/td>\n<td><a href=\"http:\/\/buscatextual.cnpq.br\/buscatextual\/visualizacv.do?id=K4245934J2\" target=\"_blank\" rel=\"noopener\"><img decoding=\"async\" title=\"Curriculum LATTES\" src=\"https:\/\/www.uern.br\/img\/icones_lattes.png\" width=\"30\" height=\"30\" \/><\/a><\/td>\n<\/tr>\n<tr valign=\"middle\">\n<td>Prof\u00aa. Dr\u00aa. Ana Clara Soares Paiva Torres<\/td>\n<td class=\"tdemail\"><a href=\"mailto:clarasoares@uern.br\">clarasoares@uern.br<\/a><\/td>\n<td><a href=\"http:\/\/buscatextual.cnpq.br\/buscatextual\/visualizacv.do?id=K4200150J6\" target=\"_blank\" rel=\"noopener\"><img decoding=\"async\" title=\"Curriculum LATTES\" src=\"https:\/\/www.uern.br\/img\/icones_lattes.png\" width=\"30\" height=\"30\" \/><\/a><\/td>\n<\/tr>\n<tr valign=\"middle\">\n<td>Prof\u00aa. Dr\u00aa. Daniela Mendes da Veiga Pessoa<\/td>\n<td class=\"tdemail\"><a href=\"mailto:danielapessoa@uern.br\">danielapessoa@uern.br<\/a><\/td>\n<td><a href=\"http:\/\/buscatextual.cnpq.br\/buscatextual\/visualizacv.do?id=K4731808T5\" target=\"_blank\" rel=\"noopener\"><img decoding=\"async\" title=\"Curriculum LATTES\" src=\"https:\/\/www.uern.br\/img\/icones_lattes.png\" width=\"30\" height=\"30\" \/><\/a><\/td>\n<\/tr>\n<tr valign=\"middle\">\n<td>Prof\u00aa. Dr\u00aa. Dayanne Monielle Duarte Moura<\/td>\n<td class=\"tdemail\"><a href=\"mailto:dayannemonielle@uern.br\">dayannemonielle@uern.br<\/a><\/td>\n<td><a href=\"http:\/\/buscatextual.cnpq.br\/buscatextual\/visualizacv.do?id=K4366440A9\" target=\"_blank\" rel=\"noopener\"><img decoding=\"async\" title=\"Curriculum LATTES\" src=\"https:\/\/www.uern.br\/img\/icones_lattes.png\" width=\"30\" height=\"30\" \/><\/a><\/td>\n<\/tr>\n<tr valign=\"middle\">\n<td>Prof. Dr. Eduardo Jos\u00e9 Guerra Seabra<\/td>\n<td class=\"tdemail\"><a href=\"mailto:eduardoseabra@uern.br\">eduardoseabra@uern.br<\/a><\/td>\n<td><a href=\"http:\/\/buscatextual.cnpq.br\/buscatextual\/visualizacv.do?id=K4794935H8\" target=\"_blank\" rel=\"noopener\"><img decoding=\"async\" title=\"Curriculum LATTES\" src=\"https:\/\/www.uern.br\/img\/icones_lattes.png\" width=\"30\" height=\"30\" \/><\/a><\/td>\n<\/tr>\n<tr valign=\"middle\">\n<td>Prof\u00aa. Dr\u00aa. Fabianna da Concei\u00e7\u00e3o Dantas de Medeiros<\/td>\n<td class=\"tdemail\"><a href=\"mailto:fabiannaconceicao@uern.br\">fabiannaconceicao@uern.br<\/a><\/td>\n<td><\/td>\n<\/tr>\n<tr valign=\"middle\">\n<td>Prof. Dr. Fernando Jos\u00e9 de Oliveira N\u00f3brega<\/td>\n<td class=\"tdemail\"><a href=\"mailto:fernandonobrega@uern.br\">fernandonobrega@uern.br<\/a><\/td>\n<td><a href=\"http:\/\/buscatextual.cnpq.br\/buscatextual\/visualizacv.do?id=K4751257U3\" target=\"_blank\" rel=\"noopener\"><img decoding=\"async\" title=\"Curriculum LATTES\" src=\"https:\/\/www.uern.br\/img\/icones_lattes.png\" width=\"30\" height=\"30\" \/><\/a><\/td>\n<\/tr>\n<tr valign=\"middle\">\n<td>Prof. Me. Gentil Homem de Ara\u00fajo Neto<\/td>\n<td class=\"tdemail\"><a href=\"mailto:gentilneto@uern.br\">gentilneto@uern.br<\/a><\/td>\n<td><a href=\"http:\/\/buscatextual.cnpq.br\/buscatextual\/visualizacv.do?id=K4742062H3\" target=\"_blank\" rel=\"noopener\"><img decoding=\"async\" title=\"Curriculum LATTES\" src=\"https:\/\/www.uern.br\/img\/icones_lattes.png\" width=\"30\" height=\"30\" \/><\/a><\/td>\n<\/tr>\n<tr valign=\"middle\">\n<td>Prof. Me. Gerdo Bezerra de Faria<\/td>\n<td class=\"tdemail\"><a href=\"mailto:bezerrafaria@uern.br\">bezerrafaria@uern.br<\/a><\/td>\n<td><a href=\"http:\/\/buscatextual.cnpq.br\/buscatextual\/visualizacv.do?id=K4265126Z7\" target=\"_blank\" rel=\"noopener\"><img decoding=\"async\" title=\"Curriculum LATTES\" src=\"https:\/\/www.uern.br\/img\/icones_lattes.png\" width=\"30\" height=\"30\" \/><\/a><\/td>\n<\/tr>\n<tr valign=\"middle\">\n<td>Prof\u00aa. Dr\u00aa. Gilmara Celli Maia de Almeida<\/td>\n<td class=\"tdemail\"><a href=\"mailto:gilmaracelli@uern.br\">gilmaracelli@uern.br<\/a><\/td>\n<td><a href=\"http:\/\/buscatextual.cnpq.br\/buscatextual\/visualizacv.do?id=K4732145P3\" target=\"_blank\" rel=\"noopener\"><img decoding=\"async\" title=\"Curriculum LATTES\" src=\"https:\/\/www.uern.br\/img\/icones_lattes.png\" width=\"30\" height=\"30\" \/><\/a><\/td>\n<\/tr>\n<tr valign=\"middle\">\n<td>Prof. Dr. Gl\u00e9cio Clemente de Ara\u00fajo Filho<\/td>\n<td class=\"tdemail\"><a href=\"mailto:gleciofilho@uern.br\">gleciofilho@uern.br<\/a><\/td>\n<td><a href=\"http:\/\/buscatextual.cnpq.br\/buscatextual\/visualizacv.do?id=K4742782T2\" target=\"_blank\" rel=\"noopener\"><img decoding=\"async\" title=\"Curriculum LATTES\" src=\"https:\/\/www.uern.br\/img\/icones_lattes.png\" width=\"30\" height=\"30\" \/><\/a><\/td>\n<\/tr>\n<tr valign=\"middle\">\n<td>Prof. Dr. Gustavo Barbalho Guedes Emiliano<\/td>\n<td class=\"tdemail\"><a href=\"mailto:gustavoemiliano@uern.br\">gustavoemiliano@uern.br<\/a><\/td>\n<td><a href=\"http:\/\/buscatextual.cnpq.br\/buscatextual\/visualizacv.do?id=K4719544Z1\" target=\"_blank\" rel=\"noopener\"><img decoding=\"async\" title=\"Curriculum LATTES\" src=\"https:\/\/www.uern.br\/img\/icones_lattes.png\" width=\"30\" height=\"30\" \/><\/a><\/td>\n<\/tr>\n<tr valign=\"middle\">\n<td>Prof. Dr. Hanieri Gustavo de Oliveira<\/td>\n<td class=\"tdemail\"><a href=\"mailto:hanierigustavo@uern.br\">hanierigustavo@uern.br<\/a><\/td>\n<td><a href=\"http:\/\/buscatextual.cnpq.br\/buscatextual\/visualizacv.do?id=K4731259P6\" target=\"_blank\" rel=\"noopener\"><img decoding=\"async\" title=\"Curriculum LATTES\" src=\"https:\/\/www.uern.br\/img\/icones_lattes.png\" width=\"30\" height=\"30\" \/><\/a><\/td>\n<\/tr>\n<tr valign=\"middle\">\n<td>Prof. Dr. Hecio Henrique Ara\u00fajo de Morais<\/td>\n<td class=\"tdemail\"><a href=\"mailto:heciohenrique@uern.br\">heciohenrique@uern.br<\/a><\/td>\n<td><a href=\"http:\/\/buscatextual.cnpq.br\/buscatextual\/visualizacv.do?id=K4259435T6\" target=\"_blank\" rel=\"noopener\"><img decoding=\"async\" title=\"Curriculum LATTES\" src=\"https:\/\/www.uern.br\/img\/icones_lattes.png\" width=\"30\" height=\"30\" \/><\/a><\/td>\n<\/tr>\n<tr valign=\"middle\">\n<td>Prof\u00aa. Dr\u00aa. Isabela Pinheiro Cavalcanti Lima<\/td>\n<td class=\"tdemail\"><a href=\"mailto:isabelapinheiro@uern.br\">isabelapinheiro@uern.br<\/a><\/td>\n<td><a href=\"http:\/\/buscatextual.cnpq.br\/buscatextual\/visualizacv.do?id=K4779295H2\" target=\"_blank\" rel=\"noopener\"><img decoding=\"async\" title=\"Curriculum LATTES\" src=\"https:\/\/www.uern.br\/img\/icones_lattes.png\" width=\"30\" height=\"30\" \/><\/a><\/td>\n<\/tr>\n<tr valign=\"middle\">\n<td>Prof\u00aa. Dr\u00aa. Jamile Marinho Bezerra de Oliveira Moura<\/td>\n<td class=\"tdemail\"><a href=\"mailto:jamilemarinho@uern.br\">jamilemarinho@uern.br<\/a><\/td>\n<td><a href=\"http:\/\/buscatextual.cnpq.br\/buscatextual\/visualizacv.do?id=K4130103H6\" target=\"_blank\" rel=\"noopener\"><img decoding=\"async\" title=\"Curriculum LATTES\" src=\"https:\/\/www.uern.br\/img\/icones_lattes.png\" width=\"30\" height=\"30\" \/><\/a><\/td>\n<\/tr>\n<tr valign=\"middle\">\n<td>Prof\u00aa. Dr\u00aa. Juliana Carvalho S\u00e1<\/td>\n<td class=\"tdemail\"><a href=\"mailto:julianasa@uern.br\">julianasa@uern.br<\/a><\/td>\n<td><a href=\"http:\/\/buscatextual.cnpq.br\/buscatextual\/visualizacv.do?id=K4702628D0\" target=\"_blank\" rel=\"noopener\"><img decoding=\"async\" title=\"Curriculum LATTES\" src=\"https:\/\/www.uern.br\/img\/icones_lattes.png\" width=\"30\" height=\"30\" \/><\/a><\/td>\n<\/tr>\n<tr valign=\"middle\">\n<td>Prof\u00aa. Dr\u00aa. Maria de Lourdes Silva de Arruda Morais<\/td>\n<td class=\"tdemail\"><a href=\"mailto:mariaarruda@uern.br\">mariaarruda@uern.br<\/a><\/td>\n<td><a href=\"http:\/\/buscatextual.cnpq.br\/buscatextual\/visualizacv.do?id=K4797921U3\" target=\"_blank\" rel=\"noopener\"><img decoding=\"async\" title=\"Curriculum LATTES\" src=\"https:\/\/www.uern.br\/img\/icones_lattes.png\" width=\"30\" height=\"30\" \/><\/a><\/td>\n<\/tr>\n<tr valign=\"middle\">\n<td>Prof\u00aa. Mariana Cabral Moreno<\/td>\n<td class=\"tdemail\"><a href=\"mailto:marianacabral@uern.br\">marianacabral@uern.br<\/a><\/td>\n<td><a href=\"http:\/\/buscatextual.cnpq.br\/buscatextual\/visualizacv.do?id=K4497886P9\" target=\"_blank\" rel=\"noopener\"><img decoding=\"async\" title=\"Curriculum LATTES\" src=\"https:\/\/www.uern.br\/img\/icones_lattes.png\" width=\"30\" height=\"30\" \/><\/a><\/td>\n<\/tr>\n<tr valign=\"middle\">\n<td>Prof. Dr. Pablo de Castro Santos<\/td>\n<td class=\"tdemail\"><a href=\"mailto:pablocastro@uern.br\">pablocastro@uern.br<\/a><\/td>\n<td><a href=\"http:\/\/buscatextual.cnpq.br\/buscatextual\/visualizacv.do?id=K4713979H8\" target=\"_blank\" rel=\"noopener\"><img decoding=\"async\" title=\"Curriculum LATTES\" src=\"https:\/\/www.uern.br\/img\/icones_lattes.png\" width=\"30\" height=\"30\" \/><\/a><\/td>\n<\/tr>\n<tr valign=\"middle\">\n<td>Prof\u00aa. Dr\u00aa. Samara Carollyne Mafra Soares<\/td>\n<td class=\"tdemail\"><a href=\"mailto:samaramafra@uern.br\">samaramafra@uern.br<\/a><\/td>\n<td><a href=\"http:\/\/buscatextual.cnpq.br\/buscatextual\/visualizacv.do?id=K4702625D7\" target=\"_blank\" rel=\"noopener\"><img decoding=\"async\" title=\"Curriculum LATTES\" src=\"https:\/\/www.uern.br\/img\/icones_lattes.png\" width=\"30\" height=\"30\" \/><\/a><\/td>\n<\/tr>\n<\/tbody>\n<\/table>\n","protected":false},"excerpt":{"rendered":"<p>:: Departamento de Filosofia Prof\u00aa. Dr\u00aa. Ana Monique Moura de Araujo anamoura@uern.br Prof. Dr. Benjamim Juli\u00e3o de G\u00f3is Filho benjamimgois@uern.br Prof. Dr. Francisco de Assis Costa da Silva franciscocosta@uern.br Prof. Dr. Galileu Galilei Medeiros de Souza galileusouza@uern.br Prof. Me. Jos\u00e9 Eudo Bezerra eudobezerra@uern.br Prof. Dr. Jos\u00e9 Francisco das Chagas Souza josefrancisco@uern.br Prof. Dr. Jos\u00e9 Teixeira [&hellip;]<\/p>\n","protected":false},"author":1,"featured_media":0,"parent":0,"menu_order":0,"comment_status":"closed","ping_status":"closed","template":"","meta":{"footnotes":""},"class_list":["post-257","page","type-page","status-publish","hentry"],"_links":{"self":[{"href":"https:\/\/portal.uern.br\/caico\/wp-json\/wp\/v2\/pages\/257","targetHints":{"allow":["GET"]}}],"collection":[{"href":"https:\/\/portal.uern.br\/caico\/wp-json\/wp\/v2\/pages"}],"about":[{"href":"https:\/\/portal.uern.br\/caico\/wp-json\/wp\/v2\/types\/page"}],"author":[{"embeddable":true,"href":"https:\/\/portal.uern.br\/caico\/wp-json\/wp\/v2\/users\/1"}],"replies":[{"embeddable":true,"href":"https:\/\/portal.uern.br\/caico\/wp-json\/wp\/v2\/comments?post=257"}],"version-history":[{"count":2,"href":"https:\/\/portal.uern.br\/caico\/wp-json\/wp\/v2\/pages\/257\/revisions"}],"predecessor-version":[{"id":1184,"href":"https:\/\/portal.uern.br\/caico\/wp-json\/wp\/v2\/pages\/257\/revisions\/1184"}],"wp:attachment":[{"href":"https:\/\/portal.uern.br\/caico\/wp-json\/wp\/v2\/media?parent=257"}],"curies":[{"name":"wp","href":"https:\/\/api.w.org\/{rel}","templated":true}]}}