{"id":748,"date":"2023-07-22T00:07:52","date_gmt":"2023-07-22T03:07:52","guid":{"rendered":"https:\/\/portal.uern.br\/caico\/odontologia\/?page_id=748"},"modified":"2023-07-22T00:07:52","modified_gmt":"2023-07-22T03:07:52","slug":"equipe","status":"publish","type":"page","link":"https:\/\/portal.uern.br\/caico\/odontologia\/equipe\/","title":{"rendered":"Equipe"},"content":{"rendered":"<p><strong>Secret\u00e1rio do Curso<\/strong><\/p>\n<p>Herbson de Assis Castro<\/p>\n<p><strong>T\u00e9cnico de N\u00edvel M\u00e9dio<\/strong><\/p>\n<p>Suzana de Medeiros Silva e Ara\u00fajo<\/p>\n<p><strong>Cl\u00ednicas Odontol\u00f3gicas<\/strong><\/p>\n<p>Diego Ara\u00fajo<br \/>\nGe\u00f3rgia Souza<br \/>\nMicarla Emanoella<br \/>\nFrancil\u00fazia Ara\u00fajo<\/p>\n","protected":false},"excerpt":{"rendered":"<p>Secret\u00e1rio do Curso Herbson de Assis Castro T\u00e9cnico de N\u00edvel M\u00e9dio Suzana de Medeiros Silva e Ara\u00fajo Cl\u00ednicas Odontol\u00f3gicas Diego Ara\u00fajo Ge\u00f3rgia Souza Micarla Emanoella Francil\u00fazia Ara\u00fajo<\/p>\n","protected":false},"author":1,"featured_media":0,"parent":0,"menu_order":0,"comment_status":"closed","ping_status":"closed","template":"","meta":{"footnotes":""},"class_list":["post-748","page","type-page","status-publish","hentry"],"_links":{"self":[{"href":"https:\/\/portal.uern.br\/caico\/odontologia\/wp-json\/wp\/v2\/pages\/748","targetHints":{"allow":["GET"]}}],"collection":[{"href":"https:\/\/portal.uern.br\/caico\/odontologia\/wp-json\/wp\/v2\/pages"}],"about":[{"href":"https:\/\/portal.uern.br\/caico\/odontologia\/wp-json\/wp\/v2\/types\/page"}],"author":[{"embeddable":true,"href":"https:\/\/portal.uern.br\/caico\/odontologia\/wp-json\/wp\/v2\/users\/1"}],"replies":[{"embeddable":true,"href":"https:\/\/portal.uern.br\/caico\/odontologia\/wp-json\/wp\/v2\/comments?post=748"}],"version-history":[{"count":1,"href":"https:\/\/portal.uern.br\/caico\/odontologia\/wp-json\/wp\/v2\/pages\/748\/revisions"}],"predecessor-version":[{"id":749,"href":"https:\/\/portal.uern.br\/caico\/odontologia\/wp-json\/wp\/v2\/pages\/748\/revisions\/749"}],"wp:attachment":[{"href":"https:\/\/portal.uern.br\/caico\/odontologia\/wp-json\/wp\/v2\/media?parent=748"}],"curies":[{"name":"wp","href":"https:\/\/api.w.org\/{rel}","templated":true}]}}