{"id":1362,"date":"2024-11-30T19:39:49","date_gmt":"2024-11-30T22:39:49","guid":{"rendered":"https:\/\/portal.uern.br\/caico\/den\/?page_id=1362"},"modified":"2024-12-01T16:25:09","modified_gmt":"2024-12-01T19:25:09","slug":"nucleo-docente-estruturante-nde","status":"publish","type":"page","link":"https:\/\/portal.uern.br\/caico\/den\/nucleo-docente-estruturante-nde\/","title":{"rendered":"N\u00facleo Docente Estruturante \u2013 NDE"},"content":{"rendered":"<p>&nbsp;<\/p>\n<p>O N\u00facleo Docente Estruturante \u2013 NDE \u00e9 uma comiss\u00e3o permanente, de <span class=\"fontstyle0\">\u00a0car\u00e1ter propositivo, consultivo e executivo, dos cursos de gradua\u00e7\u00e3o, vinculado aos Departamentos Acad\u00eamicos, que se ocupa da concep\u00e7\u00e3o do curso e de sua consolida\u00e7\u00e3o, desenvolvendo suas atividades de modo articulado com as entidades representativas e deliberativas de professores e alunos da UERN, considerando as demandas sociais loco-regionais, as diretrizes curriculares nacionais e a miss\u00e3o da Universidade.<\/span><\/p>\n<p style=\"text-align: right\"><span class=\"fontstyle0\"><em>Resolu\u00e7\u00e3o N.\u00ba 59\/2013 &#8211; CONSEPE<\/em><\/span><\/p>\n<p style=\"text-align: left\"><span class=\"fontstyle0\"><a href=\"https:\/\/drive.google.com\/file\/d\/16khAeeJPfZfu5qsZu3baAzVileCV6b7h\/view?usp=sharing\" target=\"_blank\" rel=\"noopener\"><em><strong>Ver Portaria Atual\u00a0<\/strong><\/em><\/a><\/span><\/p>\n<p>&nbsp;<\/p>\n","protected":false},"excerpt":{"rendered":"<p>&nbsp; O N\u00facleo Docente Estruturante \u2013 NDE \u00e9 uma comiss\u00e3o permanente, de \u00a0car\u00e1ter propositivo, consultivo e executivo, dos cursos de gradua\u00e7\u00e3o, vinculado aos Departamentos Acad\u00eamicos, que se ocupa da concep\u00e7\u00e3o do curso e de sua consolida\u00e7\u00e3o, desenvolvendo suas atividades de modo articulado com as entidades representativas e deliberativas de professores e alunos da UERN, considerando [&hellip;]<\/p>\n","protected":false},"author":6,"featured_media":0,"parent":0,"menu_order":0,"comment_status":"closed","ping_status":"closed","template":"","meta":{"footnotes":""},"class_list":["post-1362","page","type-page","status-publish","hentry"],"_links":{"self":[{"href":"https:\/\/portal.uern.br\/caico\/den\/wp-json\/wp\/v2\/pages\/1362","targetHints":{"allow":["GET"]}}],"collection":[{"href":"https:\/\/portal.uern.br\/caico\/den\/wp-json\/wp\/v2\/pages"}],"about":[{"href":"https:\/\/portal.uern.br\/caico\/den\/wp-json\/wp\/v2\/types\/page"}],"author":[{"embeddable":true,"href":"https:\/\/portal.uern.br\/caico\/den\/wp-json\/wp\/v2\/users\/6"}],"replies":[{"embeddable":true,"href":"https:\/\/portal.uern.br\/caico\/den\/wp-json\/wp\/v2\/comments?post=1362"}],"version-history":[{"count":6,"href":"https:\/\/portal.uern.br\/caico\/den\/wp-json\/wp\/v2\/pages\/1362\/revisions"}],"predecessor-version":[{"id":1416,"href":"https:\/\/portal.uern.br\/caico\/den\/wp-json\/wp\/v2\/pages\/1362\/revisions\/1416"}],"wp:attachment":[{"href":"https:\/\/portal.uern.br\/caico\/den\/wp-json\/wp\/v2\/media?parent=1362"}],"curies":[{"name":"wp","href":"https:\/\/api.w.org\/{rel}","templated":true}]}}