{"id":1201,"date":"2025-06-27T03:16:55","date_gmt":"2025-06-27T06:16:55","guid":{"rendered":"https:\/\/portal.uern.br\/assu\/?page_id=1201"},"modified":"2026-02-10T14:18:54","modified_gmt":"2026-02-10T17:18:54","slug":"contato","status":"publish","type":"page","link":"https:\/\/portal.uern.br\/assu\/contato\/","title":{"rendered":"Contato"},"content":{"rendered":"<h2 class=\"Texto_Justificado\" dir=\"ltr\" role=\"presentation\">Canais de atendimento<\/h2>\n<p>E-mail: assu@uern.br<\/p>\n<p>WhatsApp: 3315-2232<\/p>\n<p>Endere\u00e7o: Campus Avan\u00e7ado de Assu &#8211; Rua Sinhazinha Wanderley, 871 &#8211; Centro, Ass\u00fa &#8211; RN, 59650-000.<\/p>\n<p class=\"Texto_Justificado\" dir=\"ltr\" role=\"presentation\">Hor\u00e1rio de funcionamento: segunda \u00e0 sexta das 07h \u00e0s 13h e das 16h \u00e0s 22h <em>(atualizado em fevereiro de 2026)<\/em>.<\/p>\n","protected":false},"excerpt":{"rendered":"<p>Canais de atendimento E-mail: assu@uern.br WhatsApp: 3315-2232 Endere\u00e7o: Campus Avan\u00e7ado de Assu &#8211; Rua Sinhazinha Wanderley, 871 &#8211; Centro, Ass\u00fa &#8211; RN, 59650-000. Hor\u00e1rio de funcionamento: segunda \u00e0 sexta das 07h \u00e0s 13h e das 16h \u00e0s 22h (atualizado em fevereiro de 2026).<\/p>\n","protected":false},"author":12,"featured_media":0,"parent":0,"menu_order":0,"comment_status":"closed","ping_status":"closed","template":"","meta":{"footnotes":""},"class_list":["post-1201","page","type-page","status-publish","hentry"],"_links":{"self":[{"href":"https:\/\/portal.uern.br\/assu\/wp-json\/wp\/v2\/pages\/1201","targetHints":{"allow":["GET"]}}],"collection":[{"href":"https:\/\/portal.uern.br\/assu\/wp-json\/wp\/v2\/pages"}],"about":[{"href":"https:\/\/portal.uern.br\/assu\/wp-json\/wp\/v2\/types\/page"}],"author":[{"embeddable":true,"href":"https:\/\/portal.uern.br\/assu\/wp-json\/wp\/v2\/users\/12"}],"replies":[{"embeddable":true,"href":"https:\/\/portal.uern.br\/assu\/wp-json\/wp\/v2\/comments?post=1201"}],"version-history":[{"count":8,"href":"https:\/\/portal.uern.br\/assu\/wp-json\/wp\/v2\/pages\/1201\/revisions"}],"predecessor-version":[{"id":1239,"href":"https:\/\/portal.uern.br\/assu\/wp-json\/wp\/v2\/pages\/1201\/revisions\/1239"}],"wp:attachment":[{"href":"https:\/\/portal.uern.br\/assu\/wp-json\/wp\/v2\/media?parent=1201"}],"curies":[{"name":"wp","href":"https:\/\/api.w.org\/{rel}","templated":true}]}}