{"id":766,"date":"2023-08-02T16:33:26","date_gmt":"2023-08-02T19:33:26","guid":{"rendered":"https:\/\/portal.uern.br\/assu\/pedagogia\/?page_id=766"},"modified":"2023-08-02T19:16:54","modified_gmt":"2023-08-02T22:16:54","slug":"requerimentos","status":"publish","type":"page","link":"https:\/\/portal.uern.br\/assu\/pedagogia\/requerimentos\/","title":{"rendered":"Requerimentos"},"content":{"rendered":"<ul>\n<li><a href=\"https:\/\/docs.google.com\/document\/d\/1grokP047S7XfnkZJ9svfUbBJv8SoAQOOP7UT_JKMFY0\/edit?usp=sharing\">Requerimento de Regime de Exerc\u00edcio Domiciliar<\/a><\/li>\n<li><a href=\"https:\/\/drive.google.com\/file\/d\/1OCcvkRwg7Xw7Ptsy9RUbdWYPjLqkY01I\/view?usp=sharing\">Requerimento de Aproveitamento de Estudo Realizado na UERN (Com Aprecia\u00e7\u00e3o Departamental)<\/a><\/li>\n<li><a href=\"https:\/\/drive.google.com\/file\/d\/1IlulX0hvv8q6ko7X1cSzdVKAva5Ae0M1\/view?usp=sharing\">Requerimento de Aproveitamento de Estudo Realizado na UERN (Autom\u00e1tico)<\/a><\/li>\n<li><a href=\"https:\/\/drive.google.com\/file\/d\/1r_aQTORezhlYsKYFiqtBGi-NNSuxTKMO\/view?usp=sharing\">Requerimento de Aproveitamento de Estudos Realizado em outra IES<\/a><\/li>\n<\/ul>\n","protected":false},"excerpt":{"rendered":"<p>Requerimento de Regime de Exerc\u00edcio Domiciliar Requerimento de Aproveitamento de Estudo Realizado na UERN (Com Aprecia\u00e7\u00e3o Departamental) Requerimento de Aproveitamento de Estudo Realizado na UERN (Autom\u00e1tico) Requerimento de Aproveitamento de Estudos Realizado em outra IES<\/p>\n","protected":false},"author":5,"featured_media":0,"parent":0,"menu_order":0,"comment_status":"closed","ping_status":"closed","template":"","meta":{"footnotes":""},"class_list":["post-766","page","type-page","status-publish","hentry"],"_links":{"self":[{"href":"https:\/\/portal.uern.br\/assu\/pedagogia\/wp-json\/wp\/v2\/pages\/766","targetHints":{"allow":["GET"]}}],"collection":[{"href":"https:\/\/portal.uern.br\/assu\/pedagogia\/wp-json\/wp\/v2\/pages"}],"about":[{"href":"https:\/\/portal.uern.br\/assu\/pedagogia\/wp-json\/wp\/v2\/types\/page"}],"author":[{"embeddable":true,"href":"https:\/\/portal.uern.br\/assu\/pedagogia\/wp-json\/wp\/v2\/users\/5"}],"replies":[{"embeddable":true,"href":"https:\/\/portal.uern.br\/assu\/pedagogia\/wp-json\/wp\/v2\/comments?post=766"}],"version-history":[{"count":6,"href":"https:\/\/portal.uern.br\/assu\/pedagogia\/wp-json\/wp\/v2\/pages\/766\/revisions"}],"predecessor-version":[{"id":788,"href":"https:\/\/portal.uern.br\/assu\/pedagogia\/wp-json\/wp\/v2\/pages\/766\/revisions\/788"}],"wp:attachment":[{"href":"https:\/\/portal.uern.br\/assu\/pedagogia\/wp-json\/wp\/v2\/media?parent=766"}],"curies":[{"name":"wp","href":"https:\/\/api.w.org\/{rel}","templated":true}]}}

<ul>
<li><a href="https://docs.google.com/document/d/1grokP047S7XfnkZJ9svfUbBJv8SoAQOOP7UT_JKMFY0/edit?usp=sharing">Requerimento de Regime de Exercício Domiciliar</a></li>
<li><a href="https://drive.google.com/file/d/1OCcvkRwg7Xw7Ptsy9RUbdWYPjLqkY01I/view?usp=sharing">Requerimento de Aproveitamento de Estudo Realizado na UERN (Com Apreciação Departamental)</a></li>
<li><a href="https://drive.google.com/file/d/1IlulX0hvv8q6ko7X1cSzdVKAva5Ae0M1/view?usp=sharing">Requerimento de Aproveitamento de Estudo Realizado na UERN (Automático)</a></li>
<li><a href="https://drive.google.com/file/d/1r_aQTORezhlYsKYFiqtBGi-NNSuxTKMO/view?usp=sharing">Requerimento de Aproveitamento de Estudos Realizado em outra IES</a></li>
</ul>

<p>Requerimento de Regime de Exercício Domiciliar Requerimento de Aproveitamento de Estudo Realizado na UERN (Com Apreciação Departamental) Requerimento de Aproveitamento de Estudo Realizado na UERN (Automático) Requerimento de Aproveitamento de Estudos Realizado em outra IES</p>
