{"id":1179,"date":"2024-08-19T20:10:20","date_gmt":"2024-08-19T23:10:20","guid":{"rendered":"https:\/\/portal.uern.br\/assu\/pedagogia\/?page_id=1179"},"modified":"2024-08-19T20:13:50","modified_gmt":"2024-08-19T23:13:50","slug":"periodicos-online","status":"publish","type":"page","link":"https:\/\/portal.uern.br\/assu\/pedagogia\/periodicos-online\/","title":{"rendered":"Peri\u00f3dicos Online"},"content":{"rendered":"<p><a href=\"https:\/\/periodicos.ufpel.edu.br\/ojs2\/index.php\/caduc\/index\">Cadernos de Educa\u00e7\u00e3o<\/a><\/p>\n<p><a href=\"https:\/\/www.cadernosdapedagogia.ufscar.br\/index.php\/cp\/issue\/view\/39\">Cadernos da Pedagogia<\/a><\/p>\n<p><a href=\"http:\/\/www.emaberto.inep.gov.br\/ojs3\/index.php\/emaberto\/issue\/view\/503\">Em Aberto<\/a><\/p>\n<p><a href=\"https:\/\/periodicos.uem.br\/ojs\/index.php\/rbhe\/issue\/view\/1950\">Revista Brasileira de Hist\u00f3ria da Educa\u00e7\u00e3o<\/a><\/p>\n<p><a href=\"https:\/\/periodicos.uem.br\/ojs\/index.php\/ImagensEduc\/issue\/view\/2001\">Revista Imagens da Educa\u00e7\u00e3o<\/a><\/p>\n<p><a href=\"https:\/\/periodicos.ufmg.br\/index.php\/edrevista\/index\">Educa\u00e7\u00e3o em Revista<\/a><\/p>\n<p><a href=\"https:\/\/www.scielo.br\/j\/ciedu\/\">Revista Ci\u00eancia &amp; Educa\u00e7\u00e3o<\/a><\/p>\n<p><a href=\"https:\/\/seer.ufrgs.br\/educacaoerealidade\">Revista Educa\u00e7\u00e3o e Realidade<\/a><\/p>\n<p><a href=\"https:\/\/seer.ufrgs.br\/asphe\">Revista Hist\u00f3ria da Educa\u00e7\u00e3o<\/a><\/p>\n<p><a href=\"https:\/\/www.scielo.br\/j\/rbedu\/\">Revista Brasileira de Educa\u00e7\u00e3o<\/a><\/p>\n","protected":false},"excerpt":{"rendered":"<p>Cadernos de Educa\u00e7\u00e3o Cadernos da Pedagogia Em Aberto Revista Brasileira de Hist\u00f3ria da Educa\u00e7\u00e3o Revista Imagens da Educa\u00e7\u00e3o Educa\u00e7\u00e3o em Revista Revista Ci\u00eancia &amp; Educa\u00e7\u00e3o Revista Educa\u00e7\u00e3o e Realidade Revista Hist\u00f3ria da Educa\u00e7\u00e3o Revista Brasileira de Educa\u00e7\u00e3o<\/p>\n","protected":false},"author":5,"featured_media":0,"parent":0,"menu_order":0,"comment_status":"closed","ping_status":"closed","template":"","meta":{"footnotes":""},"class_list":["post-1179","page","type-page","status-publish","hentry"],"_links":{"self":[{"href":"https:\/\/portal.uern.br\/assu\/pedagogia\/wp-json\/wp\/v2\/pages\/1179","targetHints":{"allow":["GET"]}}],"collection":[{"href":"https:\/\/portal.uern.br\/assu\/pedagogia\/wp-json\/wp\/v2\/pages"}],"about":[{"href":"https:\/\/portal.uern.br\/assu\/pedagogia\/wp-json\/wp\/v2\/types\/page"}],"author":[{"embeddable":true,"href":"https:\/\/portal.uern.br\/assu\/pedagogia\/wp-json\/wp\/v2\/users\/5"}],"replies":[{"embeddable":true,"href":"https:\/\/portal.uern.br\/assu\/pedagogia\/wp-json\/wp\/v2\/comments?post=1179"}],"version-history":[{"count":2,"href":"https:\/\/portal.uern.br\/assu\/pedagogia\/wp-json\/wp\/v2\/pages\/1179\/revisions"}],"predecessor-version":[{"id":1182,"href":"https:\/\/portal.uern.br\/assu\/pedagogia\/wp-json\/wp\/v2\/pages\/1179\/revisions\/1182"}],"wp:attachment":[{"href":"https:\/\/portal.uern.br\/assu\/pedagogia\/wp-json\/wp\/v2\/media?parent=1179"}],"curies":[{"name":"wp","href":"https:\/\/api.w.org\/{rel}","templated":true}]}}