{"id":819,"date":"2024-01-23T10:36:14","date_gmt":"2024-01-23T13:36:14","guid":{"rendered":"https:\/\/portal.uern.br\/assu\/dle\/?page_id=819"},"modified":"2025-09-29T16:27:00","modified_gmt":"2025-09-29T19:27:00","slug":"ensino","status":"publish","type":"page","link":"https:\/\/portal.uern.br\/assu\/dle\/ensino\/","title":{"rendered":"Ensino"},"content":{"rendered":"<p>A Organiza\u00e7\u00e3o Curricular do Curso de Letras &#8211; L\u00edngua Inglesa do Campus Avan\u00e7ado de A\u00e7u (CAA) se fundamenta com o que estabelece a Resolu\u00e7\u00e3o CNE\/CP n\u00ba 2 de 20 de dezembro de 2019, que institui as Diretrizes Curriculares Nacionais para a forma\u00e7\u00e3o inicial em n\u00edvel superior e para a forma\u00e7\u00e3o continuada, e com fulcro na Resolu\u00e7\u00e3o n\u00ba 26\/2017 \u2013 CONSEPE (UERN, 2017), que aprova o Regulamento dos Cursos de Gradua\u00e7\u00e3o da UERN.<\/p>\n<p>Assim como a cont\u00ednua e profunda articula\u00e7\u00e3o da teoria com a pr\u00e1tica e com a valoriza\u00e7\u00e3o de experi\u00eancias e viv\u00eancias sociais e cient\u00edficas dos discentes em situa\u00e7\u00f5es reais, esta proposta curricular considera, fundamentalmente, o princ\u00edpio da adequa\u00e7\u00e3o aos objetivos do Curso, adaptando-se \u00e0 realidade local e \u00e0s necessidades sociais, de modo que a organiza\u00e7\u00e3o curricular do Curso n\u00e3o pode orientar-se apenas por uma estrutura fixa, disciplinar. Portanto, deve orientar-se por uma concep\u00e7\u00e3o de forma\u00e7\u00e3o docente que prev\u00ea a permanente intermedia\u00e7\u00e3o com a realidade, devendo ser configurada a partir de uma relativa liberdade e flexibilidade, de modo a acompanhar as transforma\u00e7\u00f5es que ocorrem no mundo cient\u00edfico e social.<\/p>\n<p>Em conson\u00e2ncia com a Resolu\u00e7\u00e3o CNE\/CP n\u00ba 2 de 20 de dezembro de 2019, do Conselho Nacional de Educa\u00e7\u00e3o, que Define as Diretrizes Curriculares Nacionais para a forma\u00e7\u00e3o inicial em n\u00edvel superior e para a forma\u00e7\u00e3o continuada e, ainda, em conson\u00e2ncia com o Projeto Pedag\u00f3gico Institucional (PPI), contido no Plano de Desenvolvimento Institucional (PDI) da UERN, a organiza\u00e7\u00e3o curricular do Curso de Letras \u2013 L\u00edngua Inglesa foi concebida tendo como elemento norteador o objetivo de atuar na educa\u00e7\u00e3o b\u00e1sica e superior.<\/p>\n<p>O Curso de Letras L\u00edngua Inglesa estabelece Matriz Curricular que prioriza o princ\u00edpio teoria e pr\u00e1tica, de modo a contribuir na forma\u00e7\u00e3o de professores interculturalmente competentes para o ensino de l\u00edngua inglesa e respectivas literaturas, capazes de lidar, de forma cr\u00edtica, com as habilidades lingu\u00edsticas, a fim de atuarem na Educa\u00e7\u00e3o B\u00e1sica e na Educa\u00e7\u00e3o Superior.<\/p>\n<p>De acordo com o Artigo 47 do RCG, A Matriz Curricular deve ser organizada tendo por base a constitui\u00e7\u00e3o dos componentes curriculares para a forma\u00e7\u00e3o dos estudantes. Neste sentido, a Matriz Curricular do Curso de Letras L\u00edngua Inglesa compreende um quadro de 38 (trinta e oito) componentes curriculares de car\u00e1ter obrigat\u00f3rio, 03 (tr\u00eas) componentes curriculares de car\u00e1ter optativo, 04 (quatro) componentes de Unidade Curricular de Extens\u00e3o (UCE), 03 (tr\u00eas) componentes de est\u00e1gio supervisionado e 02 (dois) componentes de Trabalho de Conclus\u00e3o de Curso (TCC), totalizando 50 (cinquenta componentes). Em conson\u00e2ncia com o que estabelece a Resolu\u00e7\u00e3o CNE\/CP n\u00ba 2 de 20 de dezembro de 2019, os referidos componentes est\u00e3o organizados em 03 (tr\u00eas) grupos, com carga total de <strong>3470<\/strong> horas.<\/p>\n<p>De acordo com a Resolu\u00e7\u00e3o CNE\/CP n\u00ba 2 de 20 de dezembro de 2019, as disciplinas do Curso de Letras &#8211; L\u00edngua Inglesa devem ser distribu\u00eddas ao longo do Curso em 03 (tr\u00eas) grupos. O Grupo I constitui os <strong>conte\u00fados da base comum<\/strong>, o Grupo II \u00e9 formado pelos <strong>conte\u00fados espec\u00edficos da \u00e1rea<\/strong> e o Grupo III \u00e9 constitu\u00eddo pelas <strong>pr\u00e1ticas pedag\u00f3gicas<\/strong>.<\/p>\n<p>O Grupo I forma a \u201cbase comum do Curso, que compreende os conhecimentos cient\u00edficos, educacionais e pedag\u00f3gicos e fundamentam a educa\u00e7\u00e3o e suas articula\u00e7\u00f5es com os sistemas, as escolas e as pr\u00e1ticas educacionais\u201d (BRASIL, 2019, p. 6). As disciplinas do Grupo I t\u00eam uma carga hor\u00e1ria de <strong>1080 (uma mil e oitenta)<\/strong> horas e tem in\u00edcio a partir do 1\u00ba ano, a partir do 1\u00ba per\u00edodo, com a integra\u00e7\u00e3o das tr\u00eas dimens\u00f5es das compet\u00eancias profissionais docentes \u2013 conhecimento, pr\u00e1tica e engajamento profissionais \u2013 como organizadoras do curr\u00edculo e dos conte\u00fados segundo as compet\u00eancias e habilidades previstas na BNCC-Educa\u00e7\u00e3o B\u00e1sica para as etapas da Educa\u00e7\u00e3o Infantil, do Ensino Fundamental e do Ensino M\u00e9dio.<\/p>\n<p>As disciplinas do Grupo I est\u00e3o em sintonia com as seguintes tem\u00e1ticas: I &#8211; curr\u00edculos e seus marcos legais: a) LDB, devendo ser destacado o art. 26-A;b) Diretrizes Curriculares Nacionais e c) BNCC: introdu\u00e7\u00e3o, fundamentos e estrutura; e d) curr\u00edculos estaduais, municipais e\/ou da escola em que trabalha (BRASIL, 2019, p. 6).<\/p>\n<p>&nbsp;<\/p>\n<p>O Grupo II constitui as disciplinas de base espec\u00edfica para a aprendizagem de conte\u00fados espec\u00edficos das \u201c\u00e1reas, componentes, unidades tem\u00e1ticas e objetos de conhecimento da BNCC, e para o dom\u00ednio pedag\u00f3gico desses conte\u00fados\u201d (BRASIL, 2019, p. 6). As disciplinas do Grupo II buscam o aprofundamento de estudos na \u00e1rea de Letras &#8211; L\u00edngua Inglesa, bem como buscam o aperfei\u00e7oamento dos conhecimentos lingu\u00edsticos e liter\u00e1rios. As disciplinas do Grupo II contabilizam um total de <strong>1.995 (Uma mil e novecentos e noventa e cinco horas). <\/strong><\/p>\n<p>As disciplinas do Grupo II que est\u00e3o em sincronia com Resolu\u00e7\u00e3o CNE\/CP n\u00ba 2, de 20 de dezembro de 2019, tratam das seguintes habilidades: (a)Profici\u00eancia em L\u00edngua Inglesa falada e escrita, leitura, produ\u00e7\u00e3o e utiliza\u00e7\u00e3o dos diferentes g\u00eaneros de textos, possibilitando a comunica\u00e7\u00e3o, considerando tanto a norma culta quanto coloquial da l\u00edngua; (b) Conhecimento pedag\u00f3gico do conte\u00fado proposto para o curso e a viv\u00eancia dos estudantes com esse conte\u00fado; (c) Utiliza\u00e7\u00e3o, aprendizagem e viv\u00eancia da linguagem digital em situa\u00e7\u00f5es de ensino e de aprendizagem; (d) Engajamento em processos investigativos de aprendizagem e ensino, atividades de media\u00e7\u00e3o e interven\u00e7\u00e3o na realidade, realiza\u00e7\u00e3o de projetos e trabalhos individuais e\/ou coletivos e ado\u00e7\u00e3o de estrat\u00e9gias que levem ao contato pr\u00e1tico com o mundo da educa\u00e7\u00e3o e da escola.<\/p>\n<p>&nbsp;<\/p>\n<p class=\"Normal1\" style=\"text-align: justify;line-height: 150%\"><span style=\"font-size: 12.0pt;line-height: 150%;font-family: 'Arial',sans-serif;background: white\">O Grupo III compreende os Componentes Curriculares de pr\u00e1tica pedag\u00f3gica, com um total de <b>1.035 (uma mil e trinta e cinco)<\/b> horas. \u00c9 formado pelos componentes curriculares Est\u00e1gio Supervisionado I, II, e III e Pr\u00e1tica do Componente Curricular (PCC) <\/span><\/p>\n<ul>\n<li>A pr\u00e1tica como componente na estrutura curricular do Curso de Letras \u2013 L\u00edngua Inglesa encontra-se estabelecida com \u00eanfase nos procedimentos de observa\u00e7\u00e3o, a\u00e7\u00e3o direta e reflex\u00e3o, visando proporcionar aos licenciandos oportunidades de atua\u00e7\u00e3o em situa\u00e7\u00f5es contextualizadas objetivando o necess\u00e1rio estreitamento da rela\u00e7\u00e3o teoria e pr\u00e1tica docente.<\/li>\n<\/ul>\n<ul>\n<li>De acordo com a Resolu\u00e7\u00e3o CNE\/CP n\u00ba 2 de 20 de dezembro de 2019, a atividade de pr\u00e1tica dos componentes curriculares devem compreender a pr\u00e1tica dos Grupos I e II.<\/li>\n<\/ul>\n<p>Em conson\u00e2ncia com o Artigo 28 da Resolu\u00e7\u00e3o n\u00ba 26\/2017 \u2013 CONSEPE\/UERN, as atividades da Pr\u00e1tica como Componente Curricular t\u00eam por objetivo o aperfei\u00e7oamento de \u201chabilidades voltadas para a atividade profissional, e devem fazer interface com as disciplinas da matriz curricular desde in\u00edcio do percurso acad\u00eamico\u201d (p. 8).<\/p>\n<p>Nessa perspectiva, foi destinada uma carga hor\u00e1ria de <strong>630 horas<\/strong> para \u00e0s atividades pr\u00e1ticas, no \u00e2mbito dos componentes curriculares, nos quais se pode promover a articula\u00e7\u00e3o entre teoria e pr\u00e1tica desde o in\u00edcio do curso (cf. item 9 \u2013 Matriz Curricular)<strong>.<\/strong><\/p>\n<p><strong>\u00a0\u00a0\u00a0\u00a0\u00a0\u00a0\u00a0\u00a0\u00a0\u00a0\u00a0 <\/strong>Essas atividades da Pr\u00e1tica como Componente Curricular s\u00e3o consideradas essenciais, uma vez que elas s\u00e3o espec\u00edficas dos cursos de licenciaturas e buscam atender as Diretrizes Curriculares Nacionais de Forma\u00e7\u00e3o de professores.<\/p>\n","protected":false},"excerpt":{"rendered":"<p>A Organiza\u00e7\u00e3o Curricular do Curso de Letras &#8211; L\u00edngua Inglesa do Campus Avan\u00e7ado de A\u00e7u (CAA) se fundamenta com o que estabelece a Resolu\u00e7\u00e3o CNE\/CP n\u00ba 2 de 20 de dezembro de 2019, que institui as Diretrizes Curriculares Nacionais para a forma\u00e7\u00e3o inicial em n\u00edvel superior e para a forma\u00e7\u00e3o continuada, e com fulcro na [&hellip;]<\/p>\n","protected":false},"author":11,"featured_media":0,"parent":0,"menu_order":0,"comment_status":"closed","ping_status":"closed","template":"","meta":{"footnotes":""},"class_list":["post-819","page","type-page","status-publish","hentry"],"_links":{"self":[{"href":"https:\/\/portal.uern.br\/assu\/dle\/wp-json\/wp\/v2\/pages\/819","targetHints":{"allow":["GET"]}}],"collection":[{"href":"https:\/\/portal.uern.br\/assu\/dle\/wp-json\/wp\/v2\/pages"}],"about":[{"href":"https:\/\/portal.uern.br\/assu\/dle\/wp-json\/wp\/v2\/types\/page"}],"author":[{"embeddable":true,"href":"https:\/\/portal.uern.br\/assu\/dle\/wp-json\/wp\/v2\/users\/11"}],"replies":[{"embeddable":true,"href":"https:\/\/portal.uern.br\/assu\/dle\/wp-json\/wp\/v2\/comments?post=819"}],"version-history":[{"count":4,"href":"https:\/\/portal.uern.br\/assu\/dle\/wp-json\/wp\/v2\/pages\/819\/revisions"}],"predecessor-version":[{"id":1007,"href":"https:\/\/portal.uern.br\/assu\/dle\/wp-json\/wp\/v2\/pages\/819\/revisions\/1007"}],"wp:attachment":[{"href":"https:\/\/portal.uern.br\/assu\/dle\/wp-json\/wp\/v2\/media?parent=819"}],"curies":[{"name":"wp","href":"https:\/\/api.w.org\/{rel}","templated":true}]}}

<p>A Organização Curricular do Curso de Letras &#8211; Língua Inglesa do Campus Avançado de Açu (CAA) se fundamenta com o que estabelece a Resolução CNE/CP nº 2 de 20 de dezembro de 2019, que institui as Diretrizes Curriculares Nacionais para a formação inicial em nível superior e para a formação continuada, e com fulcro na Resolução nº 26/2017 – CONSEPE (UERN, 2017), que aprova o Regulamento dos Cursos de Graduação da UERN.</p>
<p>Assim como a contínua e profunda articulação da teoria com a prática e com a valorização de experiências e vivências sociais e científicas dos discentes em situações reais, esta proposta curricular considera, fundamentalmente, o princípio da adequação aos objetivos do Curso, adaptando-se à realidade local e às necessidades sociais, de modo que a organização curricular do Curso não pode orientar-se apenas por uma estrutura fixa, disciplinar. Portanto, deve orientar-se por uma concepção de formação docente que prevê a permanente intermediação com a realidade, devendo ser configurada a partir de uma relativa liberdade e flexibilidade, de modo a acompanhar as transformações que ocorrem no mundo científico e social.</p>
<p>Em consonância com a Resolução CNE/CP nº 2 de 20 de dezembro de 2019, do Conselho Nacional de Educação, que Define as Diretrizes Curriculares Nacionais para a formação inicial em nível superior e para a formação continuada e, ainda, em consonância com o Projeto Pedagógico Institucional (PPI), contido no Plano de Desenvolvimento Institucional (PDI) da UERN, a organização curricular do Curso de Letras – Língua Inglesa foi concebida tendo como elemento norteador o objetivo de atuar na educação básica e superior.</p>
<p>O Curso de Letras Língua Inglesa estabelece Matriz Curricular que prioriza o princípio teoria e prática, de modo a contribuir na formação de professores interculturalmente competentes para o ensino de língua inglesa e respectivas literaturas, capazes de lidar, de forma crítica, com as habilidades linguísticas, a fim de atuarem na Educação Básica e na Educação Superior.</p>
<p>De acordo com o Artigo 47 do RCG, A Matriz Curricular deve ser organizada tendo por base a constituição dos componentes curriculares para a formação dos estudantes. Neste sentido, a Matriz Curricular do Curso de Letras Língua Inglesa compreende um quadro de 38 (trinta e oito) componentes curriculares de caráter obrigatório, 03 (três) componentes curriculares de caráter optativo, 04 (quatro) componentes de Unidade Curricular de Extensão (UCE), 03 (três) componentes de estágio supervisionado e 02 (dois) componentes de Trabalho de Conclusão de Curso (TCC), totalizando 50 (cinquenta componentes). Em consonância com o que estabelece a Resolução CNE/CP nº 2 de 20 de dezembro de 2019, os referidos componentes estão organizados em 03 (três) grupos, com carga total de <strong>3470</strong> horas.</p>
<p>De acordo com a Resolução CNE/CP nº 2 de 20 de dezembro de 2019, as disciplinas do Curso de Letras &#8211; Língua Inglesa devem ser distribuídas ao longo do Curso em 03 (três) grupos. O Grupo I constitui os <strong>conteúdos da base comum</strong>, o Grupo II é formado pelos <strong>conteúdos específicos da área</strong> e o Grupo III é constituído pelas <strong>práticas pedagógicas</strong>.</p>
<p>O Grupo I forma a “base comum do Curso, que compreende os conhecimentos científicos, educacionais e pedagógicos e fundamentam a educação e suas articulações com os sistemas, as escolas e as práticas educacionais” (BRASIL, 2019, p. 6). As disciplinas do Grupo I têm uma carga horária de <strong>1080 (uma mil e oitenta)</strong> horas e tem início a partir do 1º ano, a partir do 1º período, com a integração das três dimensões das competências profissionais docentes – conhecimento, prática e engajamento profissionais – como organizadoras do currículo e dos conteúdos segundo as competências e habilidades previstas na BNCC-Educação Básica para as etapas da Educação Infantil, do Ensino Fundamental e do Ensino Médio.</p>
<p>As disciplinas do Grupo I estão em sintonia com as seguintes temáticas: I &#8211; currículos e seus marcos legais: a) LDB, devendo ser destacado o art. 26-A;b) Diretrizes Curriculares Nacionais e c) BNCC: introdução, fundamentos e estrutura; e d) currículos estaduais, municipais e/ou da escola em que trabalha (BRASIL, 2019, p. 6).</p>
<p>&nbsp;</p>
<p>O Grupo II constitui as disciplinas de base específica para a aprendizagem de conteúdos específicos das “áreas, componentes, unidades temáticas e objetos de conhecimento da BNCC, e para o domínio pedagógico desses conteúdos” (BRASIL, 2019, p. 6). As disciplinas do Grupo II buscam o aprofundamento de estudos na área de Letras &#8211; Língua Inglesa, bem como buscam o aperfeiçoamento dos conhecimentos linguísticos e literários. As disciplinas do Grupo II contabilizam um total de <strong>1.995 (Uma mil e novecentos e noventa e cinco horas). </strong></p>
<p>As disciplinas do Grupo II que estão em sincronia com Resolução CNE/CP nº 2, de 20 de dezembro de 2019, tratam das seguintes habilidades: (a)Proficiência em Língua Inglesa falada e escrita, leitura, produção e utilização dos diferentes gêneros de textos, possibilitando a comunicação, considerando tanto a norma culta quanto coloquial da língua; (b) Conhecimento pedagógico do conteúdo proposto para o curso e a vivência dos estudantes com esse conteúdo; (c) Utilização, aprendizagem e vivência da linguagem digital em situações de ensino e de aprendizagem; (d) Engajamento em processos investigativos de aprendizagem e ensino, atividades de mediação e intervenção na realidade, realização de projetos e trabalhos individuais e/ou coletivos e adoção de estratégias que levem ao contato prático com o mundo da educação e da escola.</p>
<p>&nbsp;</p>
<p class="Normal1" style="text-align: justify;line-height: 150%"><span style="font-size: 12.0pt;line-height: 150%;font-family: 'Arial',sans-serif;background: white">O Grupo III compreende os Componentes Curriculares de prática pedagógica, com um total de <b>1.035 (uma mil e trinta e cinco)</b> horas. É formado pelos componentes curriculares Estágio Supervisionado I, II, e III e Prática do Componente Curricular (PCC) </span></p>
<ul>
<li>A prática como componente na estrutura curricular do Curso de Letras – Língua Inglesa encontra-se estabelecida com ênfase nos procedimentos de observação, ação direta e reflexão, visando proporcionar aos licenciandos oportunidades de atuação em situações contextualizadas objetivando o necessário estreitamento da relação teoria e prática docente.</li>
</ul>
<ul>
<li>De acordo com a Resolução CNE/CP nº 2 de 20 de dezembro de 2019, a atividade de prática dos componentes curriculares devem compreender a prática dos Grupos I e II.</li>
</ul>
<p>Em consonância com o Artigo 28 da Resolução nº 26/2017 – CONSEPE/UERN, as atividades da Prática como Componente Curricular têm por objetivo o aperfeiçoamento de “habilidades voltadas para a atividade profissional, e devem fazer interface com as disciplinas da matriz curricular desde início do percurso acadêmico” (p. 8).</p>
<p>Nessa perspectiva, foi destinada uma carga horária de <strong>630 horas</strong> para às atividades práticas, no âmbito dos componentes curriculares, nos quais se pode promover a articulação entre teoria e prática desde o início do curso (cf. item 9 – Matriz Curricular)<strong>.</strong></p>
<p><strong>            </strong>Essas atividades da Prática como Componente Curricular são consideradas essenciais, uma vez que elas são específicas dos cursos de licenciaturas e buscam atender as Diretrizes Curriculares Nacionais de Formação de professores.</p>

<p>A Organização Curricular do Curso de Letras &#8211; Língua Inglesa do Campus Avançado de Açu (CAA) se fundamenta com o que estabelece a Resolução CNE/CP nº 2 de 20 de dezembro de 2019, que institui as Diretrizes Curriculares Nacionais para a formação inicial em nível superior e para a formação continuada, e com fulcro na [&hellip;]</p>
