{"id":794,"date":"2023-11-17T09:54:06","date_gmt":"2023-11-17T12:54:06","guid":{"rendered":"https:\/\/portal.uern.br\/assu\/dle\/?page_id=794"},"modified":"2025-10-31T13:10:17","modified_gmt":"2025-10-31T16:10:17","slug":"corpo-tecnico-administrativo","status":"publish","type":"page","link":"https:\/\/portal.uern.br\/assu\/dle\/corpo-tecnico-administrativo\/","title":{"rendered":"Corpo T\u00e9cnico Administrativo"},"content":{"rendered":"<table style=\"border-collapse: collapse;width: 100%;height: 72px\">\n<tbody>\n<tr style=\"height: 24px\">\n<td style=\"width: 33.3333%;text-align: center;height: 24px\"><strong>NOME<\/strong><\/td>\n<td style=\"width: 38.8038%;text-align: center;height: 24px\"><strong>CARGO<\/strong><\/td>\n<td style=\"width: 18.7032%;text-align: center;height: 24px\"><strong>CONTATO<\/strong><\/td>\n<\/tr>\n<tr style=\"height: 24px\">\n<td style=\"width: 33.3333%;height: 24px;text-align: center\">Othon Daniel Oliveira da Silva<\/td>\n<td style=\"width: 38.8038%;height: 24px\">T\u00e9cnico de N\u00edvel M\u00e9dio &#8211; Auxiliar Administrativo<\/td>\n<td style=\"width: 18.7032%;height: 24px;text-align: center\">\u00a0othondaniel@uern.br<\/td>\n<\/tr>\n<tr style=\"height: 24px\">\n<td style=\"width: 33.3333%;height: 24px;text-align: center\"><\/td>\n<td style=\"width: 38.8038%;height: 24px;text-align: center\"><\/td>\n<td style=\"width: 18.7032%;height: 24px;text-align: center\"><\/td>\n<\/tr>\n<\/tbody>\n<\/table>\n","protected":false},"excerpt":{"rendered":"<p>NOME CARGO CONTATO Othon Daniel Oliveira da Silva T\u00e9cnico de N\u00edvel M\u00e9dio &#8211; Auxiliar Administrativo \u00a0othondaniel@uern.br<\/p>\n","protected":false},"author":11,"featured_media":0,"parent":0,"menu_order":0,"comment_status":"closed","ping_status":"closed","template":"","meta":{"footnotes":""},"class_list":["post-794","page","type-page","status-publish","hentry"],"_links":{"self":[{"href":"https:\/\/portal.uern.br\/assu\/dle\/wp-json\/wp\/v2\/pages\/794","targetHints":{"allow":["GET"]}}],"collection":[{"href":"https:\/\/portal.uern.br\/assu\/dle\/wp-json\/wp\/v2\/pages"}],"about":[{"href":"https:\/\/portal.uern.br\/assu\/dle\/wp-json\/wp\/v2\/types\/page"}],"author":[{"embeddable":true,"href":"https:\/\/portal.uern.br\/assu\/dle\/wp-json\/wp\/v2\/users\/11"}],"replies":[{"embeddable":true,"href":"https:\/\/portal.uern.br\/assu\/dle\/wp-json\/wp\/v2\/comments?post=794"}],"version-history":[{"count":9,"href":"https:\/\/portal.uern.br\/assu\/dle\/wp-json\/wp\/v2\/pages\/794\/revisions"}],"predecessor-version":[{"id":1010,"href":"https:\/\/portal.uern.br\/assu\/dle\/wp-json\/wp\/v2\/pages\/794\/revisions\/1010"}],"wp:attachment":[{"href":"https:\/\/portal.uern.br\/assu\/dle\/wp-json\/wp\/v2\/media?parent=794"}],"curies":[{"name":"wp","href":"https:\/\/api.w.org\/{rel}","templated":true}]}}