{"id":1036,"date":"2026-03-31T20:21:03","date_gmt":"2026-03-31T23:21:03","guid":{"rendered":"https:\/\/portal.uern.br\/assu\/dle\/?page_id=1036"},"modified":"2026-03-31T20:36:28","modified_gmt":"2026-03-31T23:36:28","slug":"normas-de-tcc-uern","status":"publish","type":"page","link":"https:\/\/portal.uern.br\/assu\/dle\/normas-de-tcc-uern\/","title":{"rendered":"Normas de TCC UERN"},"content":{"rendered":"<p><strong>ALUNO<\/strong><\/p>\n<ol style=\"list-style-type: lower-alpha\">\n<li>O aluno entregar\u00e1 o arquivo de seu TCC em formato<strong> .PDF<\/strong> (n\u00e3o ser\u00e3o aceitos outros formatos) ao departamento referente ao seu curso;<\/li>\n<li>O arquivo deve conter;\n<ol>\n<li>O TCC finalizado e normalizado de acordo com as orienta\u00e7\u00f5es estabelecidas nas Normas Brasileiras (NBRs) vigentes da Associa\u00e7\u00e3o Brasileira de Normas T\u00e9cnicas (ABNT). [Veja mais em: <a href=\"https:\/\/portal.uern.br\/dsib\/manual-de-trabalhos-academicos\/\" target=\"_blank\" rel=\"noopener\">https:\/\/portal.uern.br\/dsib\/manual-de-trabalhos-academicos\/<\/a>]<\/li>\n<li>A Digitaliza\u00e7\u00e3o da folha de avalia\u00e7\u00e3o\/aprova\u00e7\u00e3o assinada pela banca examinadora.<\/li>\n<li>A Digitaliza\u00e7\u00e3o do Termo de Autoriza\u00e7\u00e3o devidamente preenchido e assinado, para disponibiliza\u00e7\u00e3o eletr\u00f4nica de seu trabalho acad\u00eamico para ser inserido no sistema de Bibliotecas da UERN.<\/li>\n<\/ol>\n<\/li>\n<li>O arquivo do TCC em .PDF n\u00e3o dever\u00e1 ultrapassar 30mb (megabytes).<\/li>\n<\/ol>\n<p>&nbsp;<\/p>\n<p><a href=\"https:\/\/portal.uern.br\/dsib\/wp-content\/uploads\/sites\/2\/2023\/04\/57395739modalidade_de_entrega_de_tccs_ao_sistema_de_bibliotecas_da_uern_atualizado2.pdf\" target=\"_blank\" rel=\"noopener\"><img decoding=\"async\" class=\"\" src=\"https:\/\/portal.uern.br\/dsib\/wp-content\/uploads\/sites\/2\/2023\/04\/5739botao1.png\" width=\"190\" height=\"191\" \/> <\/a><a href=\"https:\/\/portal.uern.br\/dsib\/wp-content\/uploads\/sites\/2\/2026\/01\/TERMO-DE-AUTORIZACAO-2025-1.pdf\" target=\"_blank\" rel=\"noopener\"><img decoding=\"async\" class=\"\" src=\"https:\/\/portal.uern.br\/dsib\/wp-content\/uploads\/sites\/2\/2023\/04\/5739botao2.png\" width=\"188\" height=\"189\" \/><\/a><a href=\"https:\/\/portal.uern.br\/dsib\/wp-content\/uploads\/sites\/2\/2023\/04\/5739folha_de_aprovaa%C2%A7ao.pdf\" target=\"_blank\" rel=\"noopener\"><img decoding=\"async\" class=\"\" src=\"https:\/\/portal.uern.br\/dsib\/wp-content\/uploads\/sites\/2\/2023\/04\/5739botao4-300x300.png\" width=\"188\" height=\"188\" \/><\/a><\/p>\n<p>&nbsp;<\/p>\n<p>O aluno poder\u00e1 enviar os arquivos para o e-mail: <strong>dle_assu@uern.br<\/strong><\/p>\n","protected":false},"excerpt":{"rendered":"<p>ALUNO O aluno entregar\u00e1 o arquivo de seu TCC em formato .PDF (n\u00e3o ser\u00e3o aceitos outros formatos) ao departamento referente ao seu curso; O arquivo deve conter; O TCC finalizado e normalizado de acordo com as orienta\u00e7\u00f5es estabelecidas nas Normas Brasileiras (NBRs) vigentes da Associa\u00e7\u00e3o Brasileira de Normas T\u00e9cnicas (ABNT). [Veja mais em: https:\/\/portal.uern.br\/dsib\/manual-de-trabalhos-academicos\/] A [&hellip;]<\/p>\n","protected":false},"author":16,"featured_media":0,"parent":0,"menu_order":0,"comment_status":"closed","ping_status":"closed","template":"","meta":{"footnotes":""},"class_list":["post-1036","page","type-page","status-publish","hentry"],"_links":{"self":[{"href":"https:\/\/portal.uern.br\/assu\/dle\/wp-json\/wp\/v2\/pages\/1036","targetHints":{"allow":["GET"]}}],"collection":[{"href":"https:\/\/portal.uern.br\/assu\/dle\/wp-json\/wp\/v2\/pages"}],"about":[{"href":"https:\/\/portal.uern.br\/assu\/dle\/wp-json\/wp\/v2\/types\/page"}],"author":[{"embeddable":true,"href":"https:\/\/portal.uern.br\/assu\/dle\/wp-json\/wp\/v2\/users\/16"}],"replies":[{"embeddable":true,"href":"https:\/\/portal.uern.br\/assu\/dle\/wp-json\/wp\/v2\/comments?post=1036"}],"version-history":[{"count":5,"href":"https:\/\/portal.uern.br\/assu\/dle\/wp-json\/wp\/v2\/pages\/1036\/revisions"}],"predecessor-version":[{"id":1042,"href":"https:\/\/portal.uern.br\/assu\/dle\/wp-json\/wp\/v2\/pages\/1036\/revisions\/1042"}],"wp:attachment":[{"href":"https:\/\/portal.uern.br\/assu\/dle\/wp-json\/wp\/v2\/media?parent=1036"}],"curies":[{"name":"wp","href":"https:\/\/api.w.org\/{rel}","templated":true}]}}