{"id":715,"date":"2023-07-26T11:44:50","date_gmt":"2023-07-26T14:44:50","guid":{"rendered":"https:\/\/portal.uern.br\/assu\/dge\/?page_id=715"},"modified":"2023-10-25T10:44:59","modified_gmt":"2023-10-25T13:44:59","slug":"contatos","status":"publish","type":"page","link":"https:\/\/portal.uern.br\/assu\/dge\/contatos\/","title":{"rendered":"Contatos"},"content":{"rendered":"<ul>\n<li>\n<h5>Departamento de Geografia CAA (DGE\/CAA)<\/h5>\n<\/li>\n<\/ul>\n<p>Hor\u00e1rio de Funcionamento da secretaria: segunda-feira \u00e0 sexta-feira, das 07h \u00e0s 13h.<\/p>\n<p>E-mail: dge.assu@uern.br<\/p>\n<p>Rede social:\u00a0<a href=\"http:\/\/instagram.com\/geouern\" target=\"_blank\" rel=\"noopener\">@geouern<\/a><\/p>\n<ul>\n<li>\n<h5>N\u00facleo Docente Estruturante (NDE\/DGE)<\/h5>\n<\/li>\n<\/ul>\n<p>E-mail: ndegeografia.caa@uern.br<\/p>\n","protected":false},"excerpt":{"rendered":"<p>Departamento de Geografia CAA (DGE\/CAA) Hor\u00e1rio de Funcionamento da secretaria: segunda-feira \u00e0 sexta-feira, das 07h \u00e0s 13h. E-mail: dge.assu@uern.br Rede social:\u00a0@geouern N\u00facleo Docente Estruturante (NDE\/DGE) E-mail: ndegeografia.caa@uern.br<\/p>\n","protected":false},"author":7,"featured_media":0,"parent":0,"menu_order":0,"comment_status":"closed","ping_status":"closed","template":"","meta":{"footnotes":""},"class_list":["post-715","page","type-page","status-publish","hentry"],"_links":{"self":[{"href":"https:\/\/portal.uern.br\/assu\/dge\/wp-json\/wp\/v2\/pages\/715","targetHints":{"allow":["GET"]}}],"collection":[{"href":"https:\/\/portal.uern.br\/assu\/dge\/wp-json\/wp\/v2\/pages"}],"about":[{"href":"https:\/\/portal.uern.br\/assu\/dge\/wp-json\/wp\/v2\/types\/page"}],"author":[{"embeddable":true,"href":"https:\/\/portal.uern.br\/assu\/dge\/wp-json\/wp\/v2\/users\/7"}],"replies":[{"embeddable":true,"href":"https:\/\/portal.uern.br\/assu\/dge\/wp-json\/wp\/v2\/comments?post=715"}],"version-history":[{"count":7,"href":"https:\/\/portal.uern.br\/assu\/dge\/wp-json\/wp\/v2\/pages\/715\/revisions"}],"predecessor-version":[{"id":948,"href":"https:\/\/portal.uern.br\/assu\/dge\/wp-json\/wp\/v2\/pages\/715\/revisions\/948"}],"wp:attachment":[{"href":"https:\/\/portal.uern.br\/assu\/dge\/wp-json\/wp\/v2\/media?parent=715"}],"curies":[{"name":"wp","href":"https:\/\/api.w.org\/{rel}","templated":true}]}}