{"id":887,"date":"2023-11-07T17:42:08","date_gmt":"2023-11-07T20:42:08","guid":{"rendered":"https:\/\/portal.uern.br\/assu\/dec\/?page_id=887"},"modified":"2026-01-21T08:12:37","modified_gmt":"2026-01-21T11:12:37","slug":"documentos","status":"publish","type":"page","link":"https:\/\/portal.uern.br\/assu\/dec\/documentos\/","title":{"rendered":"Documentos e Servi\u00e7os"},"content":{"rendered":"<ul style=\"list-style-type: square\">\n<li><a role=\"link\" href=\"https:\/\/portal.uern.br\/proeg\/dirca\/links\/\" target=\"_blank\" rel=\"noopener\" data-raofz=\"16\">Solicita\u00e7\u00e3o de documentos e servi\u00e7os acad\u00eamico (DIRCA \u2013 PROEG \u2013 UERN)<\/a><\/li>\n<li><a href=\"https:\/\/sigaa.uern.br\/download\/regulamento_dos_cursos_de_graduacao.pdf\" target=\"_blank\" rel=\"noopener\">Regulamento Geral dos Cursos de Gradua\u00e7\u00e3o<\/a><\/li>\n<li><a href=\"https:\/\/portal.uern.br\/egressos\/acompanhamento-de-egressos\/\" target=\"_blank\" rel=\"noopener\">Acompanhamento de egressos<\/a><\/li>\n<li><a href=\"https:\/\/portal.uern.br\/estatuto-uern\/\" target=\"_blank\" rel=\"noopener\">Estatuto da UERN<\/a><\/li>\n<li><a href=\"https:\/\/portal.uern.br\/regimento-geral\/\" target=\"_blank\" rel=\"noopener\">Regimento Geral da UERN<\/a><\/li>\n<li><a href=\"https:\/\/portal.uern.br\/wp-content\/uploads\/2023\/08\/UERN_Carta-de-servicos-2023.pdf\" target=\"_blank\" rel=\"noopener\">Carta de Servi\u00e7os<\/a><\/li>\n<\/ul>\n","protected":false},"excerpt":{"rendered":"<p>Solicita\u00e7\u00e3o de documentos e servi\u00e7os acad\u00eamico (DIRCA \u2013 PROEG \u2013 UERN) Regulamento Geral dos Cursos de Gradua\u00e7\u00e3o Acompanhamento de egressos Estatuto da UERN Regimento Geral da UERN Carta de Servi\u00e7os<\/p>\n","protected":false},"author":4,"featured_media":0,"parent":0,"menu_order":0,"comment_status":"closed","ping_status":"closed","template":"","meta":{"footnotes":""},"class_list":["post-887","page","type-page","status-publish","hentry"],"_links":{"self":[{"href":"https:\/\/portal.uern.br\/assu\/dec\/wp-json\/wp\/v2\/pages\/887","targetHints":{"allow":["GET"]}}],"collection":[{"href":"https:\/\/portal.uern.br\/assu\/dec\/wp-json\/wp\/v2\/pages"}],"about":[{"href":"https:\/\/portal.uern.br\/assu\/dec\/wp-json\/wp\/v2\/types\/page"}],"author":[{"embeddable":true,"href":"https:\/\/portal.uern.br\/assu\/dec\/wp-json\/wp\/v2\/users\/4"}],"replies":[{"embeddable":true,"href":"https:\/\/portal.uern.br\/assu\/dec\/wp-json\/wp\/v2\/comments?post=887"}],"version-history":[{"count":13,"href":"https:\/\/portal.uern.br\/assu\/dec\/wp-json\/wp\/v2\/pages\/887\/revisions"}],"predecessor-version":[{"id":1139,"href":"https:\/\/portal.uern.br\/assu\/dec\/wp-json\/wp\/v2\/pages\/887\/revisions\/1139"}],"wp:attachment":[{"href":"https:\/\/portal.uern.br\/assu\/dec\/wp-json\/wp\/v2\/media?parent=887"}],"curies":[{"name":"wp","href":"https:\/\/api.w.org\/{rel}","templated":true}]}}