{"id":526,"date":"2023-03-29T08:06:29","date_gmt":"2023-03-29T11:06:29","guid":{"rendered":"https:\/\/portal.uern.br\/assu\/dec\/?page_id=526"},"modified":"2025-08-21T16:10:50","modified_gmt":"2025-08-21T19:10:50","slug":"extensao","status":"publish","type":"page","link":"https:\/\/portal.uern.br\/assu\/dec\/extensao\/","title":{"rendered":"Extens\u00e3o"},"content":{"rendered":"<p style=\"text-align: center\"><strong>Ativos<\/strong><\/p>\n<p style=\"text-align: center\"><strong>2025<\/strong><\/p>\n<ul style=\"list-style-type: square\">\n<li>Projeto Elo: Aprendendo com Empresas.\n<ul style=\"list-style-type: circle\">\n<li>Coordena\u00e7\u00e3o: Prof\u00aa. Herica Gabriela R. de Ara\u00fajo Ribeiro<\/li>\n<\/ul>\n<\/li>\n<\/ul>\n<p>&nbsp;<\/p>\n<p style=\"text-align: center\"><strong>Conclu\u00eddos<\/strong><\/p>\n<p style=\"text-align: center\"><strong>2024<\/strong><\/p>\n<ul style=\"list-style-type: square\">\n<li>Empresa Junior de Economia (Econvale): Uma Inst\u00e2ncia de Presta\u00e7\u00e3o Servi\u00e7o \u00e0s Familias, Empresas e Governos.\n<ul style=\"list-style-type: circle\">\n<li>Coordena\u00e7\u00e3o: Prof. William Gledson e Silva<\/li>\n<\/ul>\n<\/li>\n<\/ul>\n<p>&nbsp;<\/p>\n<ul style=\"list-style-type: square\">\n<li>Saber Matem\u00e1tica B\u00e1sica\n<ul style=\"list-style-type: circle\">\n<li>Coordena\u00e7\u00e3o: Prof\u00aa. Herica Gabriela R. de Ara\u00fajo Ribeiro<\/li>\n<\/ul>\n<\/li>\n<\/ul>\n<ul>\n<li style=\"list-style-type: none\"><\/li>\n<\/ul>\n<p>&nbsp;<\/p>\n<p style=\"text-align: center\"><strong>2023<\/strong><\/p>\n<ul style=\"list-style-type: square\">\n<li style=\"text-align: justify\">Empresa J\u00fanior de Economia (ECONVALE): Uma unidade de presta\u00e7\u00e3o de servi\u00e7o a empresas, fam\u00edlias e setor p\u00fablico\n<ul style=\"list-style-type: circle\">\n<li>Coordena\u00e7\u00e3o: Prof\u00aa. Herica Gabriela R. de Ara\u00fajo Ribeiro<\/li>\n<\/ul>\n<\/li>\n<\/ul>\n<p>&nbsp;<\/p>\n<ul style=\"list-style-type: square\">\n<li>Programa computacional R e suas aplica\u00e7\u00f5es: manipula\u00e7\u00e3o e visualiza\u00e7\u00e3o de dados\n<ul style=\"list-style-type: circle\">\n<li style=\"text-align: justify\">Coordena\u00e7\u00e3o: Prof. Francisco Danilo da Silva Ferreira<\/li>\n<\/ul>\n<\/li>\n<\/ul>\n","protected":false},"excerpt":{"rendered":"<p>Ativos 2025 Projeto Elo: Aprendendo com Empresas. Coordena\u00e7\u00e3o: Prof\u00aa. Herica Gabriela R. de Ara\u00fajo Ribeiro &nbsp; Conclu\u00eddos 2024 Empresa Junior de Economia (Econvale): Uma Inst\u00e2ncia de Presta\u00e7\u00e3o Servi\u00e7o \u00e0s Familias, Empresas e Governos. Coordena\u00e7\u00e3o: Prof. William Gledson e Silva &nbsp; Saber Matem\u00e1tica B\u00e1sica Coordena\u00e7\u00e3o: Prof\u00aa. Herica Gabriela R. de Ara\u00fajo Ribeiro &nbsp; 2023 Empresa J\u00fanior [&hellip;]<\/p>\n","protected":false},"author":1,"featured_media":0,"parent":0,"menu_order":0,"comment_status":"closed","ping_status":"closed","template":"","meta":{"footnotes":""},"class_list":["post-526","page","type-page","status-publish","hentry"],"_links":{"self":[{"href":"https:\/\/portal.uern.br\/assu\/dec\/wp-json\/wp\/v2\/pages\/526","targetHints":{"allow":["GET"]}}],"collection":[{"href":"https:\/\/portal.uern.br\/assu\/dec\/wp-json\/wp\/v2\/pages"}],"about":[{"href":"https:\/\/portal.uern.br\/assu\/dec\/wp-json\/wp\/v2\/types\/page"}],"author":[{"embeddable":true,"href":"https:\/\/portal.uern.br\/assu\/dec\/wp-json\/wp\/v2\/users\/1"}],"replies":[{"embeddable":true,"href":"https:\/\/portal.uern.br\/assu\/dec\/wp-json\/wp\/v2\/comments?post=526"}],"version-history":[{"count":8,"href":"https:\/\/portal.uern.br\/assu\/dec\/wp-json\/wp\/v2\/pages\/526\/revisions"}],"predecessor-version":[{"id":1122,"href":"https:\/\/portal.uern.br\/assu\/dec\/wp-json\/wp\/v2\/pages\/526\/revisions\/1122"}],"wp:attachment":[{"href":"https:\/\/portal.uern.br\/assu\/dec\/wp-json\/wp\/v2\/media?parent=526"}],"curies":[{"name":"wp","href":"https:\/\/api.w.org\/{rel}","templated":true}]}}