{"id":12,"date":"2022-10-19T14:35:06","date_gmt":"2022-10-19T17:35:06","guid":{"rendered":"https:\/\/paisdemossoro.com.br\/wordpress\/ajur\/?page_id=12"},"modified":"2022-10-19T14:35:06","modified_gmt":"2022-10-19T17:35:06","slug":"orientacoes-juridicas","status":"publish","type":"page","link":"https:\/\/portal.uern.br\/ajur\/orientacoes-juridicas\/","title":{"rendered":"Orienta\u00e7\u00f5es Jur\u00eddicas"},"content":{"rendered":"<p><strong>Pareceres Referenciais<\/strong><\/p>\n<ul>\n<li><a href=\"https:\/\/portal.uern.br\/ajur\/wp-content\/uploads\/sites\/3\/2022\/10\/Parecer-Juridico-681-2022-AJUR-Convenios-de-Concessao-de-Estagio-Curricular-Supervisionado-Nao-Obrigatorio.pdf\">Parecer Jur\u00eddico 681-2022 \u2013 AJUR \u2013 Conv\u00eanios de Concess\u00e3o de Est\u00e1gio Curricular Supervisionado N\u00e3o Obrigat\u00f3rio<\/a><\/li>\n<li><a href=\"https:\/\/portal.uern.br\/ajur\/wp-content\/uploads\/sites\/3\/2022\/10\/Parecer-Juridico-679-2022-AJUR-Editais-de-Selecao-de-Estagiarios-Internos-da-UERN-\u2013-relativo-aos-estagio-supervisionados-nao-obrigatorios.pdf\">Parecer Jur\u00eddico 679-2022 \u2013 AJUR \u2013 Editais de Sele\u00e7\u00e3o de Estagi\u00e1rios Internos da UERN \u2013 Relativo aos Est\u00e1gios Supervisionados, n\u00e3o obrigat\u00f3rios<\/a><\/li>\n<li><a href=\"https:\/\/portal.uern.br\/ajur\/wp-content\/uploads\/sites\/3\/2022\/10\/Parecer-Juridico-474-2022-AJUR-Convenios-de-Concessao-de-Estagio-Curricular-Obrigatorio.pdf\">Parecer Jur\u00eddico 474-2022 \u2013 AJUR \u2013 Conv\u00eanios de Concess\u00e3o de Est\u00e1gio Curricular Obrigat\u00f3rio<\/a><\/li>\n<\/ul>\n<p><strong>Modelos de Conv\u00eanios e Acordo<\/strong><\/p>\n","protected":false},"excerpt":{"rendered":"<p>Pareceres Referenciais Parecer Jur\u00eddico 681-2022 \u2013 AJUR \u2013 Conv\u00eanios de Concess\u00e3o de Est\u00e1gio Curricular Supervisionado N\u00e3o Obrigat\u00f3rio Parecer Jur\u00eddico 679-2022 \u2013 AJUR \u2013 Editais de Sele\u00e7\u00e3o de Estagi\u00e1rios Internos da UERN \u2013 Relativo aos Est\u00e1gios Supervisionados, n\u00e3o obrigat\u00f3rios Parecer Jur\u00eddico 474-2022 \u2013 AJUR \u2013 Conv\u00eanios de Concess\u00e3o de Est\u00e1gio Curricular Obrigat\u00f3rio Modelos de Conv\u00eanios e [&hellip;]<\/p>\n","protected":false},"author":1,"featured_media":0,"parent":0,"menu_order":0,"comment_status":"closed","ping_status":"closed","template":"","meta":[],"_links":{"self":[{"href":"https:\/\/portal.uern.br\/ajur\/wp-json\/wp\/v2\/pages\/12"}],"collection":[{"href":"https:\/\/portal.uern.br\/ajur\/wp-json\/wp\/v2\/pages"}],"about":[{"href":"https:\/\/portal.uern.br\/ajur\/wp-json\/wp\/v2\/types\/page"}],"author":[{"embeddable":true,"href":"https:\/\/portal.uern.br\/ajur\/wp-json\/wp\/v2\/users\/1"}],"replies":[{"embeddable":true,"href":"https:\/\/portal.uern.br\/ajur\/wp-json\/wp\/v2\/comments?post=12"}],"version-history":[{"count":1,"href":"https:\/\/portal.uern.br\/ajur\/wp-json\/wp\/v2\/pages\/12\/revisions"}],"predecessor-version":[{"id":16,"href":"https:\/\/portal.uern.br\/ajur\/wp-json\/wp\/v2\/pages\/12\/revisions\/16"}],"wp:attachment":[{"href":"https:\/\/portal.uern.br\/ajur\/wp-json\/wp\/v2\/media?parent=12"}],"curies":[{"name":"wp","href":"https:\/\/api.w.org\/{rel}","templated":true}]}}